{"id":17049,"date":"2023-11-01T11:58:02","date_gmt":"2023-11-01T10:58:02","guid":{"rendered":"https:\/\/baralivres.ma\/?post_type=product&#038;p=17049"},"modified":"2023-11-01T11:58:02","modified_gmt":"2023-11-01T10:58:02","slug":"365-lois","status":"publish","type":"product","link":"https:\/\/baralivres.ma\/?product=365-lois","title":{"rendered":"365 lois"},"content":{"rendered":"<p>Au fil des 25 derni\u00e8res ann\u00e9es, Robert Greene, un expert mondial en mati\u00e8re de pouvoir et de strat\u00e9gie, a explor\u00e9 les m\u00e9andres de la nature humaine pour aider les individus \u00e0 d\u00e9coder les motivations des autres, d\u00e9jouer les plans des manipulateurs, ma\u00eetriser leurs impulsions et prendre conscience de leurs forces et faiblesses. Dans son ouvrage \u00ab\u00a0365 lois du pouvoir\u00a0\u00bb, il distille une collection de r\u00e9flexions et d&rsquo;enseignements pour aider les lecteurs \u00e0 reprendre le contr\u00f4le de leur vie, \u00e0 comprendre leur environnement et \u00e0 exploiter leur potentiel.<\/p>\n<p>Robert Greene, un \u00e9crivain multidisciplinaire, passionn\u00e9 par l&rsquo;histoire, la litt\u00e9rature et la culture fran\u00e7aise, est un \u00e9rudit qui parle plusieurs langues couramment, y compris le fran\u00e7ais. Il est dipl\u00f4m\u00e9 de l&rsquo;Universit\u00e9 de Berkeley en Californie, avec une sp\u00e9cialisation en lettres classiques. L&rsquo;auteur de nombreux best-sellers, dont \u00ab\u00a0Power,\u00a0\u00bb s&rsquo;impose comme une voix incontournable dans les domaines du d\u00e9veloppement personnel et de la r\u00e9ussite professionnelle. Son livre \u00ab\u00a0Power\u00a0\u00bb a connu un grand succ\u00e8s avec plus de 120 000 exemplaires vendus.<\/p>\n","protected":false},"excerpt":{"rendered":"<p>Robert Greene partage 365 lois pour comprendre la nature humaine, ma\u00eetriser les relations et r\u00e9ussir.<\/p>\n","protected":false},"featured_media":17055,"comment_status":"open","ping_status":"closed","template":"","meta":{"inline_featured_image":false},"product_cat":[204,91],"product_tag":[],"class_list":{"0":"post-17049","1":"product","2":"type-product","3":"status-publish","4":"has-post-thumbnail","6":"product_cat-francais","7":"product_cat-developpement","8":"pa_auteurs-robert-greene","10":"first","11":"instock","12":"shipping-taxable","13":"purchasable","14":"product-type-simple"},"_links":{"self":[{"href":"https:\/\/baralivres.ma\/index.php?rest_route=\/wp\/v2\/product\/17049","targetHints":{"allow":["GET"]}}],"collection":[{"href":"https:\/\/baralivres.ma\/index.php?rest_route=\/wp\/v2\/product"}],"about":[{"href":"https:\/\/baralivres.ma\/index.php?rest_route=\/wp\/v2\/types\/product"}],"replies":[{"embeddable":true,"href":"https:\/\/baralivres.ma\/index.php?rest_route=%2Fwp%2Fv2%2Fcomments&post=17049"}],"version-history":[{"count":1,"href":"https:\/\/baralivres.ma\/index.php?rest_route=\/wp\/v2\/product\/17049\/revisions"}],"predecessor-version":[{"id":17056,"href":"https:\/\/baralivres.ma\/index.php?rest_route=\/wp\/v2\/product\/17049\/revisions\/17056"}],"wp:featuredmedia":[{"embeddable":true,"href":"https:\/\/baralivres.ma\/index.php?rest_route=\/wp\/v2\/media\/17055"}],"wp:attachment":[{"href":"https:\/\/baralivres.ma\/index.php?rest_route=%2Fwp%2Fv2%2Fmedia&parent=17049"}],"wp:term":[{"taxonomy":"product_cat","embeddable":true,"href":"https:\/\/baralivres.ma\/index.php?rest_route=%2Fwp%2Fv2%2Fproduct_cat&post=17049"},{"taxonomy":"product_tag","embeddable":true,"href":"https:\/\/baralivres.ma\/index.php?rest_route=%2Fwp%2Fv2%2Fproduct_tag&post=17049"}],"curies":[{"name":"wp","href":"https:\/\/api.w.org\/{rel}","templated":true}]}}