{"id":17046,"date":"2023-11-01T11:56:28","date_gmt":"2023-11-01T10:56:28","guid":{"rendered":"https:\/\/baralivres.ma\/?post_type=product&#038;p=17046"},"modified":"2024-03-13T15:51:51","modified_gmt":"2024-03-13T14:51:51","slug":"ecoute-ton-corps-encore","status":"publish","type":"product","link":"https:\/\/baralivres.ma\/?product=ecoute-ton-corps-encore","title":{"rendered":"\u00c9coute ton corps, encore !"},"content":{"rendered":"<p>Dans son dernier ouvrage, Lise Bourbeau, figure embl\u00e9matique du d\u00e9veloppement personnel et auteure renomm\u00e9e d'\u00a0\u00bb\u00c9coute ton corps\u00a0\u00bb, partage avec ses lecteurs de pr\u00e9cieux enseignements et des exercices pratiques pour les inspirer davantage. \u00c0 travers une approche concr\u00e8te, simple et \u00e9prouv\u00e9e au sein de son \u00e9cole renomm\u00e9e \u00ab\u00a0\u00c9coute Ton Corps\u00a0\u00bb, elle vous guide pour apprendre \u00e0 \u00eatre \u00e0 l&rsquo;\u00e9coute de votre corps tout en vous \u00e9panouissant dans trois aspects cl\u00e9s de la vie : le \u00ab\u00a0\u00catre\u00a0\u00bb, le \u00ab\u00a0Avoir\u00a0\u00bb et le \u00ab\u00a0Faire\u00a0\u00bb.<\/p>\n<p>Ce livre constitue un guide pour d\u00e9couvrir les \u00e9l\u00e9ments n\u00e9cessaires \u00e0 votre bonheur et pour entreprendre les actions essentielles visant \u00e0 accro\u00eetre la joie, la paix, la s\u00e9r\u00e9nit\u00e9, la sant\u00e9, ainsi que la concr\u00e9tisation de vos r\u00eaves et aspirations les plus profonds.<\/p>\n","protected":false},"excerpt":{"rendered":"<p>Livre de Lise Bourbeau : \u00e9coute corporelle, bonheur, actions pour joie, sant\u00e9, r\u00e9alisations.<\/p>\n","protected":false},"featured_media":17050,"comment_status":"open","ping_status":"closed","template":"","meta":{"inline_featured_image":false},"product_cat":[3674,204,91],"product_tag":[],"class_list":{"0":"post-17046","1":"product","2":"type-product","3":"status-publish","4":"has-post-thumbnail","6":"product_cat-best-s","7":"product_cat-francais","8":"product_cat-developpement","9":"pa_auteurs-lise-bourbeau","11":"first","12":"instock","13":"shipping-taxable","14":"purchasable","15":"product-type-simple"},"_links":{"self":[{"href":"https:\/\/baralivres.ma\/index.php?rest_route=\/wp\/v2\/product\/17046","targetHints":{"allow":["GET"]}}],"collection":[{"href":"https:\/\/baralivres.ma\/index.php?rest_route=\/wp\/v2\/product"}],"about":[{"href":"https:\/\/baralivres.ma\/index.php?rest_route=\/wp\/v2\/types\/product"}],"replies":[{"embeddable":true,"href":"https:\/\/baralivres.ma\/index.php?rest_route=%2Fwp%2Fv2%2Fcomments&post=17046"}],"version-history":[{"count":1,"href":"https:\/\/baralivres.ma\/index.php?rest_route=\/wp\/v2\/product\/17046\/revisions"}],"predecessor-version":[{"id":17051,"href":"https:\/\/baralivres.ma\/index.php?rest_route=\/wp\/v2\/product\/17046\/revisions\/17051"}],"wp:featuredmedia":[{"embeddable":true,"href":"https:\/\/baralivres.ma\/index.php?rest_route=\/wp\/v2\/media\/17050"}],"wp:attachment":[{"href":"https:\/\/baralivres.ma\/index.php?rest_route=%2Fwp%2Fv2%2Fmedia&parent=17046"}],"wp:term":[{"taxonomy":"product_cat","embeddable":true,"href":"https:\/\/baralivres.ma\/index.php?rest_route=%2Fwp%2Fv2%2Fproduct_cat&post=17046"},{"taxonomy":"product_tag","embeddable":true,"href":"https:\/\/baralivres.ma\/index.php?rest_route=%2Fwp%2Fv2%2Fproduct_tag&post=17046"}],"curies":[{"name":"wp","href":"https:\/\/api.w.org\/{rel}","templated":true}]}}