{"id":16979,"date":"2023-11-01T11:39:25","date_gmt":"2023-11-01T10:39:25","guid":{"rendered":"https:\/\/baralivres.ma\/?post_type=product&#038;p=16979"},"modified":"2023-11-01T11:39:26","modified_gmt":"2023-11-01T10:39:26","slug":"power","status":"publish","type":"product","link":"https:\/\/baralivres.ma\/?product=power","title":{"rendered":"Power"},"content":{"rendered":"<p>L&rsquo;ouvrage examine la complexit\u00e9 du pouvoir \u00e0 travers 48 lois, extraites de l&rsquo;histoire, pour mieux comprendre sa manipulation. Ces lois, puisant dans la sagesse mill\u00e9naire de strat\u00e8ges, hommes d&rsquo;\u00c9tat, courtisans, s\u00e9ducteurs, et escrocs c\u00e9l\u00e8bres, r\u00e9v\u00e8lent des principes allant de la prudence \u00e0 la dissimulation, de l&rsquo;absence de compassion \u00e0 la ma\u00eetrise des intrigues. En condensant 3 000 ans d&rsquo;histoire du pouvoir, l&rsquo;auteur offre un manuel captivant de la manipulation, d\u00e9crivant les strat\u00e9gies pour exceller dans la course au pouvoir. Compar\u00e9 \u00e0 Machiavel, Robert Greene pr\u00e9sente un ouvrage provocateur sur la nature humaine et le pouvoir.<\/p>\n","protected":false},"excerpt":{"rendered":"<p>L&rsquo;ouvrage explore la nature du pouvoir \u00e0 travers 48 lois, extraites de l&rsquo;histoire, pour mieux comprendre sa manipulation.<\/p>\n","protected":false},"featured_media":16987,"comment_status":"open","ping_status":"closed","template":"","meta":{"inline_featured_image":false},"product_cat":[204,91],"product_tag":[],"class_list":{"0":"post-16979","1":"product","2":"type-product","3":"status-publish","4":"has-post-thumbnail","6":"product_cat-francais","7":"product_cat-developpement","8":"pa_auteurs-robert-greene","10":"first","11":"instock","12":"shipping-taxable","13":"purchasable","14":"product-type-simple"},"_links":{"self":[{"href":"https:\/\/baralivres.ma\/index.php?rest_route=\/wp\/v2\/product\/16979","targetHints":{"allow":["GET"]}}],"collection":[{"href":"https:\/\/baralivres.ma\/index.php?rest_route=\/wp\/v2\/product"}],"about":[{"href":"https:\/\/baralivres.ma\/index.php?rest_route=\/wp\/v2\/types\/product"}],"replies":[{"embeddable":true,"href":"https:\/\/baralivres.ma\/index.php?rest_route=%2Fwp%2Fv2%2Fcomments&post=16979"}],"version-history":[{"count":1,"href":"https:\/\/baralivres.ma\/index.php?rest_route=\/wp\/v2\/product\/16979\/revisions"}],"predecessor-version":[{"id":16988,"href":"https:\/\/baralivres.ma\/index.php?rest_route=\/wp\/v2\/product\/16979\/revisions\/16988"}],"wp:featuredmedia":[{"embeddable":true,"href":"https:\/\/baralivres.ma\/index.php?rest_route=\/wp\/v2\/media\/16987"}],"wp:attachment":[{"href":"https:\/\/baralivres.ma\/index.php?rest_route=%2Fwp%2Fv2%2Fmedia&parent=16979"}],"wp:term":[{"taxonomy":"product_cat","embeddable":true,"href":"https:\/\/baralivres.ma\/index.php?rest_route=%2Fwp%2Fv2%2Fproduct_cat&post=16979"},{"taxonomy":"product_tag","embeddable":true,"href":"https:\/\/baralivres.ma\/index.php?rest_route=%2Fwp%2Fv2%2Fproduct_tag&post=16979"}],"curies":[{"name":"wp","href":"https:\/\/api.w.org\/{rel}","templated":true}]}}