{"id":16940,"date":"2023-11-01T11:02:10","date_gmt":"2023-11-01T10:02:10","guid":{"rendered":"https:\/\/baralivres.ma\/?post_type=product&#038;p=16940"},"modified":"2023-11-01T11:11:17","modified_gmt":"2023-11-01T10:11:17","slug":"apprends-moi-a-faire-seul","status":"publish","type":"product","link":"https:\/\/baralivres.ma\/?product=apprends-moi-a-faire-seul","title":{"rendered":"Apprends-moi \u00e0 faire seul"},"content":{"rendered":"<p>Bien que le nom de Montessori soit largement reconnu comme une m\u00e9thode d&rsquo;\u00e9ducation, la compr\u00e9hension pr\u00e9cise de ses principes et de leur impact quotidien sur les enfants est souvent m\u00e9connue. Ce livre offre une pr\u00e9sentation claire et accessible de la p\u00e9dagogie Montessori, abordant son historique, sa th\u00e9orie et sa concr\u00e9tisation pratique. Fond\u00e9e sur la confiance en soi et l&rsquo;autonomie, cette approche permet \u00e0 l&rsquo;enfant de progresser \u00e0 son propre rythme, en choisissant ses activit\u00e9s. Elle repose sur un \u00e9tat d&rsquo;esprit qui ne consid\u00e8re pas l&rsquo;enfant comme un adulte en devenir \u00e0 modeler, mais comme une personne \u00e0 part enti\u00e8re \u00e0 guider vers la libert\u00e9, le respect et la solidarit\u00e9. Ces valeurs sont vues comme des \u00e9l\u00e9ments favorisant la paix \u00e0 une plus grande \u00e9chelle. Cette nouvelle \u00e9dition inclut un chapitre suppl\u00e9mentaire et propose des activit\u00e9s simples \u00e0 r\u00e9aliser, que ce soit \u00e0 l&rsquo;\u00e9cole ou en famille.<\/p>\n<p>&nbsp;<\/p>\n","protected":false},"excerpt":{"rendered":"<p>Livre explique clairement la m\u00e9thode Montessori, favorisant autonomie et respect, promouvant paix universelle.<\/p>\n","protected":false},"featured_media":16945,"comment_status":"open","ping_status":"closed","template":"","meta":{"inline_featured_image":false},"product_cat":[204,91],"product_tag":[],"class_list":{"0":"post-16940","1":"product","2":"type-product","3":"status-publish","4":"has-post-thumbnail","6":"product_cat-francais","7":"product_cat-developpement","8":"pa_auteurs-charlotte-poussin","10":"first","11":"instock","12":"shipping-taxable","13":"purchasable","14":"product-type-simple"},"_links":{"self":[{"href":"https:\/\/baralivres.ma\/index.php?rest_route=\/wp\/v2\/product\/16940","targetHints":{"allow":["GET"]}}],"collection":[{"href":"https:\/\/baralivres.ma\/index.php?rest_route=\/wp\/v2\/product"}],"about":[{"href":"https:\/\/baralivres.ma\/index.php?rest_route=\/wp\/v2\/types\/product"}],"replies":[{"embeddable":true,"href":"https:\/\/baralivres.ma\/index.php?rest_route=%2Fwp%2Fv2%2Fcomments&post=16940"}],"version-history":[{"count":1,"href":"https:\/\/baralivres.ma\/index.php?rest_route=\/wp\/v2\/product\/16940\/revisions"}],"predecessor-version":[{"id":16946,"href":"https:\/\/baralivres.ma\/index.php?rest_route=\/wp\/v2\/product\/16940\/revisions\/16946"}],"wp:featuredmedia":[{"embeddable":true,"href":"https:\/\/baralivres.ma\/index.php?rest_route=\/wp\/v2\/media\/16945"}],"wp:attachment":[{"href":"https:\/\/baralivres.ma\/index.php?rest_route=%2Fwp%2Fv2%2Fmedia&parent=16940"}],"wp:term":[{"taxonomy":"product_cat","embeddable":true,"href":"https:\/\/baralivres.ma\/index.php?rest_route=%2Fwp%2Fv2%2Fproduct_cat&post=16940"},{"taxonomy":"product_tag","embeddable":true,"href":"https:\/\/baralivres.ma\/index.php?rest_route=%2Fwp%2Fv2%2Fproduct_tag&post=16940"}],"curies":[{"name":"wp","href":"https:\/\/api.w.org\/{rel}","templated":true}]}}