{"id":16913,"date":"2023-11-01T10:40:59","date_gmt":"2023-11-01T09:40:59","guid":{"rendered":"https:\/\/baralivres.ma\/?post_type=product&#038;p=16913"},"modified":"2023-11-01T11:14:43","modified_gmt":"2023-11-01T10:14:43","slug":"reveillez-le-millionnaire-qui-est-en-vous","status":"publish","type":"product","link":"https:\/\/baralivres.ma\/?product=reveillez-le-millionnaire-qui-est-en-vous","title":{"rendered":"R\u00e9veillez le millionnaire qui est en vous"},"content":{"rendered":"<p>Des milliers de millionnaires \u00e0 travers le monde ont prosp\u00e9r\u00e9 de mani\u00e8re originale et int\u00e8gre. En combinant les approches pour stimuler les deux h\u00e9misph\u00e8res du cerveau, Hansen et Allen partagent leurs astuces. La moiti\u00e9 gauche du livre, destin\u00e9e au cerveau rationnel, pr\u00e9sente des strat\u00e9gies \u00e9thiques pour r\u00e9ussir dans le marketing, sur Internet, en immobilier et dans la cr\u00e9ation d&rsquo;entreprise. La moiti\u00e9 droite, pour le c\u00f4t\u00e9 cr\u00e9atif du cerveau, narre l&rsquo;histoire d&rsquo;une femme reconstruisant sa vie en amassant un million de dollars en quatre-vingt-dix jours. \u00ab\u00a0R\u00e9veillez le millionnaire qui est en vous\u00a0\u00bb brise les tabous li\u00e9s \u00e0 l&rsquo;argent et propose une multitude de conseils pour devenir un millionnaire \u00e9panoui.<\/p>\n<p>Les multimillionnaires Mark Victor Hansen et Robert Allen, experts financiers et auteurs \u00e0 succ\u00e8s, ont transform\u00e9 les revenus de nombreuses personnes gr\u00e2ce \u00e0 des techniques test\u00e9es. Leur best-seller am\u00e9ricain, \u00ab\u00a0R\u00e9veillez le millionnaire qui est en vous\u00a0\u00bb, d\u00e9voile des strat\u00e9gies qui ont fait leurs preuves pour atteindre le succ\u00e8s financier.<\/p>\n","protected":false},"excerpt":{"rendered":"<p>Guide innovant pour devenir millionnaire en combinant strat\u00e9gies c\u00e9r\u00e9brales, succ\u00e8s financier, \u00e9crit par experts renomm\u00e9s.<\/p>\n","protected":false},"featured_media":16914,"comment_status":"open","ping_status":"closed","template":"","meta":{"inline_featured_image":false},"product_cat":[204,91],"product_tag":[],"class_list":{"0":"post-16913","1":"product","2":"type-product","3":"status-publish","4":"has-post-thumbnail","6":"product_cat-francais","7":"product_cat-developpement","8":"pa_auteurs-mark-victor-hansen","10":"first","11":"instock","12":"shipping-taxable","13":"purchasable","14":"product-type-simple"},"_links":{"self":[{"href":"https:\/\/baralivres.ma\/index.php?rest_route=\/wp\/v2\/product\/16913","targetHints":{"allow":["GET"]}}],"collection":[{"href":"https:\/\/baralivres.ma\/index.php?rest_route=\/wp\/v2\/product"}],"about":[{"href":"https:\/\/baralivres.ma\/index.php?rest_route=\/wp\/v2\/types\/product"}],"replies":[{"embeddable":true,"href":"https:\/\/baralivres.ma\/index.php?rest_route=%2Fwp%2Fv2%2Fcomments&post=16913"}],"version-history":[{"count":1,"href":"https:\/\/baralivres.ma\/index.php?rest_route=\/wp\/v2\/product\/16913\/revisions"}],"predecessor-version":[{"id":16915,"href":"https:\/\/baralivres.ma\/index.php?rest_route=\/wp\/v2\/product\/16913\/revisions\/16915"}],"wp:featuredmedia":[{"embeddable":true,"href":"https:\/\/baralivres.ma\/index.php?rest_route=\/wp\/v2\/media\/16914"}],"wp:attachment":[{"href":"https:\/\/baralivres.ma\/index.php?rest_route=%2Fwp%2Fv2%2Fmedia&parent=16913"}],"wp:term":[{"taxonomy":"product_cat","embeddable":true,"href":"https:\/\/baralivres.ma\/index.php?rest_route=%2Fwp%2Fv2%2Fproduct_cat&post=16913"},{"taxonomy":"product_tag","embeddable":true,"href":"https:\/\/baralivres.ma\/index.php?rest_route=%2Fwp%2Fv2%2Fproduct_tag&post=16913"}],"curies":[{"name":"wp","href":"https:\/\/api.w.org\/{rel}","templated":true}]}}