{"id":16898,"date":"2023-11-01T10:29:54","date_gmt":"2023-11-01T09:29:54","guid":{"rendered":"https:\/\/baralivres.ma\/?post_type=product&#038;p=16898"},"modified":"2023-11-01T11:17:37","modified_gmt":"2023-11-01T10:17:37","slug":"la-3%e1%b5%89-voie","status":"publish","type":"product","link":"https:\/\/baralivres.ma\/?product=la-3%e1%b5%89-voie","title":{"rendered":"La 3\u1d49 voie"},"content":{"rendered":"<p>Selon les enseignements de Stephen Covey, pour r\u00e9soudre efficacement un large \u00e9ventail de probl\u00e8mes, qu&rsquo;ils concernent les relations personnelles, le monde professionnel ou les aspects financiers, il est imp\u00e9ratif d&rsquo;adopter une approche de pens\u00e9e radicalement nouvelle. Cette approche novatrice repose sur la cr\u00e9ativit\u00e9 et la synergie. \u00c0 travers des exemples marquants, Covey illustre comment un p\u00e8re a pu soutenir sa fille en d\u00e9tresse face \u00e0 des pens\u00e9es suicidaires, comment un responsable de la police a r\u00e9ussi \u00e0 r\u00e9duire de moiti\u00e9 la criminalit\u00e9 dans sa ville, comment une m\u00e8re a renou\u00e9 le lien avec son fils adolescent, et comment un individu a permis \u00e0 des millions de personnes d\u00e9favoris\u00e9es en Inde d&rsquo;acc\u00e9der \u00e0 l&rsquo;\u00e9lectricit\u00e9, entre autres histoires inspirantes. Que ce soit pour r\u00e9soudre des probl\u00e8mes \u00e9motionnels, familiaux ou professionnels, ce livre offre des conseils pour relever ces d\u00e9fis et b\u00e2tir un avenir prometteur.<\/p>\n","protected":false},"excerpt":{"rendered":"<p>Changer sa pens\u00e9e pour r\u00e9soudre divers probl\u00e8mes et b\u00e2tir un avenir \u00e9panoui et innovant.<\/p>\n","protected":false},"featured_media":16902,"comment_status":"open","ping_status":"closed","template":"","meta":{"inline_featured_image":false},"product_cat":[204,91],"product_tag":[],"class_list":{"0":"post-16898","1":"product","2":"type-product","3":"status-publish","4":"has-post-thumbnail","6":"product_cat-francais","7":"product_cat-developpement","8":"pa_auteurs-breck-england","10":"first","11":"instock","12":"shipping-taxable","13":"purchasable","14":"product-type-simple"},"_links":{"self":[{"href":"https:\/\/baralivres.ma\/index.php?rest_route=\/wp\/v2\/product\/16898","targetHints":{"allow":["GET"]}}],"collection":[{"href":"https:\/\/baralivres.ma\/index.php?rest_route=\/wp\/v2\/product"}],"about":[{"href":"https:\/\/baralivres.ma\/index.php?rest_route=\/wp\/v2\/types\/product"}],"replies":[{"embeddable":true,"href":"https:\/\/baralivres.ma\/index.php?rest_route=%2Fwp%2Fv2%2Fcomments&post=16898"}],"version-history":[{"count":1,"href":"https:\/\/baralivres.ma\/index.php?rest_route=\/wp\/v2\/product\/16898\/revisions"}],"predecessor-version":[{"id":16903,"href":"https:\/\/baralivres.ma\/index.php?rest_route=\/wp\/v2\/product\/16898\/revisions\/16903"}],"wp:featuredmedia":[{"embeddable":true,"href":"https:\/\/baralivres.ma\/index.php?rest_route=\/wp\/v2\/media\/16902"}],"wp:attachment":[{"href":"https:\/\/baralivres.ma\/index.php?rest_route=%2Fwp%2Fv2%2Fmedia&parent=16898"}],"wp:term":[{"taxonomy":"product_cat","embeddable":true,"href":"https:\/\/baralivres.ma\/index.php?rest_route=%2Fwp%2Fv2%2Fproduct_cat&post=16898"},{"taxonomy":"product_tag","embeddable":true,"href":"https:\/\/baralivres.ma\/index.php?rest_route=%2Fwp%2Fv2%2Fproduct_tag&post=16898"}],"curies":[{"name":"wp","href":"https:\/\/api.w.org\/{rel}","templated":true}]}}