{"id":16879,"date":"2023-11-01T10:14:22","date_gmt":"2023-11-01T09:14:22","guid":{"rendered":"https:\/\/baralivres.ma\/?post_type=product&#038;p=16879"},"modified":"2023-11-01T11:20:34","modified_gmt":"2023-11-01T10:20:34","slug":"la-grande-paix-de-lespri","status":"publish","type":"product","link":"https:\/\/baralivres.ma\/?product=la-grande-paix-de-lespri","title":{"rendered":"La Grande Paix de l&rsquo;Espri"},"content":{"rendered":"<div class=\"group w-full text-token-text-primary border-b border-black\/10 gizmo:border-0 dark:border-gray-900\/50 gizmo:dark:border-0 bg-gray-50 gizmo:bg-transparent dark:bg-[#444654] gizmo:dark:bg-transparent\" data-testid=\"conversation-turn-3\">\n<div class=\"p-4 gizmo:py-2 justify-center text-base md:gap-6 md:py-6 m-auto\">\n<div class=\"flex flex-1 gap-4 text-base mx-auto md:gap-6 gizmo:gap-3 gizmo:md:px-5 gizmo:lg:px-1 gizmo:xl:px-5 md:max-w-2xl lg:max-w-[38rem] gizmo:md:max-w-3xl gizmo:lg:max-w-[40rem] gizmo:xl:max-w-[48rem] xl:max-w-3xl }\">\n<div class=\"relative flex w-[calc(100%-50px)] flex-col gizmo:w-full lg:w-[calc(100%-115px)] agent-turn\">\n<div class=\"flex-col gap-1 md:gap-3\">\n<div class=\"flex flex-grow flex-col gap-3 max-w-full\">\n<div class=\"min-h-[20px] flex flex-col items-start gap-3 whitespace-pre-wrap break-words overflow-x-auto\" data-message-author-role=\"assistant\" data-message-id=\"1e29745d-b3db-4a32-895d-461a0385368d\">\n<div class=\"markdown prose w-full break-words dark:prose-invert light\">\n<p>La Grande Paix de l&rsquo;Esprit propose une exploration compl\u00e8te du cheminement spirituel, d\u00e9butant par les principes \u00e9thiques communs \u00e0 toutes les religions et \u00e0 toute personne cultivant l&rsquo;humanisme, pour ensuite aborder les enseignements les plus avanc\u00e9s du Dzogchen. Au cours d&rsquo;un \u00e9v\u00e9nement \u00e0 L\u00e9rab Ling, en 2000, le Dala\u00ef-Lama a partag\u00e9 les fondements essentiels du bouddhisme devant une audience de dix mille personnes. Issu de cette exp\u00e9rience chaleureuse, ce livre, fluide et direct, transmet les enseignements oraux du bouddhisme tib\u00e9tain, offrant une perspective unique sur l&rsquo;esprit du Dala\u00ef-Lama et une vision globale de la philosophie bouddhiste.<\/p>\n<\/div>\n<\/div>\n<\/div>\n<\/div>\n<\/div>\n<\/div>\n<\/div>\n<\/div>\n","protected":false},"excerpt":{"rendered":"<p>Ouvrage transmet enseignements bouddhistes, du socle \u00e9thique \u00e0 la profondeur du Dzogchen, par le Dala\u00ef-Lama.<\/p>\n","protected":false},"featured_media":16880,"comment_status":"open","ping_status":"closed","template":"","meta":{"inline_featured_image":false},"product_cat":[204,91],"product_tag":[],"class_list":{"0":"post-16879","1":"product","2":"type-product","3":"status-publish","4":"has-post-thumbnail","6":"product_cat-francais","7":"product_cat-developpement","8":"pa_auteurs-dalai-lama-xiv","10":"first","11":"instock","12":"shipping-taxable","13":"purchasable","14":"product-type-simple"},"_links":{"self":[{"href":"https:\/\/baralivres.ma\/index.php?rest_route=\/wp\/v2\/product\/16879","targetHints":{"allow":["GET"]}}],"collection":[{"href":"https:\/\/baralivres.ma\/index.php?rest_route=\/wp\/v2\/product"}],"about":[{"href":"https:\/\/baralivres.ma\/index.php?rest_route=\/wp\/v2\/types\/product"}],"replies":[{"embeddable":true,"href":"https:\/\/baralivres.ma\/index.php?rest_route=%2Fwp%2Fv2%2Fcomments&post=16879"}],"version-history":[{"count":1,"href":"https:\/\/baralivres.ma\/index.php?rest_route=\/wp\/v2\/product\/16879\/revisions"}],"predecessor-version":[{"id":16881,"href":"https:\/\/baralivres.ma\/index.php?rest_route=\/wp\/v2\/product\/16879\/revisions\/16881"}],"wp:featuredmedia":[{"embeddable":true,"href":"https:\/\/baralivres.ma\/index.php?rest_route=\/wp\/v2\/media\/16880"}],"wp:attachment":[{"href":"https:\/\/baralivres.ma\/index.php?rest_route=%2Fwp%2Fv2%2Fmedia&parent=16879"}],"wp:term":[{"taxonomy":"product_cat","embeddable":true,"href":"https:\/\/baralivres.ma\/index.php?rest_route=%2Fwp%2Fv2%2Fproduct_cat&post=16879"},{"taxonomy":"product_tag","embeddable":true,"href":"https:\/\/baralivres.ma\/index.php?rest_route=%2Fwp%2Fv2%2Fproduct_tag&post=16879"}],"curies":[{"name":"wp","href":"https:\/\/api.w.org\/{rel}","templated":true}]}}