{"id":16844,"date":"2023-11-01T09:46:06","date_gmt":"2023-11-01T08:46:06","guid":{"rendered":"https:\/\/baralivres.ma\/?post_type=product&#038;p=16844"},"modified":"2023-11-01T09:46:06","modified_gmt":"2023-11-01T08:46:06","slug":"developpez-votre-intelligence-avec-le-mind-mapping","status":"publish","type":"product","link":"https:\/\/baralivres.ma\/?product=developpez-votre-intelligence-avec-le-mind-mapping","title":{"rendered":"D\u00e9veloppez votre intelligence avec le mind mapping"},"content":{"rendered":"<p>Bas\u00e9 sur l&rsquo;utilisation de structures arborescentes de mots pour repr\u00e9senter et d\u00e9velopper des id\u00e9es, le Mind Mapping offre un moyen remarquable d&rsquo;am\u00e9liorer l&rsquo;intelligence, la cr\u00e9ativit\u00e9, la communication, la concentration et la m\u00e9moire.<\/p>\n<p>Dans ce livre, Tony Buzan, un expert incontest\u00e9 en mati\u00e8re de Mind Mapping, vous r\u00e9v\u00e8le :<\/p>\n<ul>\n<li>les origines de cette technique de cartographie mentale et les secrets de son efficacit\u00e9 ;<\/li>\n<li>des m\u00e9thodes illustr\u00e9es \u00e9tape par \u00e9tape, adapt\u00e9es aussi bien aux novices qu&rsquo;aux utilisateurs exp\u00e9riment\u00e9s du Mind Mapping, pour cr\u00e9er vos propres cartes mentales ;<\/li>\n<li>des conseils pour stimuler votre cr\u00e9ativit\u00e9, structurer vos id\u00e9es, renforcer votre capacit\u00e9 de m\u00e9morisation, am\u00e9liorer vos comp\u00e9tences de persuasion, ainsi que de n\u00e9gociation.<\/li>\n<\/ul>\n<p>C&rsquo;est la m\u00e9thode la plus performante pour stimuler la pens\u00e9e !<\/p>\n","protected":false},"excerpt":{"rendered":"<p>Le Mind Mapping avec Tony Buzan : am\u00e9liorez intelligence, cr\u00e9ativit\u00e9, communication, concentration, m\u00e9moire, et comp\u00e9tences persuasives.<\/p>\n","protected":false},"featured_media":16851,"comment_status":"open","ping_status":"closed","template":"","meta":{"inline_featured_image":false},"product_cat":[204,91],"product_tag":[],"class_list":{"0":"post-16844","1":"product","2":"type-product","3":"status-publish","4":"has-post-thumbnail","6":"product_cat-francais","7":"product_cat-developpement","8":"pa_auteurs-tony-buzan","10":"first","11":"instock","12":"shipping-taxable","13":"purchasable","14":"product-type-simple"},"_links":{"self":[{"href":"https:\/\/baralivres.ma\/index.php?rest_route=\/wp\/v2\/product\/16844","targetHints":{"allow":["GET"]}}],"collection":[{"href":"https:\/\/baralivres.ma\/index.php?rest_route=\/wp\/v2\/product"}],"about":[{"href":"https:\/\/baralivres.ma\/index.php?rest_route=\/wp\/v2\/types\/product"}],"replies":[{"embeddable":true,"href":"https:\/\/baralivres.ma\/index.php?rest_route=%2Fwp%2Fv2%2Fcomments&post=16844"}],"version-history":[{"count":1,"href":"https:\/\/baralivres.ma\/index.php?rest_route=\/wp\/v2\/product\/16844\/revisions"}],"predecessor-version":[{"id":16853,"href":"https:\/\/baralivres.ma\/index.php?rest_route=\/wp\/v2\/product\/16844\/revisions\/16853"}],"wp:featuredmedia":[{"embeddable":true,"href":"https:\/\/baralivres.ma\/index.php?rest_route=\/wp\/v2\/media\/16851"}],"wp:attachment":[{"href":"https:\/\/baralivres.ma\/index.php?rest_route=%2Fwp%2Fv2%2Fmedia&parent=16844"}],"wp:term":[{"taxonomy":"product_cat","embeddable":true,"href":"https:\/\/baralivres.ma\/index.php?rest_route=%2Fwp%2Fv2%2Fproduct_cat&post=16844"},{"taxonomy":"product_tag","embeddable":true,"href":"https:\/\/baralivres.ma\/index.php?rest_route=%2Fwp%2Fv2%2Fproduct_tag&post=16844"}],"curies":[{"name":"wp","href":"https:\/\/api.w.org\/{rel}","templated":true}]}}