{"id":16836,"date":"2023-11-01T09:41:06","date_gmt":"2023-11-01T08:41:06","guid":{"rendered":"https:\/\/baralivres.ma\/?post_type=product&#038;p=16836"},"modified":"2023-11-01T09:41:06","modified_gmt":"2023-11-01T08:41:06","slug":"maitre-de-votre-temps-maitre-de-votre-vie","status":"publish","type":"product","link":"https:\/\/baralivres.ma\/?product=maitre-de-votre-temps-maitre-de-votre-vie","title":{"rendered":"Ma\u00eetre de votre temps, ma\u00eetre de votre vie"},"content":{"rendered":"<p>Ce livre, \u00e9crit par Brian Tracy, l&rsquo;auteur d&rsquo;Avalez le crapaud!, offre un programme unique pour g\u00e9rer efficacement notre temps. Il met en avant l&rsquo;importance de choisir les bonnes t\u00e2ches au bon moment, bas\u00e9 sur des recherches r\u00e9centes et l&rsquo;exp\u00e9rience de l&rsquo;auteur et de ses clients. Tracy propose d&rsquo;identifier dix \u00ab\u00a0p\u00e9riodes\u00a0\u00bb o\u00f9 nous op\u00e9rons et d&rsquo;appliquer des strat\u00e9gies sp\u00e9cifiques pour maximiser notre productivit\u00e9. En suivant ces \u00e9tapes simples, nous pouvons cr\u00e9er un cadre pour une vie plus productive et transformative.<\/p>\n","protected":false},"excerpt":{"rendered":"<p>Brian Tracy, auteur d&rsquo;Avalez le crapaud!, offre un programme pour g\u00e9rer le temps efficacement et transformer la vie.<\/p>\n","protected":false},"featured_media":16840,"comment_status":"open","ping_status":"closed","template":"","meta":{"inline_featured_image":false},"product_cat":[204,91],"product_tag":[],"class_list":{"0":"post-16836","1":"product","2":"type-product","3":"status-publish","4":"has-post-thumbnail","6":"product_cat-francais","7":"product_cat-developpement","8":"pa_auteurs-brian-tracy","10":"first","11":"instock","12":"shipping-taxable","13":"purchasable","14":"product-type-simple"},"_links":{"self":[{"href":"https:\/\/baralivres.ma\/index.php?rest_route=\/wp\/v2\/product\/16836","targetHints":{"allow":["GET"]}}],"collection":[{"href":"https:\/\/baralivres.ma\/index.php?rest_route=\/wp\/v2\/product"}],"about":[{"href":"https:\/\/baralivres.ma\/index.php?rest_route=\/wp\/v2\/types\/product"}],"replies":[{"embeddable":true,"href":"https:\/\/baralivres.ma\/index.php?rest_route=%2Fwp%2Fv2%2Fcomments&post=16836"}],"version-history":[{"count":1,"href":"https:\/\/baralivres.ma\/index.php?rest_route=\/wp\/v2\/product\/16836\/revisions"}],"predecessor-version":[{"id":16842,"href":"https:\/\/baralivres.ma\/index.php?rest_route=\/wp\/v2\/product\/16836\/revisions\/16842"}],"wp:featuredmedia":[{"embeddable":true,"href":"https:\/\/baralivres.ma\/index.php?rest_route=\/wp\/v2\/media\/16840"}],"wp:attachment":[{"href":"https:\/\/baralivres.ma\/index.php?rest_route=%2Fwp%2Fv2%2Fmedia&parent=16836"}],"wp:term":[{"taxonomy":"product_cat","embeddable":true,"href":"https:\/\/baralivres.ma\/index.php?rest_route=%2Fwp%2Fv2%2Fproduct_cat&post=16836"},{"taxonomy":"product_tag","embeddable":true,"href":"https:\/\/baralivres.ma\/index.php?rest_route=%2Fwp%2Fv2%2Fproduct_tag&post=16836"}],"curies":[{"name":"wp","href":"https:\/\/api.w.org\/{rel}","templated":true}]}}