{"id":16807,"date":"2023-10-31T20:59:04","date_gmt":"2023-10-31T19:59:04","guid":{"rendered":"https:\/\/baralivres.ma\/?post_type=product&#038;p=16807"},"modified":"2025-02-20T11:05:56","modified_gmt":"2025-02-20T10:05:56","slug":"conversations-avec-dieu-3","status":"publish","type":"product","link":"https:\/\/baralivres.ma\/?product=conversations-avec-dieu-3","title":{"rendered":"Conversations avec Dieu T01"},"content":{"rendered":"<p>Vous \u00eates sur le point d&rsquo;entrer en conversation avec Dieu. Oui, vous avez bien lu. Je sais que cela peut sembler improbable, voire impossible. On nous a souvent enseign\u00e9 que parler \u00e0 Dieu est envisageable, mais communiquer avec Lui semble \u00eatre une autre histoire. (&#8230;) C&rsquo;est pr\u00e9cis\u00e9ment ce que je pensais \u00e9galement.\u00a0\u00bb \u00c0 l&rsquo;approche de la cinquantaine, Neale Donald Walsch fait un bilan de sa vie : il vient de perdre son emploi, ses quatre mariages ont connu des \u00e9checs et sa sant\u00e9 montre des signes de faiblesse. Pris de col\u00e8re, il r\u00e9dige une lettre empreinte de doutes \u00e0 l&rsquo;adresse de Dieu. Et c&rsquo;est l\u00e0 que le miracle se produit ! \u00ab\u00a0Dieu\u00a0\u00bb lui r\u00e9pond de mani\u00e8re limpide et compr\u00e9hensible. S&rsquo;ensuit une conversation qui durera plusieurs ann\u00e9es, au cours de laquelle les questions les plus intimes et les plus \u00e9nigmatiques trouveront des r\u00e9ponses : pourquoi ressens-je un tel malheur ? Pourquoi l&rsquo;humanit\u00e9 doit-elle endurer la souffrance ? Qu&rsquo;est-ce qui distingue le bien du mal ? Il est essentiel de souligner que derri\u00e8re ces interrogations troublantes se cache une profonde dimension spirituelle.<\/p>\n","protected":false},"excerpt":{"rendered":"<p>Neale Walsch converse avec Dieu apr\u00e8s des \u00e9preuves, obtenant r\u00e9ponses sur spiritualit\u00e9 et souffrance humaine.<\/p>\n","protected":false},"featured_media":16808,"comment_status":"open","ping_status":"closed","template":"","meta":{"inline_featured_image":false},"product_cat":[3725,3862,4214,3673],"product_tag":[],"class_list":{"0":"post-16807","1":"product","2":"type-product","3":"status-publish","4":"has-post-thumbnail","6":"product_cat-litterature-religieuse","7":"product_cat-spiritualite","8":"product_cat-voyage-spirituel-pendant-le-ramadan","9":"product_cat-aventire-secrete","10":"pa_auteurs-neale-donald-walsch","12":"first","13":"instock","14":"shipping-taxable","15":"purchasable","16":"product-type-simple"},"_links":{"self":[{"href":"https:\/\/baralivres.ma\/index.php?rest_route=\/wp\/v2\/product\/16807","targetHints":{"allow":["GET"]}}],"collection":[{"href":"https:\/\/baralivres.ma\/index.php?rest_route=\/wp\/v2\/product"}],"about":[{"href":"https:\/\/baralivres.ma\/index.php?rest_route=\/wp\/v2\/types\/product"}],"replies":[{"embeddable":true,"href":"https:\/\/baralivres.ma\/index.php?rest_route=%2Fwp%2Fv2%2Fcomments&post=16807"}],"version-history":[{"count":2,"href":"https:\/\/baralivres.ma\/index.php?rest_route=\/wp\/v2\/product\/16807\/revisions"}],"predecessor-version":[{"id":23060,"href":"https:\/\/baralivres.ma\/index.php?rest_route=\/wp\/v2\/product\/16807\/revisions\/23060"}],"wp:featuredmedia":[{"embeddable":true,"href":"https:\/\/baralivres.ma\/index.php?rest_route=\/wp\/v2\/media\/16808"}],"wp:attachment":[{"href":"https:\/\/baralivres.ma\/index.php?rest_route=%2Fwp%2Fv2%2Fmedia&parent=16807"}],"wp:term":[{"taxonomy":"product_cat","embeddable":true,"href":"https:\/\/baralivres.ma\/index.php?rest_route=%2Fwp%2Fv2%2Fproduct_cat&post=16807"},{"taxonomy":"product_tag","embeddable":true,"href":"https:\/\/baralivres.ma\/index.php?rest_route=%2Fwp%2Fv2%2Fproduct_tag&post=16807"}],"curies":[{"name":"wp","href":"https:\/\/api.w.org\/{rel}","templated":true}]}}