{"id":16786,"date":"2023-10-31T20:33:25","date_gmt":"2023-10-31T19:33:25","guid":{"rendered":"https:\/\/baralivres.ma\/?post_type=product&#038;p=16786"},"modified":"2024-04-26T11:10:06","modified_gmt":"2024-04-26T10:10:06","slug":"dieu-nous-parle","status":"publish","type":"product","link":"https:\/\/baralivres.ma\/?product=dieu-nous-parle","title":{"rendered":"Dieu nous parle"},"content":{"rendered":"<p>Apr\u00e8s le succ\u00e8s extraordinaire de \u00ab\u00a0Conversations avec Dieu\u00a0\u00bb, qui a vendu des millions de livres \u00e0 travers le monde, de nombreux lecteurs de Neale Donald Walsch esp\u00e9raient une \u0153uvre plus concise, mettant en lumi\u00e8re l&rsquo;essence de sa spiritualit\u00e9 et, surtout, offrant des moyens pratiques de la mettre en pratique. C&rsquo;est d\u00e9sormais une r\u00e9alit\u00e9. Dans \u00ab\u00a0Dieu nous parle\u00a0\u00bb, Neale Donald Walsch nous pr\u00e9sente les 25 messages les plus cruciaux issus de ses conversations divines. Chaque message est accompagn\u00e9 d&rsquo;une r\u00e9flexion profonde ainsi que de conseils pratiques \u00e0 int\u00e9grer dans notre vie quotidienne. Ces paroles, empreintes de puissance et teint\u00e9es d&rsquo;humilit\u00e9 et de sinc\u00e9rit\u00e9, nous guident sur le chemin de la lib\u00e9ration int\u00e9rieure, touchant au plus profond de notre \u00eatre.<\/p>\n","protected":false},"excerpt":{"rendered":"<p>\u00ab\u00a0Neale Donald Walsch partage 25 messages essentiels de ses Conversations avec Dieu, offrant conseils pratiques spirituels.\u00a0\u00bb<\/p>\n","protected":false},"featured_media":16787,"comment_status":"open","ping_status":"closed","template":"","meta":{"inline_featured_image":false},"product_cat":[3725,204,91],"product_tag":[],"class_list":{"0":"post-16786","1":"product","2":"type-product","3":"status-publish","4":"has-post-thumbnail","6":"product_cat-litterature-religieuse","7":"product_cat-francais","8":"product_cat-developpement","9":"pa_auteurs-neale-donald-walsch","11":"first","12":"instock","13":"shipping-taxable","14":"purchasable","15":"product-type-simple"},"_links":{"self":[{"href":"https:\/\/baralivres.ma\/index.php?rest_route=\/wp\/v2\/product\/16786","targetHints":{"allow":["GET"]}}],"collection":[{"href":"https:\/\/baralivres.ma\/index.php?rest_route=\/wp\/v2\/product"}],"about":[{"href":"https:\/\/baralivres.ma\/index.php?rest_route=\/wp\/v2\/types\/product"}],"replies":[{"embeddable":true,"href":"https:\/\/baralivres.ma\/index.php?rest_route=%2Fwp%2Fv2%2Fcomments&post=16786"}],"version-history":[{"count":1,"href":"https:\/\/baralivres.ma\/index.php?rest_route=\/wp\/v2\/product\/16786\/revisions"}],"predecessor-version":[{"id":16788,"href":"https:\/\/baralivres.ma\/index.php?rest_route=\/wp\/v2\/product\/16786\/revisions\/16788"}],"wp:featuredmedia":[{"embeddable":true,"href":"https:\/\/baralivres.ma\/index.php?rest_route=\/wp\/v2\/media\/16787"}],"wp:attachment":[{"href":"https:\/\/baralivres.ma\/index.php?rest_route=%2Fwp%2Fv2%2Fmedia&parent=16786"}],"wp:term":[{"taxonomy":"product_cat","embeddable":true,"href":"https:\/\/baralivres.ma\/index.php?rest_route=%2Fwp%2Fv2%2Fproduct_cat&post=16786"},{"taxonomy":"product_tag","embeddable":true,"href":"https:\/\/baralivres.ma\/index.php?rest_route=%2Fwp%2Fv2%2Fproduct_tag&post=16786"}],"curies":[{"name":"wp","href":"https:\/\/api.w.org\/{rel}","templated":true}]}}