{"id":16761,"date":"2023-10-31T16:53:10","date_gmt":"2023-10-31T15:53:10","guid":{"rendered":"https:\/\/baralivres.ma\/?post_type=product&#038;p=16761"},"modified":"2024-11-22T11:57:37","modified_gmt":"2024-11-22T10:57:37","slug":"eradiquez-le-bullshit-dans-votre-entreprise","status":"publish","type":"product","link":"https:\/\/baralivres.ma\/?product=eradiquez-le-bullshit-dans-votre-entreprise","title":{"rendered":"\u00c9radiquez le bullshit dans votre entreprise"},"content":{"rendered":"<p>Le constat est clair : les diaporamas interminables qui restent ignor\u00e9s, les 200 courriels inutiles o\u00f9 vous \u00eates en copie, les r\u00e9unions qui en entra\u00eenent d&rsquo;autres sans fin&#8230; Tout cela, la bureaucratie, les proc\u00e9dures excessivement longues, le manque de retour d&rsquo;information et d&rsquo;objectifs clairs sont responsables d&rsquo;une perte consid\u00e9rable de productivit\u00e9 et de motivation au sein des entreprises.<\/p>\n<p>Cependant, il est important de souligner que cette situation n&rsquo;est pas in\u00e9luctable, et il existe des solutions \u00e0 notre port\u00e9e ! Martin Lindstrom, un expert en transformation d&rsquo;entreprises, propose un guide d&rsquo;action incisif. Il nous invite \u00e0 devenir, en 90 jours, des \u00ab\u00a0agents du bon sens\u00a0\u00bb, que nous soyons employ\u00e9s ou cadres. Notre mission consiste \u00e0 r\u00e9activer l&rsquo;intelligence collective, \u00e0 am\u00e9liorer la communication entre la direction et les \u00e9quipes, \u00e0 \u00e9liminer les dysfonctionnements et les proc\u00e9dures inutiles, et \u00e0 lib\u00e9rer l&rsquo;entreprise des probl\u00e8mes internes qui entravent la recherche du v\u00e9ritable sens au travail.<\/p>\n","protected":false},"excerpt":{"rendered":"<p>Bureaucratie, inefficacit\u00e9, et manque de sens au travail, mais solutions par Martin Lindstrom pour transformation positive.<\/p>\n","protected":false},"featured_media":16764,"comment_status":"open","ping_status":"closed","template":"","meta":{"inline_featured_image":false},"product_cat":[3896,91],"product_tag":[],"class_list":{"0":"post-16761","1":"product","2":"type-product","3":"status-publish","4":"has-post-thumbnail","6":"product_cat-developpement-francais","7":"product_cat-developpement","8":"pa_auteurs-valentine-palfrey","10":"first","11":"instock","12":"shipping-taxable","13":"purchasable","14":"product-type-simple"},"_links":{"self":[{"href":"https:\/\/baralivres.ma\/index.php?rest_route=\/wp\/v2\/product\/16761","targetHints":{"allow":["GET"]}}],"collection":[{"href":"https:\/\/baralivres.ma\/index.php?rest_route=\/wp\/v2\/product"}],"about":[{"href":"https:\/\/baralivres.ma\/index.php?rest_route=\/wp\/v2\/types\/product"}],"replies":[{"embeddable":true,"href":"https:\/\/baralivres.ma\/index.php?rest_route=%2Fwp%2Fv2%2Fcomments&post=16761"}],"version-history":[{"count":1,"href":"https:\/\/baralivres.ma\/index.php?rest_route=\/wp\/v2\/product\/16761\/revisions"}],"predecessor-version":[{"id":16766,"href":"https:\/\/baralivres.ma\/index.php?rest_route=\/wp\/v2\/product\/16761\/revisions\/16766"}],"wp:featuredmedia":[{"embeddable":true,"href":"https:\/\/baralivres.ma\/index.php?rest_route=\/wp\/v2\/media\/16764"}],"wp:attachment":[{"href":"https:\/\/baralivres.ma\/index.php?rest_route=%2Fwp%2Fv2%2Fmedia&parent=16761"}],"wp:term":[{"taxonomy":"product_cat","embeddable":true,"href":"https:\/\/baralivres.ma\/index.php?rest_route=%2Fwp%2Fv2%2Fproduct_cat&post=16761"},{"taxonomy":"product_tag","embeddable":true,"href":"https:\/\/baralivres.ma\/index.php?rest_route=%2Fwp%2Fv2%2Fproduct_tag&post=16761"}],"curies":[{"name":"wp","href":"https:\/\/api.w.org\/{rel}","templated":true}]}}