{"id":16756,"date":"2023-10-31T16:50:51","date_gmt":"2023-10-31T15:50:51","guid":{"rendered":"https:\/\/baralivres.ma\/?post_type=product&#038;p=16756"},"modified":"2026-02-14T09:07:37","modified_gmt":"2026-02-14T08:07:37","slug":"je-reinvente-ma-vie","status":"publish","type":"product","link":"https:\/\/baralivres.ma\/?product=je-reinvente-ma-vie","title":{"rendered":"Je r\u00e9invente ma vie"},"content":{"rendered":"<p>D\u00e9couvrez comment briser les sch\u00e9mas de pens\u00e9e destructeurs et les comportements nuisibles issus de votre pass\u00e9. Ce guide, bas\u00e9 sur la th\u00e9rapie cognitive, identifie onze sch\u00e9mas fondamentaux, fournit des tests diagnostiques, et offre des strat\u00e9gies pour surmonter ces obstacles. En utilisant ces outils, vous transformerez vos habitudes et croyances pour une meilleure connaissance de vous-m\u00eame.<\/p>\n","protected":false},"excerpt":{"rendered":"<p>Identifiez et changez les sch\u00e9mas de pens\u00e9e destructeurs en utilisant la th\u00e9rapie cognitive, am\u00e9liorez-vous et comprenez-vous mieux.<\/p>\n","protected":false},"featured_media":16762,"comment_status":"open","ping_status":"closed","template":"","meta":{"inline_featured_image":false},"product_cat":[3896,3674,91],"product_tag":[],"class_list":{"0":"post-16756","1":"product","2":"type-product","3":"status-publish","4":"has-post-thumbnail","6":"product_cat-developpement-francais","7":"product_cat-best-s","8":"product_cat-developpement","9":"pa_auteurs-jeffrey-e-young","11":"first","12":"instock","13":"shipping-taxable","14":"purchasable","15":"product-type-simple"},"_links":{"self":[{"href":"https:\/\/baralivres.ma\/index.php?rest_route=\/wp\/v2\/product\/16756","targetHints":{"allow":["GET"]}}],"collection":[{"href":"https:\/\/baralivres.ma\/index.php?rest_route=\/wp\/v2\/product"}],"about":[{"href":"https:\/\/baralivres.ma\/index.php?rest_route=\/wp\/v2\/types\/product"}],"replies":[{"embeddable":true,"href":"https:\/\/baralivres.ma\/index.php?rest_route=%2Fwp%2Fv2%2Fcomments&post=16756"}],"version-history":[{"count":1,"href":"https:\/\/baralivres.ma\/index.php?rest_route=\/wp\/v2\/product\/16756\/revisions"}],"predecessor-version":[{"id":16763,"href":"https:\/\/baralivres.ma\/index.php?rest_route=\/wp\/v2\/product\/16756\/revisions\/16763"}],"wp:featuredmedia":[{"embeddable":true,"href":"https:\/\/baralivres.ma\/index.php?rest_route=\/wp\/v2\/media\/16762"}],"wp:attachment":[{"href":"https:\/\/baralivres.ma\/index.php?rest_route=%2Fwp%2Fv2%2Fmedia&parent=16756"}],"wp:term":[{"taxonomy":"product_cat","embeddable":true,"href":"https:\/\/baralivres.ma\/index.php?rest_route=%2Fwp%2Fv2%2Fproduct_cat&post=16756"},{"taxonomy":"product_tag","embeddable":true,"href":"https:\/\/baralivres.ma\/index.php?rest_route=%2Fwp%2Fv2%2Fproduct_tag&post=16756"}],"curies":[{"name":"wp","href":"https:\/\/api.w.org\/{rel}","templated":true}]}}