{"id":16753,"date":"2023-10-31T16:47:03","date_gmt":"2023-10-31T15:47:03","guid":{"rendered":"https:\/\/baralivres.ma\/?post_type=product&#038;p=16753"},"modified":"2023-12-04T11:40:59","modified_gmt":"2023-12-04T10:40:59","slug":"le-lean-management-au-coeur-des-services","status":"publish","type":"product","link":"https:\/\/baralivres.ma\/?product=le-lean-management-au-coeur-des-services","title":{"rendered":"Le Lean management au coeur des services"},"content":{"rendered":"<p>Vous d\u00e9sirez am\u00e9liorer la performance, l&rsquo;agilit\u00e9 et l&rsquo;orientation client de votre entreprise ? La m\u00e9thode lean est l&rsquo;approche qu&rsquo;il vous faut ! Vous constaterez que le lean ne consiste pas du tout \u00e0 mettre de la pression sur vos collaborateurs.<\/p>\n<p>Initi\u00e9e il y a plus de 70 ans par Toyota et d\u00e9sormais adopt\u00e9e mondialement, bien au-del\u00e0 du secteur industriel, le succ\u00e8s du lean englobe tous les aspects : culturels, organisationnels et manag\u00e9riaux.<\/p>\n<p>Cet ouvrage de r\u00e9f\u00e9rence vous plonge dans le contexte des services, en exposant et en illustrant chaque principe fondamental du lean \u00e0 travers de nombreux exemples concrets. Il vous permettra de m\u00e9tamorphoser en profondeur et de mani\u00e8re durable votre entreprise, en insufflant une nouvelle \u00e9nergie et une passion renouvel\u00e9e au sein de votre \u00e9quipe.<\/p>\n","protected":false},"excerpt":{"rendered":"<p>Le lean am\u00e9liore la performance en entreprise gr\u00e2ce \u00e0 Toyota, applicable aux services, promouvant transformation et engagement.<\/p>\n","protected":false},"featured_media":20627,"comment_status":"open","ping_status":"closed","template":"","meta":{"inline_featured_image":false},"product_cat":[204,91],"product_tag":[],"class_list":{"0":"post-16753","1":"product","2":"type-product","3":"status-publish","4":"has-post-thumbnail","6":"product_cat-francais","7":"product_cat-developpement","8":"pa_auteurs-rene-olivier","10":"first","11":"instock","12":"shipping-taxable","13":"purchasable","14":"product-type-simple"},"_links":{"self":[{"href":"https:\/\/baralivres.ma\/index.php?rest_route=\/wp\/v2\/product\/16753","targetHints":{"allow":["GET"]}}],"collection":[{"href":"https:\/\/baralivres.ma\/index.php?rest_route=\/wp\/v2\/product"}],"about":[{"href":"https:\/\/baralivres.ma\/index.php?rest_route=\/wp\/v2\/types\/product"}],"replies":[{"embeddable":true,"href":"https:\/\/baralivres.ma\/index.php?rest_route=%2Fwp%2Fv2%2Fcomments&post=16753"}],"version-history":[{"count":1,"href":"https:\/\/baralivres.ma\/index.php?rest_route=\/wp\/v2\/product\/16753\/revisions"}],"predecessor-version":[{"id":16757,"href":"https:\/\/baralivres.ma\/index.php?rest_route=\/wp\/v2\/product\/16753\/revisions\/16757"}],"wp:featuredmedia":[{"embeddable":true,"href":"https:\/\/baralivres.ma\/index.php?rest_route=\/wp\/v2\/media\/20627"}],"wp:attachment":[{"href":"https:\/\/baralivres.ma\/index.php?rest_route=%2Fwp%2Fv2%2Fmedia&parent=16753"}],"wp:term":[{"taxonomy":"product_cat","embeddable":true,"href":"https:\/\/baralivres.ma\/index.php?rest_route=%2Fwp%2Fv2%2Fproduct_cat&post=16753"},{"taxonomy":"product_tag","embeddable":true,"href":"https:\/\/baralivres.ma\/index.php?rest_route=%2Fwp%2Fv2%2Fproduct_tag&post=16753"}],"curies":[{"name":"wp","href":"https:\/\/api.w.org\/{rel}","templated":true}]}}