{"id":16737,"date":"2023-10-31T16:26:33","date_gmt":"2023-10-31T15:26:33","guid":{"rendered":"https:\/\/baralivres.ma\/?post_type=product&#038;p=16737"},"modified":"2023-10-31T16:26:33","modified_gmt":"2023-10-31T15:26:33","slug":"le-rayon-vert","status":"publish","type":"product","link":"https:\/\/baralivres.ma\/?product=le-rayon-vert","title":{"rendered":"Le Rayon vert"},"content":{"rendered":"<p>Miss Campbell \u00e9coutait en silence, parfois relevant ses magnifiques yeux vers le jeune homme, qui ne cherchait pas \u00e0 la d\u00e9ranger de son regard. Un sourire \u00e9claira son visage quand il parla de sa passion pour la chasse ou plut\u00f4t la recherche des nuances marines. Elle ne put s&#8217;emp\u00eacher de sourire, pensant qu&rsquo;elle aussi \u00e9tait \u00e0 la recherche d&rsquo;une aventure similaire, bien que moins p\u00e9rilleuse : la chasse aux nuances c\u00e9lestes, la qu\u00eate du Rayon-Vert. Lorsque deux jeunes audacieux se lancent \u00e0 la recherche du ph\u00e9nom\u00e8ne optique aussi spectaculaire que rare qu&rsquo;est le Rayon Vert&#8230; C&rsquo;est l&rsquo;histoire d&rsquo;amour irr\u00e9sistible, insouciante et espi\u00e8gle, qui a inspir\u00e9 le cin\u00e9aste \u00c9ric Rohmer.<\/p>\n","protected":false},"excerpt":{"rendered":"<p>Un silence complice, regards \u00e9chang\u00e9s, chasse aux rayons verts, naissance d&rsquo;une histoire d&rsquo;amour dans un film d&rsquo;\u00c9ric Rohmer.<\/p>\n","protected":false},"featured_media":16738,"comment_status":"open","ping_status":"closed","template":"","meta":{"inline_featured_image":false},"product_cat":[204,143],"product_tag":[],"class_list":{"0":"post-16737","1":"product","2":"type-product","3":"status-publish","4":"has-post-thumbnail","6":"product_cat-francais","7":"product_cat-roman","8":"pa_auteurs-jules-verne","10":"first","11":"instock","12":"shipping-taxable","13":"purchasable","14":"product-type-simple"},"_links":{"self":[{"href":"https:\/\/baralivres.ma\/index.php?rest_route=\/wp\/v2\/product\/16737","targetHints":{"allow":["GET"]}}],"collection":[{"href":"https:\/\/baralivres.ma\/index.php?rest_route=\/wp\/v2\/product"}],"about":[{"href":"https:\/\/baralivres.ma\/index.php?rest_route=\/wp\/v2\/types\/product"}],"replies":[{"embeddable":true,"href":"https:\/\/baralivres.ma\/index.php?rest_route=%2Fwp%2Fv2%2Fcomments&post=16737"}],"version-history":[{"count":1,"href":"https:\/\/baralivres.ma\/index.php?rest_route=\/wp\/v2\/product\/16737\/revisions"}],"predecessor-version":[{"id":16739,"href":"https:\/\/baralivres.ma\/index.php?rest_route=\/wp\/v2\/product\/16737\/revisions\/16739"}],"wp:featuredmedia":[{"embeddable":true,"href":"https:\/\/baralivres.ma\/index.php?rest_route=\/wp\/v2\/media\/16738"}],"wp:attachment":[{"href":"https:\/\/baralivres.ma\/index.php?rest_route=%2Fwp%2Fv2%2Fmedia&parent=16737"}],"wp:term":[{"taxonomy":"product_cat","embeddable":true,"href":"https:\/\/baralivres.ma\/index.php?rest_route=%2Fwp%2Fv2%2Fproduct_cat&post=16737"},{"taxonomy":"product_tag","embeddable":true,"href":"https:\/\/baralivres.ma\/index.php?rest_route=%2Fwp%2Fv2%2Fproduct_tag&post=16737"}],"curies":[{"name":"wp","href":"https:\/\/api.w.org\/{rel}","templated":true}]}}