{"id":16711,"date":"2023-10-31T16:07:46","date_gmt":"2023-10-31T15:07:46","guid":{"rendered":"https:\/\/baralivres.ma\/?post_type=product&#038;p=16711"},"modified":"2023-10-31T16:07:46","modified_gmt":"2023-10-31T15:07:46","slug":"le-regne-de-lhomme","status":"publish","type":"product","link":"https:\/\/baralivres.ma\/?product=le-regne-de-lhomme","title":{"rendered":"Le r\u00e8gne de l&rsquo;homme"},"content":{"rendered":"<p>\u00c0 l&rsquo;\u00e9poque moderne, l&rsquo;homme s&rsquo;est per\u00e7u comme le cr\u00e9ateur de sa propre humanit\u00e9, en rupture avec les croyances anciennes o\u00f9 il se consid\u00e9rait comme une cr\u00e9ation de la nature ou un enfant de Dieu. D\u00e9sormais, son ambition est de conqu\u00e9rir la nature et de se lib\u00e9rer des contraintes divines, cherchant \u00e0 rompre avec le pass\u00e9, \u00e9tablir ses propres lois, d\u00e9finir ses objectifs et exercer son pouvoir. Cet ouvrage explore cette ambition vertigineuse : Descartes envisageait un homme dominant la nature, tandis que des si\u00e8cles plus tard, Nietzsche proclamait la n\u00e9cessit\u00e9 de transcender l&rsquo;homme, jugeant qu&rsquo;il ne r\u00e9pondait plus aux attentes qu&rsquo;il avait lui-m\u00eame fix\u00e9es.<\/p>\n<p>R\u00e9mi Brague examine les origines de ce projet et identifie les caract\u00e9ristiques qui ont progressivement d\u00e9fini la nouvelle humanit\u00e9, dont nous sommes les h\u00e9ritiers. Ce livre retrace l&rsquo;\u00e9volution de l&rsquo;homme moderne en convoquant \u00e0 la fois la philosophie et la litt\u00e9rature. Il explore les espoirs et l&rsquo;enthousiasme des d\u00e9buts de cette \u00e8re, mais aussi les angoisses et les d\u00e9sillusions qui ont accompagn\u00e9 son \u00e9chec face \u00e0 cette entreprise impossible.<\/p>\n<p>\u00ab\u00a0Le R\u00e8gne de l&rsquo;homme\u00a0\u00bb cl\u00f4t une vaste enqu\u00eate sur la mani\u00e8re dont l&rsquo;homme, de l&rsquo;Antiquit\u00e9 \u00e0 nos jours, a repens\u00e9 son rapport avec le monde, Dieu, et enfin avec lui-m\u00eame.<\/p>\n","protected":false},"excerpt":{"rendered":"<p>L&rsquo;\u00e9volution de l&rsquo;homme moderne vers autonomie, pouvoir et \u00e9chec face aux attentes autod\u00e9finies.<\/p>\n","protected":false},"featured_media":16718,"comment_status":"open","ping_status":"closed","template":"","meta":{"inline_featured_image":false},"product_cat":[204,143],"product_tag":[],"class_list":{"0":"post-16711","1":"product","2":"type-product","3":"status-publish","4":"has-post-thumbnail","6":"product_cat-francais","7":"product_cat-roman","8":"pa_auteurs-remi-brague","10":"first","11":"instock","12":"shipping-taxable","13":"purchasable","14":"product-type-simple"},"_links":{"self":[{"href":"https:\/\/baralivres.ma\/index.php?rest_route=\/wp\/v2\/product\/16711","targetHints":{"allow":["GET"]}}],"collection":[{"href":"https:\/\/baralivres.ma\/index.php?rest_route=\/wp\/v2\/product"}],"about":[{"href":"https:\/\/baralivres.ma\/index.php?rest_route=\/wp\/v2\/types\/product"}],"replies":[{"embeddable":true,"href":"https:\/\/baralivres.ma\/index.php?rest_route=%2Fwp%2Fv2%2Fcomments&post=16711"}],"version-history":[{"count":1,"href":"https:\/\/baralivres.ma\/index.php?rest_route=\/wp\/v2\/product\/16711\/revisions"}],"predecessor-version":[{"id":16720,"href":"https:\/\/baralivres.ma\/index.php?rest_route=\/wp\/v2\/product\/16711\/revisions\/16720"}],"wp:featuredmedia":[{"embeddable":true,"href":"https:\/\/baralivres.ma\/index.php?rest_route=\/wp\/v2\/media\/16718"}],"wp:attachment":[{"href":"https:\/\/baralivres.ma\/index.php?rest_route=%2Fwp%2Fv2%2Fmedia&parent=16711"}],"wp:term":[{"taxonomy":"product_cat","embeddable":true,"href":"https:\/\/baralivres.ma\/index.php?rest_route=%2Fwp%2Fv2%2Fproduct_cat&post=16711"},{"taxonomy":"product_tag","embeddable":true,"href":"https:\/\/baralivres.ma\/index.php?rest_route=%2Fwp%2Fv2%2Fproduct_tag&post=16711"}],"curies":[{"name":"wp","href":"https:\/\/api.w.org\/{rel}","templated":true}]}}