{"id":16624,"date":"2023-10-31T15:21:37","date_gmt":"2023-10-31T14:21:37","guid":{"rendered":"https:\/\/baralivres.ma\/?post_type=product&#038;p=16624"},"modified":"2023-10-31T15:21:38","modified_gmt":"2023-10-31T14:21:38","slug":"la-philosophie-dans-le-boudoir","status":"publish","type":"product","link":"https:\/\/baralivres.ma\/?product=la-philosophie-dans-le-boudoir","title":{"rendered":"La Philosophie dans le boudoir"},"content":{"rendered":"<p>Dolmanc\u00e9 : Ne me poussez pas \u00e0 d\u00e9voiler mes p\u00e9ch\u00e9s, leur quantit\u00e9 et leur nature me feraient rougir bien trop. Peut-\u00eatre un jour je vous les confesserai. Mme de Saint-Ange, en le prenant dans ses bras : Homme exceptionnel&#8230; je vous v\u00e9n\u00e8re. Il faut poss\u00e9der une grande intelligence et une grande audace pour avoir explor\u00e9 tous les plaisirs, comme vous l&rsquo;avez fait. Seul un homme de g\u00e9nie peut revendiquer l&rsquo;honneur de briser les cha\u00eenes de l&rsquo;ignorance et de la b\u00eatise. Embrassez-moi, vous \u00eates irr\u00e9sistible. Dans un somptueux boudoir, trois d\u00e9bauch\u00e9s en pleine sant\u00e9 et d\u00e9bordants d&rsquo;imagination accueillent une jeune femme avide d&rsquo;apprendre&#8230;<\/p>\n","protected":false},"excerpt":{"rendered":"<p>Dolmanc\u00e9 exprime sa r\u00e9ticence \u00e0 d\u00e9voiler ses p\u00e9ch\u00e9s, tandis que Mme de Saint-Ange loue sa d\u00e9bauche intellectuelle.<\/p>\n","protected":false},"featured_media":16626,"comment_status":"open","ping_status":"closed","template":"","meta":{"inline_featured_image":false},"product_cat":[204,143],"product_tag":[],"class_list":{"0":"post-16624","1":"product","2":"type-product","3":"status-publish","4":"has-post-thumbnail","6":"product_cat-francais","7":"product_cat-roman","8":"pa_auteurs-donatien-alphonse-francois-de-sade","10":"first","11":"instock","12":"shipping-taxable","13":"purchasable","14":"product-type-simple"},"_links":{"self":[{"href":"https:\/\/baralivres.ma\/index.php?rest_route=\/wp\/v2\/product\/16624","targetHints":{"allow":["GET"]}}],"collection":[{"href":"https:\/\/baralivres.ma\/index.php?rest_route=\/wp\/v2\/product"}],"about":[{"href":"https:\/\/baralivres.ma\/index.php?rest_route=\/wp\/v2\/types\/product"}],"replies":[{"embeddable":true,"href":"https:\/\/baralivres.ma\/index.php?rest_route=%2Fwp%2Fv2%2Fcomments&post=16624"}],"version-history":[{"count":1,"href":"https:\/\/baralivres.ma\/index.php?rest_route=\/wp\/v2\/product\/16624\/revisions"}],"predecessor-version":[{"id":16630,"href":"https:\/\/baralivres.ma\/index.php?rest_route=\/wp\/v2\/product\/16624\/revisions\/16630"}],"wp:featuredmedia":[{"embeddable":true,"href":"https:\/\/baralivres.ma\/index.php?rest_route=\/wp\/v2\/media\/16626"}],"wp:attachment":[{"href":"https:\/\/baralivres.ma\/index.php?rest_route=%2Fwp%2Fv2%2Fmedia&parent=16624"}],"wp:term":[{"taxonomy":"product_cat","embeddable":true,"href":"https:\/\/baralivres.ma\/index.php?rest_route=%2Fwp%2Fv2%2Fproduct_cat&post=16624"},{"taxonomy":"product_tag","embeddable":true,"href":"https:\/\/baralivres.ma\/index.php?rest_route=%2Fwp%2Fv2%2Fproduct_tag&post=16624"}],"curies":[{"name":"wp","href":"https:\/\/api.w.org\/{rel}","templated":true}]}}