{"id":16598,"date":"2023-10-31T15:10:57","date_gmt":"2023-10-31T14:10:57","guid":{"rendered":"https:\/\/baralivres.ma\/?post_type=product&#038;p=16598"},"modified":"2023-10-31T15:10:58","modified_gmt":"2023-10-31T14:10:58","slug":"traite-sur-la-tolerance","status":"publish","type":"product","link":"https:\/\/baralivres.ma\/?product=traite-sur-la-tolerance","title":{"rendered":"Trait\u00e9 sur la Tol\u00e9rance"},"content":{"rendered":"<p>Convaincu de l&rsquo;innocence de Calas, ex\u00e9cut\u00e9 en 1762, Voltaire s&rsquo;engage activement dans la qu\u00eate de justice en utilisant sa plume. Le n\u00e9gociant huguenot avait \u00e9t\u00e9 accus\u00e9 du meurtre de son fils, qui souhaitait se convertir au catholicisme. Avec une ironie incisive et un style incomparable, l&rsquo;\u00e9crivain plaide en faveur du respect des convictions et de la tol\u00e9rance, offrant ainsi une r\u00e9flexion pertinente sur le syst\u00e8me judiciaire, la responsabilit\u00e9 des juges et les cons\u00e9quences n\u00e9fastes des lois.<\/p>\n","protected":false},"excerpt":{"rendered":"<p>Voltaire soutient Calas accus\u00e9 injustement de meurtre pour sa foi, plaidant pour tol\u00e9rance et r\u00e9forme judiciaire.<\/p>\n","protected":false},"featured_media":16601,"comment_status":"open","ping_status":"closed","template":"","meta":{"inline_featured_image":false},"product_cat":[204,143],"product_tag":[],"class_list":{"0":"post-16598","1":"product","2":"type-product","3":"status-publish","4":"has-post-thumbnail","6":"product_cat-francais","7":"product_cat-roman","8":"pa_auteurs-voltaire","10":"first","11":"instock","12":"shipping-taxable","13":"purchasable","14":"product-type-simple"},"_links":{"self":[{"href":"https:\/\/baralivres.ma\/index.php?rest_route=\/wp\/v2\/product\/16598","targetHints":{"allow":["GET"]}}],"collection":[{"href":"https:\/\/baralivres.ma\/index.php?rest_route=\/wp\/v2\/product"}],"about":[{"href":"https:\/\/baralivres.ma\/index.php?rest_route=\/wp\/v2\/types\/product"}],"replies":[{"embeddable":true,"href":"https:\/\/baralivres.ma\/index.php?rest_route=%2Fwp%2Fv2%2Fcomments&post=16598"}],"version-history":[{"count":1,"href":"https:\/\/baralivres.ma\/index.php?rest_route=\/wp\/v2\/product\/16598\/revisions"}],"predecessor-version":[{"id":16605,"href":"https:\/\/baralivres.ma\/index.php?rest_route=\/wp\/v2\/product\/16598\/revisions\/16605"}],"wp:featuredmedia":[{"embeddable":true,"href":"https:\/\/baralivres.ma\/index.php?rest_route=\/wp\/v2\/media\/16601"}],"wp:attachment":[{"href":"https:\/\/baralivres.ma\/index.php?rest_route=%2Fwp%2Fv2%2Fmedia&parent=16598"}],"wp:term":[{"taxonomy":"product_cat","embeddable":true,"href":"https:\/\/baralivres.ma\/index.php?rest_route=%2Fwp%2Fv2%2Fproduct_cat&post=16598"},{"taxonomy":"product_tag","embeddable":true,"href":"https:\/\/baralivres.ma\/index.php?rest_route=%2Fwp%2Fv2%2Fproduct_tag&post=16598"}],"curies":[{"name":"wp","href":"https:\/\/api.w.org\/{rel}","templated":true}]}}