{"id":16575,"date":"2023-10-31T14:58:55","date_gmt":"2023-10-31T13:58:55","guid":{"rendered":"https:\/\/baralivres.ma\/?post_type=product&#038;p=16575"},"modified":"2023-10-31T14:58:56","modified_gmt":"2023-10-31T13:58:56","slug":"cher-monsieur-germain","status":"publish","type":"product","link":"https:\/\/baralivres.ma\/?product=cher-monsieur-germain","title":{"rendered":"Cher Monsieur Germain,&#8230;"},"content":{"rendered":"<p>Le 19 novembre 1957, Monsieur Germain,Je souhaite partager avec vous mes sentiments sinc\u00e8res apr\u00e8s un moment de recueillement, loin de l&rsquo;agitation qui a entour\u00e9 ces derniers jours. On m&rsquo;a fait l&rsquo;immense honneur que je n&rsquo;ai ni sollicit\u00e9 ni recherch\u00e9. Cependant, d\u00e8s que j&rsquo;ai appris la nouvelle, apr\u00e8s avoir pens\u00e9 \u00e0 ma m\u00e8re, mes premi\u00e8res pens\u00e9es se sont dirig\u00e9es vers vous. Sans votre soutien inconditionnel, sans l&rsquo;affection que vous avez prodigu\u00e9e au jeune enfant d\u00e9favoris\u00e9 que j&rsquo;\u00e9tais, sans vos enseignements et votre exemple, rien de tout cela ne serait advenu. (&#8230;)Je vous embrasse de tout mon c\u0153ur, avec une profonde gratitude.Albert CamusApr\u00e8s avoir re\u00e7u le prix Nobel de litt\u00e9rature, Albert Camus adresse une lettre empreinte de reconnaissance \u00e0 son ancien professeur \u00e0 Alger, l&rsquo;individu sans lequel, selon lui, rien de tout cela n&rsquo;aurait \u00e9t\u00e9 possible. Cette correspondance compl\u00e8te entre les deux hommes, ainsi qu&rsquo;un extrait du livre \u00ab\u00a0Le Premier homme\u00a0\u00bb, o\u00f9 le personnage de l&rsquo;instituteur M. Bernard appara\u00eet, sont pr\u00e9sent\u00e9s dans ce recueil. Cette publication se veut un hommage \u00e0 ce lien exceptionnel empreint de gratitude et de tendresse.<\/p>\n","protected":false},"excerpt":{"rendered":"<p>Camus exprime sa profonde gratitude envers son instituteur, Monsieur Germain, pour son succ\u00e8s litt\u00e9raire apr\u00e8s le Nobel.<\/p>\n","protected":false},"featured_media":16578,"comment_status":"open","ping_status":"closed","template":"","meta":{"inline_featured_image":false},"product_cat":[204,143],"product_tag":[],"class_list":{"0":"post-16575","1":"product","2":"type-product","3":"status-publish","4":"has-post-thumbnail","6":"product_cat-francais","7":"product_cat-roman","8":"pa_auteurs-albert-camus","10":"first","11":"instock","12":"shipping-taxable","13":"purchasable","14":"product-type-simple"},"_links":{"self":[{"href":"https:\/\/baralivres.ma\/index.php?rest_route=\/wp\/v2\/product\/16575","targetHints":{"allow":["GET"]}}],"collection":[{"href":"https:\/\/baralivres.ma\/index.php?rest_route=\/wp\/v2\/product"}],"about":[{"href":"https:\/\/baralivres.ma\/index.php?rest_route=\/wp\/v2\/types\/product"}],"replies":[{"embeddable":true,"href":"https:\/\/baralivres.ma\/index.php?rest_route=%2Fwp%2Fv2%2Fcomments&post=16575"}],"version-history":[{"count":2,"href":"https:\/\/baralivres.ma\/index.php?rest_route=\/wp\/v2\/product\/16575\/revisions"}],"predecessor-version":[{"id":16580,"href":"https:\/\/baralivres.ma\/index.php?rest_route=\/wp\/v2\/product\/16575\/revisions\/16580"}],"wp:featuredmedia":[{"embeddable":true,"href":"https:\/\/baralivres.ma\/index.php?rest_route=\/wp\/v2\/media\/16578"}],"wp:attachment":[{"href":"https:\/\/baralivres.ma\/index.php?rest_route=%2Fwp%2Fv2%2Fmedia&parent=16575"}],"wp:term":[{"taxonomy":"product_cat","embeddable":true,"href":"https:\/\/baralivres.ma\/index.php?rest_route=%2Fwp%2Fv2%2Fproduct_cat&post=16575"},{"taxonomy":"product_tag","embeddable":true,"href":"https:\/\/baralivres.ma\/index.php?rest_route=%2Fwp%2Fv2%2Fproduct_tag&post=16575"}],"curies":[{"name":"wp","href":"https:\/\/api.w.org\/{rel}","templated":true}]}}