{"id":16566,"date":"2023-10-31T14:51:36","date_gmt":"2023-10-31T13:51:36","guid":{"rendered":"https:\/\/baralivres.ma\/?post_type=product&#038;p=16566"},"modified":"2023-10-31T14:51:36","modified_gmt":"2023-10-31T13:51:36","slug":"avant-de-quitter-votre-emploi","status":"publish","type":"product","link":"https:\/\/baralivres.ma\/?product=avant-de-quitter-votre-emploi","title":{"rendered":"Avant de quitter votre emploi"},"content":{"rendered":"<div class=\"group w-full text-token-text-primary border-b border-black\/10 gizmo:border-0 dark:border-gray-900\/50 gizmo:dark:border-0 bg-gray-50 gizmo:bg-transparent dark:bg-[#444654] gizmo:dark:bg-transparent\" data-testid=\"conversation-turn-49\">\n<div class=\"p-4 gizmo:py-2 justify-center text-base md:gap-6 md:py-6 m-auto\">\n<div class=\"flex flex-1 gap-4 text-base mx-auto md:gap-6 gizmo:gap-3 gizmo:md:px-5 gizmo:lg:px-1 gizmo:xl:px-5 md:max-w-2xl lg:max-w-[38rem] gizmo:md:max-w-3xl gizmo:lg:max-w-[40rem] gizmo:xl:max-w-[48rem] xl:max-w-3xl }\">\n<div class=\"relative flex w-[calc(100%-50px)] flex-col gizmo:w-full lg:w-[calc(100%-115px)] agent-turn\">\n<div class=\"flex-col gap-1 md:gap-3\">\n<div class=\"flex flex-grow flex-col gap-3 max-w-full\">\n<div class=\"min-h-[20px] flex flex-col items-start gap-3 whitespace-pre-wrap break-words overflow-x-auto\" data-message-author-role=\"assistant\" data-message-id=\"a7307f9e-81ad-4383-a587-2490acdde6eb\">\n<div class=\"markdown prose w-full break-words dark:prose-invert light\">\n<p>Vous r\u00eavez de devenir riche sans augmenter votre charge de travail ? Vous avez peut-\u00eatre une id\u00e9e que vous estimez valoir des millions de dollars, mais la peur de l&rsquo;\u00e9chec vous retient. En avez-vous assez d&rsquo;enrichir les autres en ob\u00e9issant \u00e0 un patron et en travaillant dur sans voir de progr\u00e8s significatifs dans votre propre vie ? \u00cates-vous pr\u00eat \u00e0 prendre en main votre destin financier en devenant entrepreneur ?<\/p>\n<p>C&rsquo;est exactement ce que propose le livre d&rsquo;un entrepreneur chevronn\u00e9, Robert T. Kiyosaki, qui a commenc\u00e9 son aventure entrepreneuriale d\u00e8s l&rsquo;\u00e2ge de neuf ans. Il partage non seulement ses r\u00e9ussites mais aussi ses \u00e9checs, soulignant les le\u00e7ons pr\u00e9cieuses qu&rsquo;il en a tir\u00e9es. Ce livre, \u00ab\u00a0Avant de quitter votre emploi\u00a0\u00bb, est bien plus qu&rsquo;une simple lecture. Il peut \u00eatre le catalyseur de votre transformation en un entrepreneur prosp\u00e8re.<\/p>\n<p>Ce livre a \u00e9t\u00e9 salu\u00e9 par la critique comme un point de d\u00e9part pour quiconque aspire \u00e0 la v\u00e9ritable ind\u00e9pendance financi\u00e8re. Robert Kiyosaki lui-m\u00eame a atteint ce but et pris sa retraite \u00e0 l&rsquo;\u00e2ge de 47 ans, incarnant ainsi la libert\u00e9 financi\u00e8re que nous cherchons tous \u00e0 atteindre. Laissez-vous guider par ses conseils pour prendre le contr\u00f4le de votre avenir financier.<\/p>\n<\/div>\n<\/div>\n<\/div>\n<div class=\"flex justify-between empty:hidden gizmo:justify-start gizmo:gap-3 lg:block gizmo:lg:flex\">\n<div class=\"text-gray-400 flex self-end lg:self-center justify-center gizmo:lg:justify-start mt-2 gizmo:mt-0 visible lg:gap-1 lg:absolute lg:top-0 lg:translate-x-full lg:right-0 lg:mt-0 lg:pl-2 gap-2 md:gap-3\"><button class=\"flex ml-auto gizmo:ml-0 gap-2 items-center rounded-md p-1 text-xs gizmo:gap-1.5 gizmo:pl-0 dark:text-gray-400 dark:hover:text-gray-200 disabled:dark:hover:text-gray-400 hover:text-gray-700\"><\/button><\/p>\n<div class=\"flex gap-1\"><\/div>\n<\/div>\n<\/div>\n<\/div>\n<\/div>\n<\/div>\n<\/div>\n<\/div>\n","protected":false},"excerpt":{"rendered":"<p>Atteindre la richesse sans travailler plus, \u00eatre un entrepreneur prosp\u00e8re : Robert Kiyosaki partage sa sagesse.<\/p>\n","protected":false},"featured_media":16567,"comment_status":"open","ping_status":"closed","template":"","meta":{"inline_featured_image":false},"product_cat":[204,91],"product_tag":[],"class_list":{"0":"post-16566","1":"product","2":"type-product","3":"status-publish","4":"has-post-thumbnail","6":"product_cat-francais","7":"product_cat-developpement","8":"pa_auteurs-robert-kiyosaki-2","10":"first","11":"instock","12":"shipping-taxable","13":"purchasable","14":"product-type-simple"},"_links":{"self":[{"href":"https:\/\/baralivres.ma\/index.php?rest_route=\/wp\/v2\/product\/16566","targetHints":{"allow":["GET"]}}],"collection":[{"href":"https:\/\/baralivres.ma\/index.php?rest_route=\/wp\/v2\/product"}],"about":[{"href":"https:\/\/baralivres.ma\/index.php?rest_route=\/wp\/v2\/types\/product"}],"replies":[{"embeddable":true,"href":"https:\/\/baralivres.ma\/index.php?rest_route=%2Fwp%2Fv2%2Fcomments&post=16566"}],"version-history":[{"count":1,"href":"https:\/\/baralivres.ma\/index.php?rest_route=\/wp\/v2\/product\/16566\/revisions"}],"predecessor-version":[{"id":16568,"href":"https:\/\/baralivres.ma\/index.php?rest_route=\/wp\/v2\/product\/16566\/revisions\/16568"}],"wp:featuredmedia":[{"embeddable":true,"href":"https:\/\/baralivres.ma\/index.php?rest_route=\/wp\/v2\/media\/16567"}],"wp:attachment":[{"href":"https:\/\/baralivres.ma\/index.php?rest_route=%2Fwp%2Fv2%2Fmedia&parent=16566"}],"wp:term":[{"taxonomy":"product_cat","embeddable":true,"href":"https:\/\/baralivres.ma\/index.php?rest_route=%2Fwp%2Fv2%2Fproduct_cat&post=16566"},{"taxonomy":"product_tag","embeddable":true,"href":"https:\/\/baralivres.ma\/index.php?rest_route=%2Fwp%2Fv2%2Fproduct_tag&post=16566"}],"curies":[{"name":"wp","href":"https:\/\/api.w.org\/{rel}","templated":true}]}}