{"id":16541,"date":"2023-10-31T14:01:14","date_gmt":"2023-10-31T13:01:14","guid":{"rendered":"https:\/\/baralivres.ma\/?post_type=product&#038;p=16541"},"modified":"2023-10-31T14:01:14","modified_gmt":"2023-10-31T13:01:14","slug":"quoi-dire-lorsquon-se-parle","status":"publish","type":"product","link":"https:\/\/baralivres.ma\/?product=quoi-dire-lorsquon-se-parle","title":{"rendered":"QUOI DIRE LORSQU&rsquo;ON SE PARLE"},"content":{"rendered":"<p>Cr\u00e9ez votre propre \u00e9nergie pour r\u00e9aliser vos r\u00eaves en utilisant le monologue int\u00e9rieur positif. Prenez le contr\u00f4le et concentrez-vous sur vos plans. Cultivez des affirmations telles que le pouvoir de votre esprit, de vos talents, et de vos croyances pour fa\u00e7onner votre r\u00e9alit\u00e9. Le psychologue Shad Helmstetter explore les b\u00e9n\u00e9fices d&rsquo;adopter un monologue int\u00e9rieur positif en permanence.<\/p>\n","protected":false},"excerpt":{"rendered":"<p>Forgez l&rsquo;\u00e9nergie et les r\u00eaves en contr\u00f4lant le monologue int\u00e9rieur, cultivant des affirmations positives pour r\u00e9ussir.<\/p>\n","protected":false},"featured_media":16543,"comment_status":"open","ping_status":"closed","template":"","meta":{"inline_featured_image":false},"product_cat":[204,91],"product_tag":[],"class_list":{"0":"post-16541","1":"product","2":"type-product","3":"status-publish","4":"has-post-thumbnail","6":"product_cat-francais","7":"product_cat-developpement","8":"pa_auteurs-shad-helmstetter","10":"first","11":"instock","12":"shipping-taxable","13":"purchasable","14":"product-type-simple"},"_links":{"self":[{"href":"https:\/\/baralivres.ma\/index.php?rest_route=\/wp\/v2\/product\/16541","targetHints":{"allow":["GET"]}}],"collection":[{"href":"https:\/\/baralivres.ma\/index.php?rest_route=\/wp\/v2\/product"}],"about":[{"href":"https:\/\/baralivres.ma\/index.php?rest_route=\/wp\/v2\/types\/product"}],"replies":[{"embeddable":true,"href":"https:\/\/baralivres.ma\/index.php?rest_route=%2Fwp%2Fv2%2Fcomments&post=16541"}],"version-history":[{"count":1,"href":"https:\/\/baralivres.ma\/index.php?rest_route=\/wp\/v2\/product\/16541\/revisions"}],"predecessor-version":[{"id":16544,"href":"https:\/\/baralivres.ma\/index.php?rest_route=\/wp\/v2\/product\/16541\/revisions\/16544"}],"wp:featuredmedia":[{"embeddable":true,"href":"https:\/\/baralivres.ma\/index.php?rest_route=\/wp\/v2\/media\/16543"}],"wp:attachment":[{"href":"https:\/\/baralivres.ma\/index.php?rest_route=%2Fwp%2Fv2%2Fmedia&parent=16541"}],"wp:term":[{"taxonomy":"product_cat","embeddable":true,"href":"https:\/\/baralivres.ma\/index.php?rest_route=%2Fwp%2Fv2%2Fproduct_cat&post=16541"},{"taxonomy":"product_tag","embeddable":true,"href":"https:\/\/baralivres.ma\/index.php?rest_route=%2Fwp%2Fv2%2Fproduct_tag&post=16541"}],"curies":[{"name":"wp","href":"https:\/\/api.w.org\/{rel}","templated":true}]}}