{"id":16515,"date":"2023-10-31T13:32:39","date_gmt":"2023-10-31T12:32:39","guid":{"rendered":"https:\/\/baralivres.ma\/?post_type=product&#038;p=16515"},"modified":"2023-10-31T13:32:39","modified_gmt":"2023-10-31T12:32:39","slug":"prenez-votre-vie-en-main","status":"publish","type":"product","link":"https:\/\/baralivres.ma\/?product=prenez-votre-vie-en-main","title":{"rendered":"PRENEZ VOTRE VIE EN MAIN"},"content":{"rendered":"<p>Explorez votre chemin vers le succ\u00e8s dans le domaine du marketing relationnel en d\u00e9couvrant \u00ab\u00a045 secondes\u00a0\u00bb, un livre qui a captiv\u00e9 l&rsquo;attention de plus de 7 millions de personnes \u00e0 travers le monde. Cette \u0153uvre, pl\u00e9biscit\u00e9e et reconnue depuis des d\u00e9cennies, est une source inestimable de connaissances.<\/p>\n<p>Vous pourriez vous demander pourquoi, avec l&rsquo;efficacit\u00e9 de \u00ab\u00a045 secondes\u00a0\u00bb, un guide pratique suppl\u00e9mentaire est n\u00e9cessaire. La r\u00e9ponse r\u00e9side dans la demande d&rsquo;un grand nombre de professionnels du marketing relationnel qui souhaitent disposer d&rsquo;un outil pour mettre en pratique les principes expos\u00e9s dans le livre, ainsi qu&rsquo;un plan d&rsquo;action concret compos\u00e9 d&rsquo;\u00e9tapes quotidiennes simples \u00e0 suivre.<\/p>\n","protected":false},"excerpt":{"rendered":"<p>D\u00e9couvrez \u00ab\u00a045 secondes\u00a0\u00bb : guide renomm\u00e9 du marketing relationnel, compl\u00e9t\u00e9 par un plan d&rsquo;action pratique. Essentiel \u00e0 r\u00e9ussite.<\/p>\n","protected":false},"featured_media":16518,"comment_status":"open","ping_status":"closed","template":"","meta":{"inline_featured_image":false},"product_cat":[204,91],"product_tag":[],"class_list":{"0":"post-16515","1":"product","2":"type-product","3":"status-publish","4":"has-post-thumbnail","6":"product_cat-francais","7":"product_cat-developpement","8":"pa_auteurs-don-failla","10":"first","11":"instock","12":"shipping-taxable","13":"purchasable","14":"product-type-simple"},"_links":{"self":[{"href":"https:\/\/baralivres.ma\/index.php?rest_route=\/wp\/v2\/product\/16515","targetHints":{"allow":["GET"]}}],"collection":[{"href":"https:\/\/baralivres.ma\/index.php?rest_route=\/wp\/v2\/product"}],"about":[{"href":"https:\/\/baralivres.ma\/index.php?rest_route=\/wp\/v2\/types\/product"}],"replies":[{"embeddable":true,"href":"https:\/\/baralivres.ma\/index.php?rest_route=%2Fwp%2Fv2%2Fcomments&post=16515"}],"version-history":[{"count":1,"href":"https:\/\/baralivres.ma\/index.php?rest_route=\/wp\/v2\/product\/16515\/revisions"}],"predecessor-version":[{"id":16519,"href":"https:\/\/baralivres.ma\/index.php?rest_route=\/wp\/v2\/product\/16515\/revisions\/16519"}],"wp:featuredmedia":[{"embeddable":true,"href":"https:\/\/baralivres.ma\/index.php?rest_route=\/wp\/v2\/media\/16518"}],"wp:attachment":[{"href":"https:\/\/baralivres.ma\/index.php?rest_route=%2Fwp%2Fv2%2Fmedia&parent=16515"}],"wp:term":[{"taxonomy":"product_cat","embeddable":true,"href":"https:\/\/baralivres.ma\/index.php?rest_route=%2Fwp%2Fv2%2Fproduct_cat&post=16515"},{"taxonomy":"product_tag","embeddable":true,"href":"https:\/\/baralivres.ma\/index.php?rest_route=%2Fwp%2Fv2%2Fproduct_tag&post=16515"}],"curies":[{"name":"wp","href":"https:\/\/api.w.org\/{rel}","templated":true}]}}