{"id":16510,"date":"2023-10-31T13:06:51","date_gmt":"2023-10-31T12:06:51","guid":{"rendered":"https:\/\/baralivres.ma\/?post_type=product&#038;p=16510"},"modified":"2023-10-31T13:06:52","modified_gmt":"2023-10-31T12:06:52","slug":"lenigme-de-la-marie-galante","status":"publish","type":"product","link":"https:\/\/baralivres.ma\/?product=lenigme-de-la-marie-galante","title":{"rendered":"L&rsquo;\u00e9nigme de la \u00ab\u00a0Marie-Galante\u00a0\u00bb"},"content":{"rendered":"<p>Pour quelle raison restaurer la vieille go\u00e9lette Marie-Galante, laiss\u00e9e \u00e0 l&rsquo;abandon dans le port de F\u00e9camp ? Pourquoi la faire naviguer en pleine nuit comme un navire spectral ? Qui est la femme dont le cadavre a \u00e9t\u00e9 d\u00e9couvert dans la cale ? Et qui est responsable de son meurtre ? Autant d&rsquo;interrogations auxquelles G.7 doit r\u00e9pondre dans sa premi\u00e8re enqu\u00eate en tant que d\u00e9tective priv\u00e9. Malheureusement, un mauvais rhume l&rsquo;immobilise au lit ! Plongez dans une br\u00e8ve histoire pour explorer l&rsquo;ambiance, l&rsquo;humour, et les personnages hauts en couleur de Simenon, un des grands ma\u00eetres du genre policier.<\/p>\n","protected":false},"excerpt":{"rendered":"<p>Un d\u00e9tective, G.7, enqu\u00eate sur la r\u00e9novation d&rsquo;une go\u00e9lette, un meurtre, et son rhume persistant. L&rsquo;humour de Simenon est \u00e0 d\u00e9couvrir<\/p>\n","protected":false},"featured_media":16511,"comment_status":"open","ping_status":"closed","template":"","meta":{"inline_featured_image":false},"product_cat":[204,143],"product_tag":[],"class_list":{"0":"post-16510","1":"product","2":"type-product","3":"status-publish","4":"has-post-thumbnail","6":"product_cat-francais","7":"product_cat-roman","8":"pa_auteurs-georges-simenon","10":"first","11":"instock","12":"shipping-taxable","13":"purchasable","14":"product-type-simple"},"_links":{"self":[{"href":"https:\/\/baralivres.ma\/index.php?rest_route=\/wp\/v2\/product\/16510","targetHints":{"allow":["GET"]}}],"collection":[{"href":"https:\/\/baralivres.ma\/index.php?rest_route=\/wp\/v2\/product"}],"about":[{"href":"https:\/\/baralivres.ma\/index.php?rest_route=\/wp\/v2\/types\/product"}],"replies":[{"embeddable":true,"href":"https:\/\/baralivres.ma\/index.php?rest_route=%2Fwp%2Fv2%2Fcomments&post=16510"}],"version-history":[{"count":1,"href":"https:\/\/baralivres.ma\/index.php?rest_route=\/wp\/v2\/product\/16510\/revisions"}],"predecessor-version":[{"id":16512,"href":"https:\/\/baralivres.ma\/index.php?rest_route=\/wp\/v2\/product\/16510\/revisions\/16512"}],"wp:featuredmedia":[{"embeddable":true,"href":"https:\/\/baralivres.ma\/index.php?rest_route=\/wp\/v2\/media\/16511"}],"wp:attachment":[{"href":"https:\/\/baralivres.ma\/index.php?rest_route=%2Fwp%2Fv2%2Fmedia&parent=16510"}],"wp:term":[{"taxonomy":"product_cat","embeddable":true,"href":"https:\/\/baralivres.ma\/index.php?rest_route=%2Fwp%2Fv2%2Fproduct_cat&post=16510"},{"taxonomy":"product_tag","embeddable":true,"href":"https:\/\/baralivres.ma\/index.php?rest_route=%2Fwp%2Fv2%2Fproduct_tag&post=16510"}],"curies":[{"name":"wp","href":"https:\/\/api.w.org\/{rel}","templated":true}]}}