{"id":16445,"date":"2023-10-31T11:54:10","date_gmt":"2023-10-31T10:54:10","guid":{"rendered":"https:\/\/baralivres.ma\/?post_type=product&#038;p=16445"},"modified":"2023-10-31T11:54:11","modified_gmt":"2023-10-31T10:54:11","slug":"developpez-votre-force-mentale-md","status":"publish","type":"product","link":"https:\/\/baralivres.ma\/?product=developpez-votre-force-mentale-md","title":{"rendered":"DEVELOPPEZ VOTRE FORCE MENTALE (MD)"},"content":{"rendered":"<p>D\u00e9veloppez votre force mentale pour surmonter les d\u00e9fis, g\u00e9rer le stress et affronter l&rsquo;adversit\u00e9 avec succ\u00e8s. D\u00e9couvrez les principes, les traits de caract\u00e8re, et les habitudes cl\u00e9s qui renforcent la r\u00e9silience mentale. Apprenez \u00e0 ma\u00eetriser vos \u00e9motions, \u00e0 contr\u00f4ler vos impulsions, et \u00e0 rester d\u00e9termin\u00e9. Les exercices pratiques vous aident \u00e0 appliquer ces concepts dans votre vie quotidienne.<\/p>\n","protected":false},"excerpt":{"rendered":"<p>Renforcez la force mentale pour surmonter les d\u00e9fis, g\u00e9rer le stress et r\u00e9ussir face \u00e0 l&rsquo;adversit\u00e9.<\/p>\n","protected":false},"featured_media":16446,"comment_status":"open","ping_status":"closed","template":"","meta":{"inline_featured_image":false},"product_cat":[204,91],"product_tag":[],"class_list":{"0":"post-16445","1":"product","2":"type-product","3":"status-publish","4":"has-post-thumbnail","6":"product_cat-francais","7":"product_cat-developpement","8":"pa_auteurs-damon-zahariades","10":"first","11":"instock","12":"shipping-taxable","13":"purchasable","14":"product-type-simple"},"_links":{"self":[{"href":"https:\/\/baralivres.ma\/index.php?rest_route=\/wp\/v2\/product\/16445","targetHints":{"allow":["GET"]}}],"collection":[{"href":"https:\/\/baralivres.ma\/index.php?rest_route=\/wp\/v2\/product"}],"about":[{"href":"https:\/\/baralivres.ma\/index.php?rest_route=\/wp\/v2\/types\/product"}],"replies":[{"embeddable":true,"href":"https:\/\/baralivres.ma\/index.php?rest_route=%2Fwp%2Fv2%2Fcomments&post=16445"}],"version-history":[{"count":1,"href":"https:\/\/baralivres.ma\/index.php?rest_route=\/wp\/v2\/product\/16445\/revisions"}],"predecessor-version":[{"id":16447,"href":"https:\/\/baralivres.ma\/index.php?rest_route=\/wp\/v2\/product\/16445\/revisions\/16447"}],"wp:featuredmedia":[{"embeddable":true,"href":"https:\/\/baralivres.ma\/index.php?rest_route=\/wp\/v2\/media\/16446"}],"wp:attachment":[{"href":"https:\/\/baralivres.ma\/index.php?rest_route=%2Fwp%2Fv2%2Fmedia&parent=16445"}],"wp:term":[{"taxonomy":"product_cat","embeddable":true,"href":"https:\/\/baralivres.ma\/index.php?rest_route=%2Fwp%2Fv2%2Fproduct_cat&post=16445"},{"taxonomy":"product_tag","embeddable":true,"href":"https:\/\/baralivres.ma\/index.php?rest_route=%2Fwp%2Fv2%2Fproduct_tag&post=16445"}],"curies":[{"name":"wp","href":"https:\/\/api.w.org\/{rel}","templated":true}]}}