{"id":16435,"date":"2023-10-31T11:45:49","date_gmt":"2023-10-31T10:45:49","guid":{"rendered":"https:\/\/baralivres.ma\/?post_type=product&#038;p=16435"},"modified":"2023-10-31T11:45:49","modified_gmt":"2023-10-31T10:45:49","slug":"reveille-toi-tu-es-un-vrai-mir","status":"publish","type":"product","link":"https:\/\/baralivres.ma\/?product=reveille-toi-tu-es-un-vrai-mir","title":{"rendered":"REVEILLE-TOI TU ES UN VRAI MIR"},"content":{"rendered":"<div class=\"group w-full text-token-text-primary border-b border-black\/10 gizmo:border-0 dark:border-gray-900\/50 gizmo:dark:border-0 bg-gray-50 gizmo:bg-transparent dark:bg-[#444654] gizmo:dark:bg-transparent\" data-testid=\"conversation-turn-63\">\n<div class=\"p-4 gizmo:py-2 justify-center text-base md:gap-6 md:py-6 m-auto\">\n<div class=\"flex flex-1 gap-4 text-base mx-auto md:gap-6 gizmo:gap-3 gizmo:md:px-5 gizmo:lg:px-1 gizmo:xl:px-5 md:max-w-2xl lg:max-w-[38rem] gizmo:md:max-w-3xl gizmo:lg:max-w-[40rem] gizmo:xl:max-w-[48rem] xl:max-w-3xl }\">\n<div class=\"relative flex w-[calc(100%-50px)] flex-col gizmo:w-full lg:w-[calc(100%-115px)] agent-turn\">\n<div class=\"flex-col gap-1 md:gap-3\">\n<div class=\"flex flex-grow flex-col gap-3 max-w-full\">\n<div class=\"min-h-[20px] flex flex-col items-start gap-3 whitespace-pre-wrap break-words overflow-x-auto\" data-message-author-role=\"assistant\" data-message-id=\"06cf30dc-bb3c-4fb1-b39a-eaa02f2a1c40\">\n<div class=\"markdown prose w-full break-words dark:prose-invert light\">\n<p>\u00ab\u00a0R\u00e9veille-toi, tu es un vrai miracle de la nature\u00a0\u00bb est un manifeste inspirant pour la transformation personnelle. L&rsquo;auteur, Bishop, vous guide \u00e0 travers sept affirmations essentielles pour lib\u00e9rer votre potentiel :<\/p>\n<ol>\n<li>Je suis rempli de bienveillance.<\/li>\n<li>Je suis con\u00e7u pour r\u00e9ussir.<\/li>\n<li>J&rsquo;ai la compr\u00e9hension.<\/li>\n<li>J&rsquo;accueille favorablement l&rsquo;incertitude.<\/li>\n<li>Je ne suis pas d\u00e9fini par mes pens\u00e9es, mais par mes actions.<\/li>\n<li>Je pers\u00e9v\u00e8re sans rel\u00e2che.<\/li>\n<li>J&rsquo;accepte avec gratitude tout ce qui se pr\u00e9sente.<\/li>\n<\/ol>\n<p>Ce guide encourage \u00e0 prendre en main votre vie avec une approche r\u00e9aliste, bienveillante et d\u00e9termin\u00e9e. Il vous aide \u00e0 d\u00e9passer les obstacles du pass\u00e9 pour vivre pleinement votre vie, en r\u00e9alisant le miracle qui r\u00e9side en vous.<\/p>\n<\/div>\n<\/div>\n<\/div>\n<div class=\"flex justify-between empty:hidden gizmo:justify-start gizmo:gap-3 lg:block gizmo:lg:flex\">\n<div class=\"text-gray-400 flex self-end lg:self-center justify-center gizmo:lg:justify-start mt-2 gizmo:mt-0 visible lg:gap-1 lg:absolute lg:top-0 lg:translate-x-full lg:right-0 lg:mt-0 lg:pl-2 gap-2 md:gap-3\"><button class=\"flex ml-auto gizmo:ml-0 gap-2 items-center rounded-md p-1 text-xs gizmo:gap-1.5 gizmo:pl-0 dark:text-gray-400 dark:hover:text-gray-200 disabled:dark:hover:text-gray-400 hover:text-gray-700\"><\/button><\/p>\n<div class=\"flex gap-1\"><\/div>\n<\/div>\n<\/div>\n<\/div>\n<\/div>\n<\/div>\n<\/div>\n<\/div>\n","protected":false},"excerpt":{"rendered":"<p>Un manifeste pour la transformation personnelle, Bishop guide \u00e0 travers sept affirmations pour lib\u00e9rer son potentiel. Un guide sinc\u00e8re, pragmatique et bienveillant pour surmonter les limitations du pass\u00e9. Vivez pleinement votre vie.<\/p>\n","protected":false},"featured_media":16437,"comment_status":"open","ping_status":"closed","template":"","meta":{"inline_featured_image":false},"product_cat":[204,91],"product_tag":[],"class_list":{"0":"post-16435","1":"product","2":"type-product","3":"status-publish","4":"has-post-thumbnail","6":"product_cat-francais","7":"product_cat-developpement","8":"pa_auteurs-gary-john-bishop","10":"first","11":"instock","12":"shipping-taxable","13":"purchasable","14":"product-type-simple"},"_links":{"self":[{"href":"https:\/\/baralivres.ma\/index.php?rest_route=\/wp\/v2\/product\/16435","targetHints":{"allow":["GET"]}}],"collection":[{"href":"https:\/\/baralivres.ma\/index.php?rest_route=\/wp\/v2\/product"}],"about":[{"href":"https:\/\/baralivres.ma\/index.php?rest_route=\/wp\/v2\/types\/product"}],"replies":[{"embeddable":true,"href":"https:\/\/baralivres.ma\/index.php?rest_route=%2Fwp%2Fv2%2Fcomments&post=16435"}],"version-history":[{"count":1,"href":"https:\/\/baralivres.ma\/index.php?rest_route=\/wp\/v2\/product\/16435\/revisions"}],"predecessor-version":[{"id":16438,"href":"https:\/\/baralivres.ma\/index.php?rest_route=\/wp\/v2\/product\/16435\/revisions\/16438"}],"wp:featuredmedia":[{"embeddable":true,"href":"https:\/\/baralivres.ma\/index.php?rest_route=\/wp\/v2\/media\/16437"}],"wp:attachment":[{"href":"https:\/\/baralivres.ma\/index.php?rest_route=%2Fwp%2Fv2%2Fmedia&parent=16435"}],"wp:term":[{"taxonomy":"product_cat","embeddable":true,"href":"https:\/\/baralivres.ma\/index.php?rest_route=%2Fwp%2Fv2%2Fproduct_cat&post=16435"},{"taxonomy":"product_tag","embeddable":true,"href":"https:\/\/baralivres.ma\/index.php?rest_route=%2Fwp%2Fv2%2Fproduct_tag&post=16435"}],"curies":[{"name":"wp","href":"https:\/\/api.w.org\/{rel}","templated":true}]}}