{"id":16406,"date":"2023-10-31T11:12:19","date_gmt":"2023-10-31T10:12:19","guid":{"rendered":"https:\/\/baralivres.ma\/?post_type=product&#038;p=16406"},"modified":"2023-11-07T12:18:55","modified_gmt":"2023-11-07T11:18:55","slug":"quest-ce-que-la-litterature","status":"publish","type":"product","link":"https:\/\/baralivres.ma\/?product=quest-ce-que-la-litterature","title":{"rendered":"Qu&rsquo;est-ce que la litt\u00e9rature ?"},"content":{"rendered":"<p>\u00ab\u00a0Mon r\u00eave \u00e9tait de devenir \u00e0 la fois la source et la finalit\u00e9 de ma propre existence. \u00c0 ce stade, j&rsquo;avais l&rsquo;id\u00e9e que la litt\u00e9rature pourrait concr\u00e9tiser ce souhait. Elle m&rsquo;offrirait une forme d&rsquo;immortalit\u00e9 en compensation de l&rsquo;absence de divinit\u00e9 pour m&rsquo;aimer. Si Dieu avait d\u00e9sert\u00e9, je pouvais au moins br\u00fbler dans le c\u0153ur de millions de lecteurs. \u00c0 travers la cr\u00e9ation d&rsquo;une \u0153uvre qui se nourrirait de mon v\u00e9cu, je pourrais me r\u00e9inventer et donner un sens \u00e0 ma vie. En m\u00eame temps, je servirais l&rsquo;humanit\u00e9 en lui offrant des livres, le plus pr\u00e9cieux des pr\u00e9sents. Ma d\u00e9marche \u00e9tait double : je m&rsquo;int\u00e9ressais autant \u00e0 moi-m\u00eame qu&rsquo;aux autres. J&rsquo;acceptais mon existence incarn\u00e9e, tout en pr\u00e9servant un caract\u00e8re universel. Ce projet parvenait \u00e0 concilier toutes les aspirations qui avaient pris forme en moi au cours de ces quinze ann\u00e9es.\u00a0\u00bb<\/p>\n","protected":false},"excerpt":{"rendered":"<p>D\u00e9sireux d&rsquo;immortalit\u00e9, j&rsquo;ai vu dans la litt\u00e9rature la voie pour r\u00e9inventer ma vie tout en servant l&rsquo;humanit\u00e9.<\/p>\n","protected":false},"featured_media":16409,"comment_status":"open","ping_status":"closed","template":"","meta":{"inline_featured_image":false},"product_cat":[204,143],"product_tag":[],"class_list":{"0":"post-16406","1":"product","2":"type-product","3":"status-publish","4":"has-post-thumbnail","6":"product_cat-francais","7":"product_cat-roman","8":"pa_auteurs-jean-paul-sartre","10":"first","11":"instock","12":"shipping-taxable","13":"purchasable","14":"product-type-simple"},"_links":{"self":[{"href":"https:\/\/baralivres.ma\/index.php?rest_route=\/wp\/v2\/product\/16406","targetHints":{"allow":["GET"]}}],"collection":[{"href":"https:\/\/baralivres.ma\/index.php?rest_route=\/wp\/v2\/product"}],"about":[{"href":"https:\/\/baralivres.ma\/index.php?rest_route=\/wp\/v2\/types\/product"}],"replies":[{"embeddable":true,"href":"https:\/\/baralivres.ma\/index.php?rest_route=%2Fwp%2Fv2%2Fcomments&post=16406"}],"version-history":[{"count":1,"href":"https:\/\/baralivres.ma\/index.php?rest_route=\/wp\/v2\/product\/16406\/revisions"}],"predecessor-version":[{"id":16410,"href":"https:\/\/baralivres.ma\/index.php?rest_route=\/wp\/v2\/product\/16406\/revisions\/16410"}],"wp:featuredmedia":[{"embeddable":true,"href":"https:\/\/baralivres.ma\/index.php?rest_route=\/wp\/v2\/media\/16409"}],"wp:attachment":[{"href":"https:\/\/baralivres.ma\/index.php?rest_route=%2Fwp%2Fv2%2Fmedia&parent=16406"}],"wp:term":[{"taxonomy":"product_cat","embeddable":true,"href":"https:\/\/baralivres.ma\/index.php?rest_route=%2Fwp%2Fv2%2Fproduct_cat&post=16406"},{"taxonomy":"product_tag","embeddable":true,"href":"https:\/\/baralivres.ma\/index.php?rest_route=%2Fwp%2Fv2%2Fproduct_tag&post=16406"}],"curies":[{"name":"wp","href":"https:\/\/api.w.org\/{rel}","templated":true}]}}