{"id":16332,"date":"2023-10-31T10:09:57","date_gmt":"2023-10-31T09:09:57","guid":{"rendered":"https:\/\/baralivres.ma\/?post_type=product&#038;p=16332"},"modified":"2023-10-31T10:09:57","modified_gmt":"2023-10-31T09:09:57","slug":"un-royaume-de-femmes-de-lamour","status":"publish","type":"product","link":"https:\/\/baralivres.ma\/?product=un-royaume-de-femmes-de-lamour","title":{"rendered":"Un royaume de femmes\/ De l&rsquo;amour"},"content":{"rendered":"<p>Anna Akimovna, une jeune h\u00e9riti\u00e8re, se retrouve responsable de la gestion d&rsquo;une usine. \u00c0 vingt-cinq ans, qui, parmi les femmes s\u00e9duisantes et fortun\u00e9es, voudrait consacrer ses soir\u00e9es au travail ? Surtout lorsqu&rsquo;un de ses ouvriers, le charmant Pimenov, suscite en elle des \u00e9motions. Elle commence \u00e0 r\u00eaver&#8230; Deux r\u00e9cits caustiques sur les complications de l&rsquo;amour par l&rsquo;un des brillants ma\u00eetres de la litt\u00e9rature russe.<\/p>\n","protected":false},"excerpt":{"rendered":"<p>Jeune h\u00e9riti\u00e8re g\u00e8re usine, attir\u00e9e par ouvrier ; r\u00e9cits russes sur complications amoureuses.<\/p>\n","protected":false},"featured_media":16336,"comment_status":"open","ping_status":"closed","template":"","meta":{"inline_featured_image":false},"product_cat":[204,143],"product_tag":[],"class_list":{"0":"post-16332","1":"product","2":"type-product","3":"status-publish","4":"has-post-thumbnail","6":"product_cat-francais","7":"product_cat-roman","8":"pa_auteurs-anton-pavlovitch-tchekhov","10":"first","11":"instock","12":"shipping-taxable","13":"purchasable","14":"product-type-simple"},"_links":{"self":[{"href":"https:\/\/baralivres.ma\/index.php?rest_route=\/wp\/v2\/product\/16332","targetHints":{"allow":["GET"]}}],"collection":[{"href":"https:\/\/baralivres.ma\/index.php?rest_route=\/wp\/v2\/product"}],"about":[{"href":"https:\/\/baralivres.ma\/index.php?rest_route=\/wp\/v2\/types\/product"}],"replies":[{"embeddable":true,"href":"https:\/\/baralivres.ma\/index.php?rest_route=%2Fwp%2Fv2%2Fcomments&post=16332"}],"version-history":[{"count":1,"href":"https:\/\/baralivres.ma\/index.php?rest_route=\/wp\/v2\/product\/16332\/revisions"}],"predecessor-version":[{"id":16337,"href":"https:\/\/baralivres.ma\/index.php?rest_route=\/wp\/v2\/product\/16332\/revisions\/16337"}],"wp:featuredmedia":[{"embeddable":true,"href":"https:\/\/baralivres.ma\/index.php?rest_route=\/wp\/v2\/media\/16336"}],"wp:attachment":[{"href":"https:\/\/baralivres.ma\/index.php?rest_route=%2Fwp%2Fv2%2Fmedia&parent=16332"}],"wp:term":[{"taxonomy":"product_cat","embeddable":true,"href":"https:\/\/baralivres.ma\/index.php?rest_route=%2Fwp%2Fv2%2Fproduct_cat&post=16332"},{"taxonomy":"product_tag","embeddable":true,"href":"https:\/\/baralivres.ma\/index.php?rest_route=%2Fwp%2Fv2%2Fproduct_tag&post=16332"}],"curies":[{"name":"wp","href":"https:\/\/api.w.org\/{rel}","templated":true}]}}