{"id":16327,"date":"2023-10-31T10:03:59","date_gmt":"2023-10-31T09:03:59","guid":{"rendered":"https:\/\/baralivres.ma\/?post_type=product&#038;p=16327"},"modified":"2023-10-31T10:03:59","modified_gmt":"2023-10-31T09:03:59","slug":"hotel-casanova-et-autres-textes-brefs","status":"publish","type":"product","link":"https:\/\/baralivres.ma\/?product=hotel-casanova-et-autres-textes-brefs","title":{"rendered":"H\u00f4tel Casanova et autres textes brefs"},"content":{"rendered":"<p>\u00ab\u00a0Parmi des factures datant des ann\u00e9es quatre-vingt, j&rsquo;ai red\u00e9couvert une lettre de P. C&rsquo;\u00e9tait une grande feuille blanche pli\u00e9e en quatre, marqu\u00e9e par des taches de sperme jaunies et durcies qui avaient alt\u00e9r\u00e9 sa texture en la rendant granuleuse et presque transparente. En haut, \u00e0 droite, on pouvait juste lire : Paris, 11 mai 1984, 23 heures 20, vendredi. C&rsquo;est le seul souvenir qui me reste de cet homme.\u00a0\u00bb Ce recueil de douze textes, \u00e9crits entre 1984 et 2006, explore la passion sensuelle, les relations maternelles compliqu\u00e9es, les tourments de l&rsquo;exil, la r\u00e9volution de l&rsquo;\u00e9criture et rend hommage \u00e0 Pierre Bourdieu. Il invite les lecteurs \u00e0 d\u00e9couvrir la prose singuli\u00e8re d&rsquo;Annie Ernaux et \u00e0 explorer pas \u00e0 pas ses th\u00e8mes les plus obs\u00e9dants et fondateurs.<\/p>\n","protected":false},"excerpt":{"rendered":"<p>Recueil d&rsquo;Annie Ernaux : lettres, \u00e9motions, souvenirs, hommage \u00e0 Bourdieu, th\u00e8mes obsessionnels, \u00e9criture r\u00e9volutionnaire.<\/p>\n","protected":false},"featured_media":16329,"comment_status":"open","ping_status":"closed","template":"","meta":{"inline_featured_image":false},"product_cat":[204,143],"product_tag":[],"class_list":{"0":"post-16327","1":"product","2":"type-product","3":"status-publish","4":"has-post-thumbnail","6":"product_cat-francais","7":"product_cat-roman","8":"pa_auteurs-annie-ernaux","10":"first","11":"instock","12":"shipping-taxable","13":"purchasable","14":"product-type-simple"},"_links":{"self":[{"href":"https:\/\/baralivres.ma\/index.php?rest_route=\/wp\/v2\/product\/16327","targetHints":{"allow":["GET"]}}],"collection":[{"href":"https:\/\/baralivres.ma\/index.php?rest_route=\/wp\/v2\/product"}],"about":[{"href":"https:\/\/baralivres.ma\/index.php?rest_route=\/wp\/v2\/types\/product"}],"replies":[{"embeddable":true,"href":"https:\/\/baralivres.ma\/index.php?rest_route=%2Fwp%2Fv2%2Fcomments&post=16327"}],"version-history":[{"count":1,"href":"https:\/\/baralivres.ma\/index.php?rest_route=\/wp\/v2\/product\/16327\/revisions"}],"predecessor-version":[{"id":16330,"href":"https:\/\/baralivres.ma\/index.php?rest_route=\/wp\/v2\/product\/16327\/revisions\/16330"}],"wp:featuredmedia":[{"embeddable":true,"href":"https:\/\/baralivres.ma\/index.php?rest_route=\/wp\/v2\/media\/16329"}],"wp:attachment":[{"href":"https:\/\/baralivres.ma\/index.php?rest_route=%2Fwp%2Fv2%2Fmedia&parent=16327"}],"wp:term":[{"taxonomy":"product_cat","embeddable":true,"href":"https:\/\/baralivres.ma\/index.php?rest_route=%2Fwp%2Fv2%2Fproduct_cat&post=16327"},{"taxonomy":"product_tag","embeddable":true,"href":"https:\/\/baralivres.ma\/index.php?rest_route=%2Fwp%2Fv2%2Fproduct_tag&post=16327"}],"curies":[{"name":"wp","href":"https:\/\/api.w.org\/{rel}","templated":true}]}}