{"id":16240,"date":"2023-10-30T16:45:28","date_gmt":"2023-10-30T15:45:28","guid":{"rendered":"https:\/\/baralivres.ma\/?post_type=product&#038;p=16240"},"modified":"2023-10-31T09:43:17","modified_gmt":"2023-10-31T08:43:17","slug":"penser-efficace-en-5-etapes","status":"publish","type":"product","link":"https:\/\/baralivres.ma\/?product=penser-efficace-en-5-etapes","title":{"rendered":"Penser efficace en 5 etapes"},"content":{"rendered":"<p>Ce guide, essentiel pour professionnels, \u00e9tudiants et autodidactes, d\u00e9veloppe la comp\u00e9tence de pens\u00e9e efficace et claire. Il am\u00e9liore la cr\u00e9ativit\u00e9, la r\u00e9solution de probl\u00e8mes, et la g\u00e9n\u00e9ration de nouvelles id\u00e9es. Les cinq cl\u00e9s propos\u00e9es offrent des m\u00e9thodes pour formuler des questions pertinentes, prendre des risques calcul\u00e9s, apprendre des erreurs, am\u00e9liorer la pens\u00e9e critique, et encourager le changement. En pratiquant ces habitudes mentales, chacun peut am\u00e9liorer ses capacit\u00e9s intellectuelles et cr\u00e9atives de mani\u00e8re ludique et p\u00e9dagogique.<\/p>\n","protected":false},"excerpt":{"rendered":"<div class=\"group w-full text-token-text-primary border-b border-black\/10 gizmo:border-0 dark:border-gray-900\/50 gizmo:dark:border-0 bg-gray-50 gizmo:bg-transparent dark:bg-[#444654] gizmo:dark:bg-transparent\" data-testid=\"conversation-turn-69\">\n<div class=\"p-4 gizmo:py-2 justify-center text-base md:gap-6 md:py-6 m-auto\">\n<div class=\"flex flex-1 gap-4 text-base mx-auto md:gap-6 gizmo:gap-3 gizmo:md:px-5 gizmo:lg:px-1 gizmo:xl:px-5 md:max-w-2xl lg:max-w-[38rem] gizmo:md:max-w-3xl gizmo:lg:max-w-[40rem] gizmo:xl:max-w-[48rem] xl:max-w-3xl }\">\n<div class=\"relative flex w-[calc(100%-50px)] flex-col gizmo:w-full lg:w-[calc(100%-115px)] agent-turn\">\n<div class=\"flex-col gap-1 md:gap-3\">\n<div class=\"flex flex-grow flex-col gap-3 max-w-full\">\n<div class=\"min-h-[20px] flex flex-col items-start gap-3 whitespace-pre-wrap break-words overflow-x-auto\" data-message-author-role=\"assistant\" data-message-id=\"236e0706-bc70-4a75-a506-184cfb389007\">\n<div class=\"markdown prose w-full break-words dark:prose-invert light\">\n<p>Cet ouvrage favorise la pens\u00e9e efficace, am\u00e9liore la cr\u00e9ativit\u00e9, r\u00e9sout des probl\u00e8mes, et encourage l&rsquo;innovation gr\u00e2ce \u00e0 cinq cl\u00e9s.<\/p>\n<\/div>\n<\/div>\n<\/div>\n<div class=\"flex justify-between empty:hidden gizmo:justify-start gizmo:gap-3 lg:block gizmo:lg:flex\">\n<div class=\"text-gray-400 flex self-end lg:self-center justify-center gizmo:lg:justify-start mt-2 gizmo:mt-0 visible lg:gap-1 lg:absolute lg:top-0 lg:translate-x-full lg:right-0 lg:mt-0 lg:pl-2 gap-2 md:gap-3\">\n<p>&nbsp;<\/p>\n<div class=\"flex gap-1\"><\/div>\n<\/div>\n<\/div>\n<\/div>\n<\/div>\n<\/div>\n<\/div>\n<\/div>\n","protected":false},"featured_media":16246,"comment_status":"open","ping_status":"closed","template":"","meta":{"inline_featured_image":false},"product_cat":[204,91],"product_tag":[],"class_list":{"0":"post-16240","1":"product","2":"type-product","3":"status-publish","4":"has-post-thumbnail","6":"product_cat-francais","7":"product_cat-developpement","8":"pa_auteurs-michael-starbird","10":"first","11":"instock","12":"shipping-taxable","13":"purchasable","14":"product-type-simple"},"_links":{"self":[{"href":"https:\/\/baralivres.ma\/index.php?rest_route=\/wp\/v2\/product\/16240","targetHints":{"allow":["GET"]}}],"collection":[{"href":"https:\/\/baralivres.ma\/index.php?rest_route=\/wp\/v2\/product"}],"about":[{"href":"https:\/\/baralivres.ma\/index.php?rest_route=\/wp\/v2\/types\/product"}],"replies":[{"embeddable":true,"href":"https:\/\/baralivres.ma\/index.php?rest_route=%2Fwp%2Fv2%2Fcomments&post=16240"}],"version-history":[{"count":2,"href":"https:\/\/baralivres.ma\/index.php?rest_route=\/wp\/v2\/product\/16240\/revisions"}],"predecessor-version":[{"id":16318,"href":"https:\/\/baralivres.ma\/index.php?rest_route=\/wp\/v2\/product\/16240\/revisions\/16318"}],"wp:featuredmedia":[{"embeddable":true,"href":"https:\/\/baralivres.ma\/index.php?rest_route=\/wp\/v2\/media\/16246"}],"wp:attachment":[{"href":"https:\/\/baralivres.ma\/index.php?rest_route=%2Fwp%2Fv2%2Fmedia&parent=16240"}],"wp:term":[{"taxonomy":"product_cat","embeddable":true,"href":"https:\/\/baralivres.ma\/index.php?rest_route=%2Fwp%2Fv2%2Fproduct_cat&post=16240"},{"taxonomy":"product_tag","embeddable":true,"href":"https:\/\/baralivres.ma\/index.php?rest_route=%2Fwp%2Fv2%2Fproduct_tag&post=16240"}],"curies":[{"name":"wp","href":"https:\/\/api.w.org\/{rel}","templated":true}]}}