{"id":16220,"date":"2023-10-30T16:35:42","date_gmt":"2023-10-30T15:35:42","guid":{"rendered":"https:\/\/baralivres.ma\/?post_type=product&#038;p=16220"},"modified":"2023-10-31T09:43:47","modified_gmt":"2023-10-31T08:43:47","slug":"le-pouvoir-extraordinaire-de-lhumilite-chez-le-leaders","status":"publish","type":"product","link":"https:\/\/baralivres.ma\/?product=le-pouvoir-extraordinaire-de-lhumilite-chez-le-leaders","title":{"rendered":"LE POUVOIR EXTRAORDINAIRE DE L&rsquo;HUMILITE CHEZ LE LEADERS"},"content":{"rendered":"<p>Marilyn Gist explore le r\u00f4le essentiel de l&rsquo;humilit\u00e9 dans le leadership, en particulier pour manager des \u00e9quipes aux personnalit\u00e9s diverses et les conduire vers des objectifs communs. Fond\u00e9e sur le respect profond de chaque individu, cette approche favorise l&rsquo;engagement des employ\u00e9s et leur fid\u00e9lit\u00e9 envers l&rsquo;entreprise. L&rsquo;auteure pr\u00e9sente une m\u00e9thode fond\u00e9e sur les questions tacites que chaque employ\u00e9 pose implicitement \u00e0 son sup\u00e9rieur hi\u00e9rarchique, \u00e0 savoir : \u00ab\u00a0Qui \u00eates-vous ? O\u00f9 allons-nous ensemble ? Est-ce que vous me voyez ?\u00a0\u00bb<\/p>\n<p>Dans son ouvrage, Marilyn Gist d\u00e9taille les r\u00e9ponses \u00e0 ces questions cruciales, en mettant en avant six comp\u00e9tences essentielles pour \u00eatre un leader humble, \u00e0 savoir : un \u00e9go \u00e9quilibr\u00e9, l&rsquo;int\u00e9grit\u00e9, une vision convaincante, des strat\u00e9gies \u00e9thiques, l&rsquo;inclusion, et la capacit\u00e9 \u00e0 d\u00e9velopper les \u00e9quipes. Pour \u00e9tayer ses arguments, elle s&rsquo;appuie sur des entretiens avec des managers de grandes entreprises telles que Costco, Starbucks, Alaska Airlines, et Mayo Clinic.<\/p>\n<p>L&rsquo;ouvrage offre un ensemble de cl\u00e9s pour repenser la gestion du personnel et r\u00e9ussir dans un monde en constante mutation, en particulier dans le contexte post-Covid, o\u00f9 la confiance entre les managers et les employ\u00e9s est plus cruciale que jamais pour une direction efficace des \u00e9quipes.<\/p>\n","protected":false},"excerpt":{"rendered":"<p>Marilyn Gist explique que l&rsquo;humilit\u00e9 du leader est cruciale pour rassembler des \u00e9quipes diverses et motiv\u00e9es. Elle d\u00e9taille six comp\u00e9tences cl\u00e9s, bas\u00e9es sur les questions implicites que les employ\u00e9s posent \u00e0 leurs responsables. L&rsquo;ouvrage s&rsquo;appuie sur des interviews de managers de grandes entreprises pour aider les lecteurs \u00e0 repenser le leadership, notamment dans un contexte post-Covid o\u00f9 la confiance est essentielle.\u00a0\u00bb<\/p>\n","protected":false},"featured_media":16221,"comment_status":"open","ping_status":"closed","template":"","meta":{"inline_featured_image":false},"product_cat":[204,91],"product_tag":[],"class_list":{"0":"post-16220","1":"product","2":"type-product","3":"status-publish","4":"has-post-thumbnail","6":"product_cat-francais","7":"product_cat-developpement","8":"pa_auteurs-marilyn-gist","10":"first","11":"instock","12":"shipping-taxable","13":"purchasable","14":"product-type-simple"},"_links":{"self":[{"href":"https:\/\/baralivres.ma\/index.php?rest_route=\/wp\/v2\/product\/16220","targetHints":{"allow":["GET"]}}],"collection":[{"href":"https:\/\/baralivres.ma\/index.php?rest_route=\/wp\/v2\/product"}],"about":[{"href":"https:\/\/baralivres.ma\/index.php?rest_route=\/wp\/v2\/types\/product"}],"replies":[{"embeddable":true,"href":"https:\/\/baralivres.ma\/index.php?rest_route=%2Fwp%2Fv2%2Fcomments&post=16220"}],"version-history":[{"count":1,"href":"https:\/\/baralivres.ma\/index.php?rest_route=\/wp\/v2\/product\/16220\/revisions"}],"predecessor-version":[{"id":16222,"href":"https:\/\/baralivres.ma\/index.php?rest_route=\/wp\/v2\/product\/16220\/revisions\/16222"}],"wp:featuredmedia":[{"embeddable":true,"href":"https:\/\/baralivres.ma\/index.php?rest_route=\/wp\/v2\/media\/16221"}],"wp:attachment":[{"href":"https:\/\/baralivres.ma\/index.php?rest_route=%2Fwp%2Fv2%2Fmedia&parent=16220"}],"wp:term":[{"taxonomy":"product_cat","embeddable":true,"href":"https:\/\/baralivres.ma\/index.php?rest_route=%2Fwp%2Fv2%2Fproduct_cat&post=16220"},{"taxonomy":"product_tag","embeddable":true,"href":"https:\/\/baralivres.ma\/index.php?rest_route=%2Fwp%2Fv2%2Fproduct_tag&post=16220"}],"curies":[{"name":"wp","href":"https:\/\/api.w.org\/{rel}","templated":true}]}}