{"id":16214,"date":"2023-10-30T16:38:32","date_gmt":"2023-10-30T15:38:32","guid":{"rendered":"https:\/\/baralivres.ma\/?post_type=product&#038;p=16214"},"modified":"2023-10-30T16:38:32","modified_gmt":"2023-10-30T15:38:32","slug":"le-petit-chose","status":"publish","type":"product","link":"https:\/\/baralivres.ma\/?product=le-petit-chose","title":{"rendered":"Le Petit Chose"},"content":{"rendered":"<p>\u00ab\u00a0C&rsquo;est l&rsquo;histoire d&rsquo;un enfant, qui \u00e9tait \u00e0 la fois sensible et issu d&rsquo;un milieu pauvre, et qui, tout au long de sa vie, ne parviendra jamais pleinement \u00e0 s&rsquo;\u00e9panouir en tant qu&rsquo;adulte. Cette histoire commence dans une ville du Languedoc baign\u00e9e de soleil, envelopp\u00e9e de poussi\u00e8re, abritant un couvent de carm\u00e9lites et orn\u00e9e de quelques vestiges romains, comme c&rsquo;est le cas dans de nombreuses villes du Midi. Ensuite, nous le suivons au coll\u00e8ge, un endroit sinistre o\u00f9 le Petit Chose est d&rsquo;abord victime de brimades de la part de camarades plus ais\u00e9s, pour finalement devenir professeur, exer\u00e7ant le m\u00e9tier peu enviable de surveillant. Son unique \u00e9chappatoire semble \u00eatre Paris, o\u00f9 il vit avec un budget serr\u00e9 et tombe sous le charme de magnifiques yeux noirs \u00e9tincelant derri\u00e8re la vitrine d&rsquo;une boutique. Ce roman, qui date de pr\u00e8s d&rsquo;un si\u00e8cle, continue de susciter l&rsquo;admiration, probablement parce qu&rsquo;il raconte la v\u00e9rit\u00e9 sans ranc\u0153ur ni amertume, mais au contraire, empreint d&rsquo;une profonde tendresse envers l&rsquo;humanit\u00e9.\u00a0\u00bb<\/p>\n","protected":false},"excerpt":{"rendered":"<p>Enfant sensible et pauvre (Daudet), vie difficile, du Midi au coll\u00e8ge, Paris, v\u00e9rit\u00e9 avec tendresse.<\/p>\n","protected":false},"featured_media":16218,"comment_status":"open","ping_status":"closed","template":"","meta":{"inline_featured_image":false},"product_cat":[204,143],"product_tag":[],"class_list":{"0":"post-16214","1":"product","2":"type-product","3":"status-publish","4":"has-post-thumbnail","6":"product_cat-francais","7":"product_cat-roman","8":"pa_auteurs-alphonse-daudet","10":"first","11":"instock","12":"shipping-taxable","13":"purchasable","14":"product-type-simple"},"_links":{"self":[{"href":"https:\/\/baralivres.ma\/index.php?rest_route=\/wp\/v2\/product\/16214","targetHints":{"allow":["GET"]}}],"collection":[{"href":"https:\/\/baralivres.ma\/index.php?rest_route=\/wp\/v2\/product"}],"about":[{"href":"https:\/\/baralivres.ma\/index.php?rest_route=\/wp\/v2\/types\/product"}],"replies":[{"embeddable":true,"href":"https:\/\/baralivres.ma\/index.php?rest_route=%2Fwp%2Fv2%2Fcomments&post=16214"}],"version-history":[{"count":1,"href":"https:\/\/baralivres.ma\/index.php?rest_route=\/wp\/v2\/product\/16214\/revisions"}],"predecessor-version":[{"id":16236,"href":"https:\/\/baralivres.ma\/index.php?rest_route=\/wp\/v2\/product\/16214\/revisions\/16236"}],"wp:featuredmedia":[{"embeddable":true,"href":"https:\/\/baralivres.ma\/index.php?rest_route=\/wp\/v2\/media\/16218"}],"wp:attachment":[{"href":"https:\/\/baralivres.ma\/index.php?rest_route=%2Fwp%2Fv2%2Fmedia&parent=16214"}],"wp:term":[{"taxonomy":"product_cat","embeddable":true,"href":"https:\/\/baralivres.ma\/index.php?rest_route=%2Fwp%2Fv2%2Fproduct_cat&post=16214"},{"taxonomy":"product_tag","embeddable":true,"href":"https:\/\/baralivres.ma\/index.php?rest_route=%2Fwp%2Fv2%2Fproduct_tag&post=16214"}],"curies":[{"name":"wp","href":"https:\/\/api.w.org\/{rel}","templated":true}]}}