{"id":16210,"date":"2023-10-30T16:32:11","date_gmt":"2023-10-30T15:32:11","guid":{"rendered":"https:\/\/baralivres.ma\/?post_type=product&#038;p=16210"},"modified":"2023-10-30T16:32:11","modified_gmt":"2023-10-30T15:32:11","slug":"etre-humain","status":"publish","type":"product","link":"https:\/\/baralivres.ma\/?product=etre-humain","title":{"rendered":"\u00catre humain ?"},"content":{"rendered":"<p>Quelles actions refl\u00e8tent aujourd&rsquo;hui l&rsquo;humanit\u00e9 dans sa forme la plus authentique ? Dans un contexte \u00e9thique en \u00e9volution, comment reconna\u00eetre les comportements fondamentalement humains ? Alors que la notion de \u00ab\u00a0montrer\u00a0\u00bb son humanit\u00e9 se traduit par la pr\u00e9sentation d&rsquo;un visage, comme l&rsquo;a soulign\u00e9 Levinas pour \u00e9tablir des liens et une justice, comment maintenir cette humanit\u00e9 lorsque le port du masque est requis ? Sommes-nous en train de cr\u00e9er une humanit\u00e9 passive, observatrice d&rsquo;elle-m\u00eame, d\u00e9l\u00e9guant aux algorithmes la gestion des incertitudes de la vie ? Parviendrons-nous \u00e0 mettre fin \u00e0 la hi\u00e9rarchisation sexu\u00e9e de notre soci\u00e9t\u00e9 pour garantir l&rsquo;\u00e9galit\u00e9 r\u00e9elle entre les hommes et les femmes ? Ces interrogations essentielles sont abord\u00e9es par les auteurs de cet ouvrage, parmi lesquels Dominique Avon, \u00c9tienne Balibar, \u00c9tienne Bimbenet, Alain Caill\u00e9, Patricia Eichel-Lojkine, Camille Froidevaux-Metterie, Donatien Grau, Sandra Laugier, Andrea Marcolongo, \u00c9lisabeth Roudinesco, et Marie-Fran\u00e7oise Sales.<\/p>\n","protected":false},"excerpt":{"rendered":"<p>D\u00e9finition de l&rsquo;humanit\u00e9 contemporaine face \u00e0 l&rsquo;\u00e9thique, l&rsquo;\u00e9galit\u00e9 et l&rsquo;interaction, par divers auteurs.<\/p>\n","protected":false},"featured_media":16215,"comment_status":"open","ping_status":"closed","template":"","meta":{"inline_featured_image":false},"product_cat":[204,143],"product_tag":[],"class_list":{"0":"post-16210","1":"product","2":"type-product","3":"status-publish","4":"has-post-thumbnail","6":"product_cat-francais","7":"product_cat-roman","8":"pa_auteurs-collectif","10":"first","11":"instock","12":"shipping-taxable","13":"purchasable","14":"product-type-simple"},"_links":{"self":[{"href":"https:\/\/baralivres.ma\/index.php?rest_route=\/wp\/v2\/product\/16210","targetHints":{"allow":["GET"]}}],"collection":[{"href":"https:\/\/baralivres.ma\/index.php?rest_route=\/wp\/v2\/product"}],"about":[{"href":"https:\/\/baralivres.ma\/index.php?rest_route=\/wp\/v2\/types\/product"}],"replies":[{"embeddable":true,"href":"https:\/\/baralivres.ma\/index.php?rest_route=%2Fwp%2Fv2%2Fcomments&post=16210"}],"version-history":[{"count":1,"href":"https:\/\/baralivres.ma\/index.php?rest_route=\/wp\/v2\/product\/16210\/revisions"}],"predecessor-version":[{"id":16216,"href":"https:\/\/baralivres.ma\/index.php?rest_route=\/wp\/v2\/product\/16210\/revisions\/16216"}],"wp:featuredmedia":[{"embeddable":true,"href":"https:\/\/baralivres.ma\/index.php?rest_route=\/wp\/v2\/media\/16215"}],"wp:attachment":[{"href":"https:\/\/baralivres.ma\/index.php?rest_route=%2Fwp%2Fv2%2Fmedia&parent=16210"}],"wp:term":[{"taxonomy":"product_cat","embeddable":true,"href":"https:\/\/baralivres.ma\/index.php?rest_route=%2Fwp%2Fv2%2Fproduct_cat&post=16210"},{"taxonomy":"product_tag","embeddable":true,"href":"https:\/\/baralivres.ma\/index.php?rest_route=%2Fwp%2Fv2%2Fproduct_tag&post=16210"}],"curies":[{"name":"wp","href":"https:\/\/api.w.org\/{rel}","templated":true}]}}