{"id":16192,"date":"2023-10-30T16:20:01","date_gmt":"2023-10-30T15:20:01","guid":{"rendered":"https:\/\/baralivres.ma\/?post_type=product&#038;p=16192"},"modified":"2025-02-20T11:46:49","modified_gmt":"2025-02-20T10:46:49","slug":"le-coran","status":"publish","type":"product","link":"https:\/\/baralivres.ma\/?product=le-coran","title":{"rendered":"Le Coran"},"content":{"rendered":"<p>Si saisissant de mouvements, si \u00e9clatant d&rsquo;images, si envo\u00fbtant de sonorit\u00e9s arabes que soit le Coran, il reste toujours un langage clair. C&rsquo;est pourquoi, bien qu&rsquo;il soit intraduisible, on peut en tenter des traductions. Elles disent au moins le sens de l&rsquo;\u00e9tonnante pr\u00e9dication de Mahomet (570-632). Depuis des si\u00e8cles il n&rsquo;y avait plus de ces grandes r\u00e9v\u00e9lations qui r\u00e9veillent l&rsquo;humanit\u00e9 et apr\u00e8s Mahomet il n&rsquo;y en aura plus. \u00ab\u00a0Dieu seul est Dieu.\u00a0\u00bb<\/p>\n","protected":false},"excerpt":{"rendered":"<p>Le Coran, bien que complexe, peut \u00eatre traduit pour exprimer la pr\u00e9dication de Mahomet, une r\u00e9v\u00e9lation unique.<\/p>\n","protected":false},"featured_media":16195,"comment_status":"open","ping_status":"closed","template":"","meta":{"inline_featured_image":false},"product_cat":[3725,3862,4214],"product_tag":[],"class_list":{"0":"post-16192","1":"product","2":"type-product","3":"status-publish","4":"has-post-thumbnail","6":"product_cat-litterature-religieuse","7":"product_cat-spiritualite","8":"product_cat-voyage-spirituel-pendant-le-ramadan","9":"pa_auteurs-anonyme","11":"first","12":"instock","13":"shipping-taxable","14":"purchasable","15":"product-type-simple"},"_links":{"self":[{"href":"https:\/\/baralivres.ma\/index.php?rest_route=\/wp\/v2\/product\/16192","targetHints":{"allow":["GET"]}}],"collection":[{"href":"https:\/\/baralivres.ma\/index.php?rest_route=\/wp\/v2\/product"}],"about":[{"href":"https:\/\/baralivres.ma\/index.php?rest_route=\/wp\/v2\/types\/product"}],"replies":[{"embeddable":true,"href":"https:\/\/baralivres.ma\/index.php?rest_route=%2Fwp%2Fv2%2Fcomments&post=16192"}],"version-history":[{"count":1,"href":"https:\/\/baralivres.ma\/index.php?rest_route=\/wp\/v2\/product\/16192\/revisions"}],"predecessor-version":[{"id":16198,"href":"https:\/\/baralivres.ma\/index.php?rest_route=\/wp\/v2\/product\/16192\/revisions\/16198"}],"wp:featuredmedia":[{"embeddable":true,"href":"https:\/\/baralivres.ma\/index.php?rest_route=\/wp\/v2\/media\/16195"}],"wp:attachment":[{"href":"https:\/\/baralivres.ma\/index.php?rest_route=%2Fwp%2Fv2%2Fmedia&parent=16192"}],"wp:term":[{"taxonomy":"product_cat","embeddable":true,"href":"https:\/\/baralivres.ma\/index.php?rest_route=%2Fwp%2Fv2%2Fproduct_cat&post=16192"},{"taxonomy":"product_tag","embeddable":true,"href":"https:\/\/baralivres.ma\/index.php?rest_route=%2Fwp%2Fv2%2Fproduct_tag&post=16192"}],"curies":[{"name":"wp","href":"https:\/\/api.w.org\/{rel}","templated":true}]}}