{"id":16170,"date":"2023-10-30T16:11:03","date_gmt":"2023-10-30T15:11:03","guid":{"rendered":"https:\/\/baralivres.ma\/?post_type=product&#038;p=16170"},"modified":"2023-10-30T16:11:04","modified_gmt":"2023-10-30T15:11:04","slug":"le-mythe-de-sisyphe","status":"publish","type":"product","link":"https:\/\/baralivres.ma\/?product=le-mythe-de-sisyphe","title":{"rendered":"Le mythe de Sisyphe"},"content":{"rendered":"<p>Une citation saisissante d\u00e9bute l&rsquo;exploration de la sensibilit\u00e9 absurde par un jeune homme de moins de trente ans, affirmant : \u00ab\u00a0Le seul probl\u00e8me philosophique vraiment s\u00e9rieux est le suicide.\u00a0\u00bb Cette d\u00e9claration semble effacer d&rsquo;un trait l&rsquo;ensemble de la philosophie. Ce penseur d\u00e9crit le \u00ab\u00a0mal de l&rsquo;esprit\u00a0\u00bb qui affecte notre \u00e9poque : il \u00e9merge de la confrontation entre les aspirations humaines et le silence d\u00e9concertant du monde.<\/p>\n","protected":false},"excerpt":{"rendered":"<p>L&rsquo;absurdit\u00e9 humaine face au silence du monde suscite le s\u00e9rieux probl\u00e8me philosophique du suicide.<\/p>\n","protected":false},"featured_media":16174,"comment_status":"open","ping_status":"closed","template":"","meta":{"inline_featured_image":false},"product_cat":[204,143],"product_tag":[],"class_list":{"0":"post-16170","1":"product","2":"type-product","3":"status-publish","4":"has-post-thumbnail","6":"product_cat-francais","7":"product_cat-roman","8":"pa_auteurs-albert-camus","10":"first","11":"instock","12":"shipping-taxable","13":"purchasable","14":"product-type-simple"},"_links":{"self":[{"href":"https:\/\/baralivres.ma\/index.php?rest_route=\/wp\/v2\/product\/16170","targetHints":{"allow":["GET"]}}],"collection":[{"href":"https:\/\/baralivres.ma\/index.php?rest_route=\/wp\/v2\/product"}],"about":[{"href":"https:\/\/baralivres.ma\/index.php?rest_route=\/wp\/v2\/types\/product"}],"replies":[{"embeddable":true,"href":"https:\/\/baralivres.ma\/index.php?rest_route=%2Fwp%2Fv2%2Fcomments&post=16170"}],"version-history":[{"count":1,"href":"https:\/\/baralivres.ma\/index.php?rest_route=\/wp\/v2\/product\/16170\/revisions"}],"predecessor-version":[{"id":16176,"href":"https:\/\/baralivres.ma\/index.php?rest_route=\/wp\/v2\/product\/16170\/revisions\/16176"}],"wp:featuredmedia":[{"embeddable":true,"href":"https:\/\/baralivres.ma\/index.php?rest_route=\/wp\/v2\/media\/16174"}],"wp:attachment":[{"href":"https:\/\/baralivres.ma\/index.php?rest_route=%2Fwp%2Fv2%2Fmedia&parent=16170"}],"wp:term":[{"taxonomy":"product_cat","embeddable":true,"href":"https:\/\/baralivres.ma\/index.php?rest_route=%2Fwp%2Fv2%2Fproduct_cat&post=16170"},{"taxonomy":"product_tag","embeddable":true,"href":"https:\/\/baralivres.ma\/index.php?rest_route=%2Fwp%2Fv2%2Fproduct_tag&post=16170"}],"curies":[{"name":"wp","href":"https:\/\/api.w.org\/{rel}","templated":true}]}}