{"id":16152,"date":"2023-10-30T16:04:55","date_gmt":"2023-10-30T15:04:55","guid":{"rendered":"https:\/\/baralivres.ma\/?post_type=product&#038;p=16152"},"modified":"2023-10-31T09:45:32","modified_gmt":"2023-10-31T08:45:32","slug":"la-tribu-des-mentors","status":"publish","type":"product","link":"https:\/\/baralivres.ma\/?product=la-tribu-des-mentors","title":{"rendered":"LA TRIBU DES MENTORS"},"content":{"rendered":"<p>\u00ab\u00a0Tim Ferriss partage les enseignements et les secrets de plus de 100 personnalit\u00e9s exceptionnelles dans ce livre inspirant. Il r\u00e9v\u00e8le les recommandations de lecture de Ray Dalio, les strat\u00e9gies d&rsquo;athl\u00e8tes comme Maria Sharapova, les pratiques m\u00e9ditatives de David Lynch, et bien d&rsquo;autres conseils pr\u00e9cieux. Les mentors partagent leurs le\u00e7ons de vie, leurs motivations, et les astuces qui les ont aid\u00e9s dans les moments difficiles.\u00a0\u00bb<\/p>\n","protected":false},"excerpt":{"rendered":"<p>\u00ab\u00a0Tim Ferriss recueille les enseignements de 100 personnalit\u00e9s exceptionnelles, partageant leurs secrets et le\u00e7ons de vie.\u00a0\u00bb<\/p>\n","protected":false},"featured_media":16162,"comment_status":"open","ping_status":"closed","template":"","meta":{"inline_featured_image":false},"product_cat":[204,91],"product_tag":[],"class_list":{"0":"post-16152","1":"product","2":"type-product","3":"status-publish","4":"has-post-thumbnail","6":"product_cat-francais","7":"product_cat-developpement","8":"pa_auteurs-timothy-ferriss","10":"first","11":"instock","12":"shipping-taxable","13":"purchasable","14":"product-type-simple"},"_links":{"self":[{"href":"https:\/\/baralivres.ma\/index.php?rest_route=\/wp\/v2\/product\/16152","targetHints":{"allow":["GET"]}}],"collection":[{"href":"https:\/\/baralivres.ma\/index.php?rest_route=\/wp\/v2\/product"}],"about":[{"href":"https:\/\/baralivres.ma\/index.php?rest_route=\/wp\/v2\/types\/product"}],"replies":[{"embeddable":true,"href":"https:\/\/baralivres.ma\/index.php?rest_route=%2Fwp%2Fv2%2Fcomments&post=16152"}],"version-history":[{"count":1,"href":"https:\/\/baralivres.ma\/index.php?rest_route=\/wp\/v2\/product\/16152\/revisions"}],"predecessor-version":[{"id":16164,"href":"https:\/\/baralivres.ma\/index.php?rest_route=\/wp\/v2\/product\/16152\/revisions\/16164"}],"wp:featuredmedia":[{"embeddable":true,"href":"https:\/\/baralivres.ma\/index.php?rest_route=\/wp\/v2\/media\/16162"}],"wp:attachment":[{"href":"https:\/\/baralivres.ma\/index.php?rest_route=%2Fwp%2Fv2%2Fmedia&parent=16152"}],"wp:term":[{"taxonomy":"product_cat","embeddable":true,"href":"https:\/\/baralivres.ma\/index.php?rest_route=%2Fwp%2Fv2%2Fproduct_cat&post=16152"},{"taxonomy":"product_tag","embeddable":true,"href":"https:\/\/baralivres.ma\/index.php?rest_route=%2Fwp%2Fv2%2Fproduct_tag&post=16152"}],"curies":[{"name":"wp","href":"https:\/\/api.w.org\/{rel}","templated":true}]}}