{"id":16139,"date":"2023-10-30T15:59:17","date_gmt":"2023-10-30T14:59:17","guid":{"rendered":"https:\/\/baralivres.ma\/?post_type=product&#038;p=16139"},"modified":"2023-10-30T15:59:18","modified_gmt":"2023-10-30T14:59:18","slug":"le-design","status":"publish","type":"product","link":"https:\/\/baralivres.ma\/?product=le-design","title":{"rendered":"Le design"},"content":{"rendered":"<p>Le domaine du design est initialement associ\u00e9 \u00e0 la transformation des objets \u00e0 l&rsquo;\u00e9poque de la production de masse. Il englobe \u00e0 la fois la culture du processus de conception et la cr\u00e9ation de produits industriels. Ce livre d\u00e9fend l&rsquo;id\u00e9e que penser le design implique de le relier \u00e0 des formes ant\u00e9rieures, de l&rsquo;observer dans des contextes sp\u00e9cifiques, de d\u00e9tailler ses fonctions selon les circonstances, et de plonger dans une exp\u00e9rience historique. Il explore de larges th\u00e9matiques, des s\u00e9ries d&rsquo;objets, des figures marquantes et des d\u00e9bats. Entre les moments embl\u00e9matiques et les \u00e9v\u00e9nements moins connus, \u00ab\u00a0Le design : Histoire, concepts, combats\u00a0\u00bb vise \u00e0 remettre en question les d\u00e9finitions fig\u00e9es en les repla\u00e7ant dans leur contexte historique.<\/p>\n<p>\u00c0 travers ses explorations, cet ouvrage s&rsquo;inspire de l&rsquo;enseignement de personnalit\u00e9s telles que Mendini qui, en 1974, \u00e9crivait : \u00ab\u00a0Nous vivons entour\u00e9s de probl\u00e8mes importants : massacres, r\u00e9cession, guerres, \u00e9nergie. Et pour vivre, nous nous attaquons \u00e0 des petits probl\u00e8mes. Nous concevons \u00e0 la fois des objets simples et complexes, tels que des serrures, des fouets, des toilettes, des maisons, des digues et des plans urbains, alors que des \u00e9v\u00e9nements majeurs \u00e9clatent autour de nous.\u00a0\u00bb Ainsi, le domaine du design oscille entre diff\u00e9rentes dimensions, refl\u00e9tant la perception selon laquelle \u00ab\u00a0les probl\u00e8mes, m\u00eame s&rsquo;ils sont d&rsquo;une grande ampleur, peuvent en r\u00e9alit\u00e9 sembler minuscules, tandis que les aspects en apparence mineurs peuvent \u00eatre en r\u00e9alit\u00e9 de grande envergure\u00a0\u00bb.<\/p>\n","protected":false},"excerpt":{"rendered":"<p>Le design relie l&rsquo;histoire, la culture et les objets dans des contextes \u00e9volutifs et complexes.<\/p>\n","protected":false},"featured_media":16145,"comment_status":"open","ping_status":"closed","template":"","meta":{"inline_featured_image":false},"product_cat":[204,143],"product_tag":[],"class_list":{"0":"post-16139","1":"product","2":"type-product","3":"status-publish","4":"has-post-thumbnail","6":"product_cat-francais","7":"product_cat-roman","8":"pa_auteurs-catherine-geel","10":"first","11":"instock","12":"shipping-taxable","13":"purchasable","14":"product-type-simple"},"_links":{"self":[{"href":"https:\/\/baralivres.ma\/index.php?rest_route=\/wp\/v2\/product\/16139","targetHints":{"allow":["GET"]}}],"collection":[{"href":"https:\/\/baralivres.ma\/index.php?rest_route=\/wp\/v2\/product"}],"about":[{"href":"https:\/\/baralivres.ma\/index.php?rest_route=\/wp\/v2\/types\/product"}],"replies":[{"embeddable":true,"href":"https:\/\/baralivres.ma\/index.php?rest_route=%2Fwp%2Fv2%2Fcomments&post=16139"}],"version-history":[{"count":1,"href":"https:\/\/baralivres.ma\/index.php?rest_route=\/wp\/v2\/product\/16139\/revisions"}],"predecessor-version":[{"id":16146,"href":"https:\/\/baralivres.ma\/index.php?rest_route=\/wp\/v2\/product\/16139\/revisions\/16146"}],"wp:featuredmedia":[{"embeddable":true,"href":"https:\/\/baralivres.ma\/index.php?rest_route=\/wp\/v2\/media\/16145"}],"wp:attachment":[{"href":"https:\/\/baralivres.ma\/index.php?rest_route=%2Fwp%2Fv2%2Fmedia&parent=16139"}],"wp:term":[{"taxonomy":"product_cat","embeddable":true,"href":"https:\/\/baralivres.ma\/index.php?rest_route=%2Fwp%2Fv2%2Fproduct_cat&post=16139"},{"taxonomy":"product_tag","embeddable":true,"href":"https:\/\/baralivres.ma\/index.php?rest_route=%2Fwp%2Fv2%2Fproduct_tag&post=16139"}],"curies":[{"name":"wp","href":"https:\/\/api.w.org\/{rel}","templated":true}]}}