{"id":16094,"date":"2023-10-30T15:31:48","date_gmt":"2023-10-30T14:31:48","guid":{"rendered":"https:\/\/baralivres.ma\/?post_type=product&#038;p=16094"},"modified":"2023-10-30T15:31:48","modified_gmt":"2023-10-30T14:31:48","slug":"nietzsche-et-la-vie","status":"publish","type":"product","link":"https:\/\/baralivres.ma\/?product=nietzsche-et-la-vie","title":{"rendered":"Nietzsche et la vie"},"content":{"rendered":"<p>Barbara Stiegler explore une transformation majeure dans la philosophie inaugur\u00e9e par Nietzsche, qui d\u00e9place le centre de r\u00e9flexion vers le corps et la vie, appelant ainsi \u00e0 une nouvelle perspective dans l&rsquo;histoire de la philosophie. En parcourant les grandes figures telles que Descartes, Kant, Schopenhauer, Hegel, Marx, mais aussi les penseurs contemporains proches ou h\u00e9ritiers de cette philosophie de la vie tels que William James, John Dewey, Bergson, Canguilhem, Foucault, en tenant compte \u00e9galement des critiques ph\u00e9nom\u00e9nologiques de Husserl \u00e0 Heidegger, Stiegler offre une introduction exhaustive. Son ouvrage trace un fil conducteur qui suit la r\u00e9alit\u00e9 concr\u00e8te du corps et de la vie, explorant l&rsquo;histoire de la biologie, de la physiologie \u00e0 la th\u00e9orie de l&rsquo;\u00e9volution, jusqu&rsquo;aux d\u00e9bats actuels des sciences m\u00e9dicales. Ainsi, cette nouvelle histoire de la philosophie d\u00e9montre que la pens\u00e9e de Nietzsche n&rsquo;est pas une singularit\u00e9 isol\u00e9e mais plut\u00f4t un pivot central. Elle marque un tournant \u00e0 une \u00e9poque o\u00f9 la m\u00e9taphysique s&rsquo;ach\u00e8ve et les connaissances entrent en crise, exigeant que la gouvernance de la vie et des \u00eatres vivants soit l&rsquo;affaire de tous, n\u00e9cessitant une refonte totale des notions de \u00ab\u00a0r\u00e9alit\u00e9\u00a0\u00bb, \u00ab\u00a0v\u00e9rit\u00e9\u00a0\u00bb et de la valeur des \u00e9nonc\u00e9s scientifiques.<\/p>\n","protected":false},"excerpt":{"rendered":"<p>Nouvelle philosophie ax\u00e9e sur corps, vie, biologie, red\u00e9finissant r\u00e9alit\u00e9, v\u00e9rit\u00e9, science, gouvernance collective.<\/p>\n","protected":false},"featured_media":16098,"comment_status":"open","ping_status":"closed","template":"","meta":{"inline_featured_image":false},"product_cat":[204,143],"product_tag":[],"class_list":{"0":"post-16094","1":"product","2":"type-product","3":"status-publish","4":"has-post-thumbnail","6":"product_cat-francais","7":"product_cat-roman","8":"pa_auteurs-barbara-stiegler","10":"first","11":"instock","12":"shipping-taxable","13":"purchasable","14":"product-type-simple"},"_links":{"self":[{"href":"https:\/\/baralivres.ma\/index.php?rest_route=\/wp\/v2\/product\/16094","targetHints":{"allow":["GET"]}}],"collection":[{"href":"https:\/\/baralivres.ma\/index.php?rest_route=\/wp\/v2\/product"}],"about":[{"href":"https:\/\/baralivres.ma\/index.php?rest_route=\/wp\/v2\/types\/product"}],"replies":[{"embeddable":true,"href":"https:\/\/baralivres.ma\/index.php?rest_route=%2Fwp%2Fv2%2Fcomments&post=16094"}],"version-history":[{"count":1,"href":"https:\/\/baralivres.ma\/index.php?rest_route=\/wp\/v2\/product\/16094\/revisions"}],"predecessor-version":[{"id":16099,"href":"https:\/\/baralivres.ma\/index.php?rest_route=\/wp\/v2\/product\/16094\/revisions\/16099"}],"wp:featuredmedia":[{"embeddable":true,"href":"https:\/\/baralivres.ma\/index.php?rest_route=\/wp\/v2\/media\/16098"}],"wp:attachment":[{"href":"https:\/\/baralivres.ma\/index.php?rest_route=%2Fwp%2Fv2%2Fmedia&parent=16094"}],"wp:term":[{"taxonomy":"product_cat","embeddable":true,"href":"https:\/\/baralivres.ma\/index.php?rest_route=%2Fwp%2Fv2%2Fproduct_cat&post=16094"},{"taxonomy":"product_tag","embeddable":true,"href":"https:\/\/baralivres.ma\/index.php?rest_route=%2Fwp%2Fv2%2Fproduct_tag&post=16094"}],"curies":[{"name":"wp","href":"https:\/\/api.w.org\/{rel}","templated":true}]}}