{"id":16050,"date":"2023-10-30T15:08:33","date_gmt":"2023-10-30T14:08:33","guid":{"rendered":"https:\/\/baralivres.ma\/?post_type=product&#038;p=16050"},"modified":"2023-10-31T09:46:36","modified_gmt":"2023-10-31T08:46:36","slug":"marketing-5-0","status":"publish","type":"product","link":"https:\/\/baralivres.ma\/?product=marketing-5-0","title":{"rendered":"MARKETING 5.0"},"content":{"rendered":"<p>\u00ab\u00a0Marketing 5.0, de Philip Kotler, est un guide essentiel pour le marketing technologique, adapt\u00e9 aux \u00e9tudiants, aux experts du marketing et de la technologie. Il red\u00e9finit le marketing en proposant des recommandations pratiques et des id\u00e9es novatrices. L&rsquo;ouvrage explore la notion de \u00ab\u00a0marketing technologique\u00a0\u00bb dans le contexte de la transformation num\u00e9rique des entreprises et des \u00e9volutions des comportements clients. Il montre comment les sp\u00e9cialistes du marketing peuvent utiliser les technologies \u00e9mergentes pour anticiper et r\u00e9pondre aux besoins des consommateurs. Le livre couvre une vari\u00e9t\u00e9 de sujets cl\u00e9s, allant de l&rsquo;intelligence artificielle au marketing automatis\u00e9 \u00e0 la gestion de la relation client, en passant par le marketing contextuel, le storytelling, le Big Data et bien d&rsquo;autres aspects du marketing moderne.\u00a0\u00bb<\/p>\n","protected":false},"excerpt":{"rendered":"<div class=\"group w-full text-token-text-primary border-b border-black\/10 gizmo:border-0 dark:border-gray-900\/50 gizmo:dark:border-0 bg-gray-50 gizmo:bg-transparent dark:bg-[#444654] gizmo:dark:bg-transparent\" data-testid=\"conversation-turn-39\">\n<div class=\"p-4 gizmo:py-2 justify-center text-base md:gap-6 md:py-6 m-auto\">\n<div class=\"flex flex-1 gap-4 text-base mx-auto md:gap-6 gizmo:gap-3 gizmo:md:px-5 gizmo:lg:px-1 gizmo:xl:px-5 md:max-w-2xl lg:max-w-[38rem] gizmo:md:max-w-3xl gizmo:lg:max-w-[40rem] gizmo:xl:max-w-[48rem] xl:max-w-3xl }\">\n<div class=\"relative flex w-[calc(100%-50px)] flex-col gizmo:w-full lg:w-[calc(100%-115px)] agent-turn\">\n<div class=\"flex-col gap-1 md:gap-3\">\n<div class=\"flex flex-grow flex-col gap-3 max-w-full\">\n<div class=\"min-h-[20px] flex flex-col items-start gap-3 whitespace-pre-wrap break-words overflow-x-auto\" data-message-author-role=\"assistant\" data-message-id=\"2f865f58-ec8c-4fb0-a2dd-26aae4944d12\">\n<div class=\"markdown prose w-full break-words dark:prose-invert light\">\n<p>\u00ab\u00a0Marketing 5.0 de Philip Kotler explore le marketing technologique, de l&rsquo;IA au Big Data, pour anticiper les besoins clients.\u00a0\u00bb<\/p>\n<\/div>\n<\/div>\n<\/div>\n<div class=\"flex justify-between empty:hidden gizmo:justify-start gizmo:gap-3 lg:block gizmo:lg:flex\">\n<div class=\"text-gray-400 flex self-end lg:self-center justify-center gizmo:lg:justify-start mt-2 gizmo:mt-0 visible lg:gap-1 lg:absolute lg:top-0 lg:translate-x-full lg:right-0 lg:mt-0 lg:pl-2 gap-2 md:gap-3\">\n<p>&nbsp;<\/p>\n<div class=\"flex gap-1\"><\/div>\n<\/div>\n<\/div>\n<\/div>\n<\/div>\n<\/div>\n<\/div>\n<\/div>\n","protected":false},"featured_media":16054,"comment_status":"open","ping_status":"closed","template":"","meta":{"inline_featured_image":false},"product_cat":[204,91],"product_tag":[],"class_list":{"0":"post-16050","1":"product","2":"type-product","3":"status-publish","4":"has-post-thumbnail","6":"product_cat-francais","7":"product_cat-developpement","8":"pa_auteurs-philip-kotler","10":"first","11":"instock","12":"shipping-taxable","13":"purchasable","14":"product-type-simple"},"_links":{"self":[{"href":"https:\/\/baralivres.ma\/index.php?rest_route=\/wp\/v2\/product\/16050","targetHints":{"allow":["GET"]}}],"collection":[{"href":"https:\/\/baralivres.ma\/index.php?rest_route=\/wp\/v2\/product"}],"about":[{"href":"https:\/\/baralivres.ma\/index.php?rest_route=\/wp\/v2\/types\/product"}],"replies":[{"embeddable":true,"href":"https:\/\/baralivres.ma\/index.php?rest_route=%2Fwp%2Fv2%2Fcomments&post=16050"}],"version-history":[{"count":2,"href":"https:\/\/baralivres.ma\/index.php?rest_route=\/wp\/v2\/product\/16050\/revisions"}],"predecessor-version":[{"id":16321,"href":"https:\/\/baralivres.ma\/index.php?rest_route=\/wp\/v2\/product\/16050\/revisions\/16321"}],"wp:featuredmedia":[{"embeddable":true,"href":"https:\/\/baralivres.ma\/index.php?rest_route=\/wp\/v2\/media\/16054"}],"wp:attachment":[{"href":"https:\/\/baralivres.ma\/index.php?rest_route=%2Fwp%2Fv2%2Fmedia&parent=16050"}],"wp:term":[{"taxonomy":"product_cat","embeddable":true,"href":"https:\/\/baralivres.ma\/index.php?rest_route=%2Fwp%2Fv2%2Fproduct_cat&post=16050"},{"taxonomy":"product_tag","embeddable":true,"href":"https:\/\/baralivres.ma\/index.php?rest_route=%2Fwp%2Fv2%2Fproduct_tag&post=16050"}],"curies":[{"name":"wp","href":"https:\/\/api.w.org\/{rel}","templated":true}]}}