{"id":16046,"date":"2023-10-30T15:08:58","date_gmt":"2023-10-30T14:08:58","guid":{"rendered":"https:\/\/baralivres.ma\/?post_type=product&#038;p=16046"},"modified":"2023-10-30T15:08:58","modified_gmt":"2023-10-30T14:08:58","slug":"lhomme-qui-venait-du-passe","status":"publish","type":"product","link":"https:\/\/baralivres.ma\/?product=lhomme-qui-venait-du-passe","title":{"rendered":"L&rsquo;homme qui venait du pass\u00e9"},"content":{"rendered":"<p>L&rsquo;inspecteur Ali, malgr\u00e9 l&rsquo;urgence potentielle impliquant la s\u00e9curit\u00e9 mondiale, ne se presse jamais. Son attitude persiste m\u00eame lorsqu&rsquo;un haut fonctionnaire du gouvernement marocain le convoque pour lui r\u00e9v\u00e9ler une d\u00e9couverte sinistre : un corps sans vie d\u00e9couvert au fond d&rsquo;un puits, nich\u00e9 dans le patio d&rsquo;un somptueux palais \u00e0 Marrakech, appel\u00e9 riyad. Entre des moments de d\u00e9tente ponctu\u00e9s de bouff\u00e9es de kif et des d\u00e9gustations de tajines \u00e9pic\u00e9s, Ali m\u00e8ne son enqu\u00eate en mobilisant son r\u00e9seau habituel de sources, parmi lesquelles des femmes de m\u00e9nage, des chauffeurs de taxi et des individus influents du monde de la drogue.<\/p>\n<p>Cependant, cette fois-ci, il \u00e9tend ses investigations bien au-del\u00e0 de ses fronti\u00e8res habituelles, explorant les connexions en France, aux \u00c9tats-Unis et jusqu&rsquo;en Afghanistan. Qui \u00e9tait cet individu retrouv\u00e9 dans le riyad, et \u00e0 la t\u00eate de quel r\u00e9seau islamiste se trouvait-il ? Dans une traque complexe allant de la mafia marocaine aux coffres s\u00e9curis\u00e9s des banques suisses, en passant par les plus hautes sph\u00e8res des services de renseignement occidentaux, une vaste toile d&rsquo;indices se dessine. Ali avance sans pr\u00e9cipitation vers les secrets les plus profond\u00e9ment enfouis de la plan\u00e8te.<\/p>\n","protected":false},"excerpt":{"rendered":"<p>Inspecteur Ali enqu\u00eate sans h\u00e2te sur la d\u00e9couverte macabre, d\u00e9voilant secrets mondiaux et r\u00e9seaux clandestins.<\/p>\n","protected":false},"featured_media":16057,"comment_status":"open","ping_status":"closed","template":"","meta":{"inline_featured_image":false},"product_cat":[204,143],"product_tag":[],"class_list":{"0":"post-16046","1":"product","2":"type-product","3":"status-publish","4":"has-post-thumbnail","6":"product_cat-francais","7":"product_cat-roman","8":"pa_auteurs-driss-chraibi","10":"first","11":"instock","12":"shipping-taxable","13":"purchasable","14":"product-type-simple"},"_links":{"self":[{"href":"https:\/\/baralivres.ma\/index.php?rest_route=\/wp\/v2\/product\/16046","targetHints":{"allow":["GET"]}}],"collection":[{"href":"https:\/\/baralivres.ma\/index.php?rest_route=\/wp\/v2\/product"}],"about":[{"href":"https:\/\/baralivres.ma\/index.php?rest_route=\/wp\/v2\/types\/product"}],"replies":[{"embeddable":true,"href":"https:\/\/baralivres.ma\/index.php?rest_route=%2Fwp%2Fv2%2Fcomments&post=16046"}],"version-history":[{"count":1,"href":"https:\/\/baralivres.ma\/index.php?rest_route=\/wp\/v2\/product\/16046\/revisions"}],"predecessor-version":[{"id":16058,"href":"https:\/\/baralivres.ma\/index.php?rest_route=\/wp\/v2\/product\/16046\/revisions\/16058"}],"wp:featuredmedia":[{"embeddable":true,"href":"https:\/\/baralivres.ma\/index.php?rest_route=\/wp\/v2\/media\/16057"}],"wp:attachment":[{"href":"https:\/\/baralivres.ma\/index.php?rest_route=%2Fwp%2Fv2%2Fmedia&parent=16046"}],"wp:term":[{"taxonomy":"product_cat","embeddable":true,"href":"https:\/\/baralivres.ma\/index.php?rest_route=%2Fwp%2Fv2%2Fproduct_cat&post=16046"},{"taxonomy":"product_tag","embeddable":true,"href":"https:\/\/baralivres.ma\/index.php?rest_route=%2Fwp%2Fv2%2Fproduct_tag&post=16046"}],"curies":[{"name":"wp","href":"https:\/\/api.w.org\/{rel}","templated":true}]}}