{"id":16035,"date":"2023-10-30T15:06:42","date_gmt":"2023-10-30T14:06:42","guid":{"rendered":"https:\/\/baralivres.ma\/?post_type=product&#038;p=16035"},"modified":"2023-10-30T15:07:07","modified_gmt":"2023-10-30T14:07:07","slug":"memoires-dhadrien","status":"publish","type":"product","link":"https:\/\/baralivres.ma\/?product=memoires-dhadrien","title":{"rendered":"M\u00e9moires d&rsquo;Hadrien"},"content":{"rendered":"<p>Cette \u0153uvre embrasse simultan\u00e9ment les genres du roman, de l&rsquo;histoire et de la po\u00e9sie. En cr\u00e9ant les M\u00e9moires d&rsquo;un \u00e9minent empereur romain, l&rsquo;auteur aspire \u00e0 \u00ab\u00a0restituer de l&rsquo;int\u00e9rieur ce que les chercheurs du XIXe si\u00e8cle ont accompli depuis l&rsquo;ext\u00e9rieur\u00a0\u00bb. Hadrien porte un regard critique sur sa propre vie en tant qu&rsquo;individu et sur son h\u00e9ritage politique. Il ne se voile pas la face quant au destin in\u00e9luctable de Rome, mais sa vision r\u00e9aliste \u00e0 la romaine et son humanisme h\u00e9rit\u00e9 des Grecs lui conf\u00e8rent une profonde conscience de l&rsquo;importance de la r\u00e9flexion et du service jusqu&rsquo;\u00e0 la fin. Il exprime son engagement en d\u00e9clarant : \u00ab\u00a0Je me sentais responsable de la beaut\u00e9 du monde\u00a0\u00bb, devenant ainsi un h\u00e9ros aux pr\u00e9occupations universelles : affronter les menaces mortelles qui p\u00e8sent tant de l&rsquo;int\u00e9rieur que de l&rsquo;ext\u00e9rieur sur les civilisations, rechercher un \u00e9quilibre harmonieux entre le bonheur et la \u00ab\u00a0discipline auguste\u00a0\u00bb, entre l&rsquo;intelligence et la volont\u00e9.<\/p>\n","protected":false},"excerpt":{"rendered":"<p>\u0152uvre fusionne roman, histoire, po\u00e9sie. Hadrien explore vie, Rome, responsabilit\u00e9, harmonie, intelligence, volont\u00e9, survie civilisations.<\/p>\n","protected":false},"featured_media":16051,"comment_status":"open","ping_status":"closed","template":"","meta":{"inline_featured_image":false},"product_cat":[204,143],"product_tag":[],"class_list":{"0":"post-16035","1":"product","2":"type-product","3":"status-publish","4":"has-post-thumbnail","6":"product_cat-francais","7":"product_cat-roman","8":"pa_auteurs-marguerite-yourcenar","10":"first","11":"instock","12":"shipping-taxable","13":"purchasable","14":"product-type-simple"},"_links":{"self":[{"href":"https:\/\/baralivres.ma\/index.php?rest_route=\/wp\/v2\/product\/16035","targetHints":{"allow":["GET"]}}],"collection":[{"href":"https:\/\/baralivres.ma\/index.php?rest_route=\/wp\/v2\/product"}],"about":[{"href":"https:\/\/baralivres.ma\/index.php?rest_route=\/wp\/v2\/types\/product"}],"replies":[{"embeddable":true,"href":"https:\/\/baralivres.ma\/index.php?rest_route=%2Fwp%2Fv2%2Fcomments&post=16035"}],"version-history":[{"count":1,"href":"https:\/\/baralivres.ma\/index.php?rest_route=\/wp\/v2\/product\/16035\/revisions"}],"predecessor-version":[{"id":16052,"href":"https:\/\/baralivres.ma\/index.php?rest_route=\/wp\/v2\/product\/16035\/revisions\/16052"}],"wp:featuredmedia":[{"embeddable":true,"href":"https:\/\/baralivres.ma\/index.php?rest_route=\/wp\/v2\/media\/16051"}],"wp:attachment":[{"href":"https:\/\/baralivres.ma\/index.php?rest_route=%2Fwp%2Fv2%2Fmedia&parent=16035"}],"wp:term":[{"taxonomy":"product_cat","embeddable":true,"href":"https:\/\/baralivres.ma\/index.php?rest_route=%2Fwp%2Fv2%2Fproduct_cat&post=16035"},{"taxonomy":"product_tag","embeddable":true,"href":"https:\/\/baralivres.ma\/index.php?rest_route=%2Fwp%2Fv2%2Fproduct_tag&post=16035"}],"curies":[{"name":"wp","href":"https:\/\/api.w.org\/{rel}","templated":true}]}}