{"id":16031,"date":"2023-10-30T15:02:15","date_gmt":"2023-10-30T14:02:15","guid":{"rendered":"https:\/\/baralivres.ma\/?post_type=product&#038;p=16031"},"modified":"2024-10-29T18:13:58","modified_gmt":"2024-10-29T17:13:58","slug":"les-dix-secrets-du-succes-et-de-la-paix-interieure","status":"publish","type":"product","link":"https:\/\/baralivres.ma\/?product=les-dix-secrets-du-succes-et-de-la-paix-interieure","title":{"rendered":"Les dix secrets du succ\u00e8s et de la paix int\u00e9rieure"},"content":{"rendered":"<p>\u00ab\u00a0Chaque jour, ma pens\u00e9e est tourn\u00e9e vers Dieu, et je ressens constamment Sa pr\u00e9sence lorsque je suis \u00e9veill\u00e9. Cette exp\u00e9rience est indescriptible, car elle m&rsquo;apporte un profond contentement et une satisfaction in\u00e9gal\u00e9e. J&rsquo;ai d\u00e9couvert la paix int\u00e9rieure, qui a transform\u00e9 la fa\u00e7on dont je per\u00e7ois mes soucis, probl\u00e8mes, r\u00e9ussites et possessions. Dans ce bref ouvrage, je d\u00e9voile les dix secrets du succ\u00e8s et de la s\u00e9r\u00e9nit\u00e9, que vous pouvez ma\u00eetriser et appliquer au quotidien pour atteindre la m\u00eame qui\u00e9tude. Aux c\u00f4t\u00e9s du Dr. Wayne Dyer, vous acquerrez des le\u00e7ons essentielles sur le d\u00e9tachement, le silence et l&rsquo;estime de soi. En \u00e9largissant votre perception spirituelle, vous acc\u00e9derez \u00e0 un nouveau monde, lib\u00e9r\u00e9 de la col\u00e8re et de la culpabilit\u00e9, o\u00f9 chaque jour est empreint d&rsquo;inspiration pour une vie lumineuse et heureuse.\u00a0\u00bb<\/p>\n","protected":false},"excerpt":{"rendered":"<p>Pens\u00e9es quotidiennes vers Dieu, paix int\u00e9rieure, secrets du succ\u00e8s partag\u00e9s par Dr. Wayne Dyer, bonheur spirituel.<\/p>\n","protected":false},"featured_media":16039,"comment_status":"open","ping_status":"closed","template":"","meta":{"inline_featured_image":false},"product_cat":[3673],"product_tag":[],"class_list":{"0":"post-16031","1":"product","2":"type-product","3":"status-publish","4":"has-post-thumbnail","6":"product_cat-aventire-secrete","7":"pa_auteurs-dr_wayane_w_dyer","9":"first","10":"instock","11":"shipping-taxable","12":"purchasable","13":"product-type-simple"},"_links":{"self":[{"href":"https:\/\/baralivres.ma\/index.php?rest_route=\/wp\/v2\/product\/16031","targetHints":{"allow":["GET"]}}],"collection":[{"href":"https:\/\/baralivres.ma\/index.php?rest_route=\/wp\/v2\/product"}],"about":[{"href":"https:\/\/baralivres.ma\/index.php?rest_route=\/wp\/v2\/types\/product"}],"replies":[{"embeddable":true,"href":"https:\/\/baralivres.ma\/index.php?rest_route=%2Fwp%2Fv2%2Fcomments&post=16031"}],"version-history":[{"count":1,"href":"https:\/\/baralivres.ma\/index.php?rest_route=\/wp\/v2\/product\/16031\/revisions"}],"predecessor-version":[{"id":16040,"href":"https:\/\/baralivres.ma\/index.php?rest_route=\/wp\/v2\/product\/16031\/revisions\/16040"}],"wp:featuredmedia":[{"embeddable":true,"href":"https:\/\/baralivres.ma\/index.php?rest_route=\/wp\/v2\/media\/16039"}],"wp:attachment":[{"href":"https:\/\/baralivres.ma\/index.php?rest_route=%2Fwp%2Fv2%2Fmedia&parent=16031"}],"wp:term":[{"taxonomy":"product_cat","embeddable":true,"href":"https:\/\/baralivres.ma\/index.php?rest_route=%2Fwp%2Fv2%2Fproduct_cat&post=16031"},{"taxonomy":"product_tag","embeddable":true,"href":"https:\/\/baralivres.ma\/index.php?rest_route=%2Fwp%2Fv2%2Fproduct_tag&post=16031"}],"curies":[{"name":"wp","href":"https:\/\/api.w.org\/{rel}","templated":true}]}}