{"id":16001,"date":"2023-10-30T14:49:41","date_gmt":"2023-10-30T13:49:41","guid":{"rendered":"https:\/\/baralivres.ma\/?post_type=product&#038;p=16001"},"modified":"2023-10-30T14:49:42","modified_gmt":"2023-10-30T13:49:42","slug":"alcools","status":"publish","type":"product","link":"https:\/\/baralivres.ma\/?product=alcools","title":{"rendered":"Alcools"},"content":{"rendered":"<p>\u00ab\u00a0Je suis celui qui conna\u00eet les chants pour les royaut\u00e9s, Les lamentations de mes ann\u00e9es, Des hymnes d&rsquo;esclave aux poissons-serpents, La romance du mal-aim\u00e9 Et des m\u00e9lodies pour les sir\u00e8nes.\u00a0\u00bb<\/p>\n<p>Cent ans apr\u00e8s sa parution, Alcools demeure un pilier incontest\u00e9 de la po\u00e9sie mondiale. Cette \u00e9dition actuelle offre une perspective personnelle et met en lumi\u00e8re son influence toujours pr\u00e9gnante. En plus du recueil original, elle comporte, entre autres, des souvenirs espi\u00e8gles de Paul L\u00e9autaud, des lettres de Guillaume Apollinaire, un glossaire, et onze hommages po\u00e9tiques \u00e9crits par certains des plus grands po\u00e8tes des XXe et XXIe si\u00e8cles.<\/p>\n","protected":false},"excerpt":{"rendered":"<p>\u00ab\u00a0Alcools, recueil po\u00e9tique centenaire, demeure influent et revisit\u00e9 par divers hommages po\u00e9tiques contemporains.\u00a0\u00bb<\/p>\n","protected":false},"featured_media":16008,"comment_status":"open","ping_status":"closed","template":"","meta":{"inline_featured_image":false},"product_cat":[204,143],"product_tag":[],"class_list":{"0":"post-16001","1":"product","2":"type-product","3":"status-publish","4":"has-post-thumbnail","6":"product_cat-francais","7":"product_cat-roman","8":"pa_auteurs-guillaume-apollinaire","10":"first","11":"instock","12":"shipping-taxable","13":"purchasable","14":"product-type-simple"},"_links":{"self":[{"href":"https:\/\/baralivres.ma\/index.php?rest_route=\/wp\/v2\/product\/16001","targetHints":{"allow":["GET"]}}],"collection":[{"href":"https:\/\/baralivres.ma\/index.php?rest_route=\/wp\/v2\/product"}],"about":[{"href":"https:\/\/baralivres.ma\/index.php?rest_route=\/wp\/v2\/types\/product"}],"replies":[{"embeddable":true,"href":"https:\/\/baralivres.ma\/index.php?rest_route=%2Fwp%2Fv2%2Fcomments&post=16001"}],"version-history":[{"count":1,"href":"https:\/\/baralivres.ma\/index.php?rest_route=\/wp\/v2\/product\/16001\/revisions"}],"predecessor-version":[{"id":16009,"href":"https:\/\/baralivres.ma\/index.php?rest_route=\/wp\/v2\/product\/16001\/revisions\/16009"}],"wp:featuredmedia":[{"embeddable":true,"href":"https:\/\/baralivres.ma\/index.php?rest_route=\/wp\/v2\/media\/16008"}],"wp:attachment":[{"href":"https:\/\/baralivres.ma\/index.php?rest_route=%2Fwp%2Fv2%2Fmedia&parent=16001"}],"wp:term":[{"taxonomy":"product_cat","embeddable":true,"href":"https:\/\/baralivres.ma\/index.php?rest_route=%2Fwp%2Fv2%2Fproduct_cat&post=16001"},{"taxonomy":"product_tag","embeddable":true,"href":"https:\/\/baralivres.ma\/index.php?rest_route=%2Fwp%2Fv2%2Fproduct_tag&post=16001"}],"curies":[{"name":"wp","href":"https:\/\/api.w.org\/{rel}","templated":true}]}}