{"id":15950,"date":"2023-10-30T14:28:20","date_gmt":"2023-10-30T13:28:20","guid":{"rendered":"https:\/\/baralivres.ma\/?post_type=product&#038;p=15950"},"modified":"2023-12-04T12:18:09","modified_gmt":"2023-12-04T11:18:09","slug":"manuel-de-journalisme-web","status":"publish","type":"product","link":"https:\/\/baralivres.ma\/?product=manuel-de-journalisme-web","title":{"rendered":"Manuel de journalisme web"},"content":{"rendered":"<p>\u00ab\u00a0Une \u00e9dition mise \u00e0 jour de &lsquo;Journalism Next&rsquo;, livre am\u00e9ricain, enseigne le journalisme web avec des exemples et des experts. Il couvre la cr\u00e9ation de communaut\u00e9s, le contenu multim\u00e9dia, l&rsquo;info mobile, le datajournalisme et les comp\u00e9tences techniques essentielles pour les professionnels et les \u00e9tudiants en journalisme.\u00a0\u00bb<\/p>\n","protected":false},"excerpt":{"rendered":"<p>\u00ab\u00a0Manuel actuel du journalisme web, incluant communaut\u00e9s, contenu multim\u00e9dia, info mobile, datajournalisme, comp\u00e9tences techniques. Pour professionnels et \u00e9tudiants.\u00a0\u00bb<\/p>\n","protected":false},"featured_media":15957,"comment_status":"open","ping_status":"closed","template":"","meta":{"inline_featured_image":false},"product_cat":[204,91],"product_tag":[],"class_list":{"0":"post-15950","1":"product","2":"type-product","3":"status-publish","4":"has-post-thumbnail","6":"product_cat-francais","7":"product_cat-developpement","8":"pa_auteurs-mark-briggs","10":"first","11":"instock","12":"shipping-taxable","13":"purchasable","14":"product-type-simple"},"_links":{"self":[{"href":"https:\/\/baralivres.ma\/index.php?rest_route=\/wp\/v2\/product\/15950","targetHints":{"allow":["GET"]}}],"collection":[{"href":"https:\/\/baralivres.ma\/index.php?rest_route=\/wp\/v2\/product"}],"about":[{"href":"https:\/\/baralivres.ma\/index.php?rest_route=\/wp\/v2\/types\/product"}],"replies":[{"embeddable":true,"href":"https:\/\/baralivres.ma\/index.php?rest_route=%2Fwp%2Fv2%2Fcomments&post=15950"}],"version-history":[{"count":1,"href":"https:\/\/baralivres.ma\/index.php?rest_route=\/wp\/v2\/product\/15950\/revisions"}],"predecessor-version":[{"id":15958,"href":"https:\/\/baralivres.ma\/index.php?rest_route=\/wp\/v2\/product\/15950\/revisions\/15958"}],"wp:featuredmedia":[{"embeddable":true,"href":"https:\/\/baralivres.ma\/index.php?rest_route=\/wp\/v2\/media\/15957"}],"wp:attachment":[{"href":"https:\/\/baralivres.ma\/index.php?rest_route=%2Fwp%2Fv2%2Fmedia&parent=15950"}],"wp:term":[{"taxonomy":"product_cat","embeddable":true,"href":"https:\/\/baralivres.ma\/index.php?rest_route=%2Fwp%2Fv2%2Fproduct_cat&post=15950"},{"taxonomy":"product_tag","embeddable":true,"href":"https:\/\/baralivres.ma\/index.php?rest_route=%2Fwp%2Fv2%2Fproduct_tag&post=15950"}],"curies":[{"name":"wp","href":"https:\/\/api.w.org\/{rel}","templated":true}]}}