{"id":15930,"date":"2023-10-30T14:04:33","date_gmt":"2023-10-30T13:04:33","guid":{"rendered":"https:\/\/baralivres.ma\/?post_type=product&#038;p=15930"},"modified":"2023-10-30T14:04:34","modified_gmt":"2023-10-30T13:04:34","slug":"les-mains-du-miracle","status":"publish","type":"product","link":"https:\/\/baralivres.ma\/?product=les-mains-du-miracle","title":{"rendered":"Les mains du miracle"},"content":{"rendered":"<p>Avant la Seconde Guerre mondiale, Felix Kersten, un masseur th\u00e9rapeutique renomm\u00e9, comptait parmi sa client\u00e8le des personnalit\u00e9s \u00e9minentes de l&rsquo;Europe. Malgr\u00e9 ses valeurs professionnelles, il se retrouve confront\u00e9 \u00e0 un dilemme moral lorsqu&rsquo;il accepte de soigner Himmler, le redoutable chef de la Gestapo, pour des douleurs abdominales insupportables. Kersten devient alors le m\u00e9decin personnel d&rsquo;Himmler. Dans un acte extraordinaire, il utilise cette relation de confiance pour sauver des milliers de vies en interc\u00e9dant pour les victimes de l&rsquo;oppression nazie. Joseph Kessel relate l&rsquo;histoire incroyable du docteur Kersten, d\u00e9voilant ainsi un \u00e9pisode m\u00e9connu du XXe si\u00e8cle.<\/p>\n","protected":false},"excerpt":{"rendered":"<p>Massoth\u00e9rapeute Kersten soigne Himmler, devenant son m\u00e9decin pour sauver des milliers de vies juives.<\/p>\n","protected":false},"featured_media":15933,"comment_status":"open","ping_status":"closed","template":"","meta":{"inline_featured_image":false},"product_cat":[204,143],"product_tag":[],"class_list":{"0":"post-15930","1":"product","2":"type-product","3":"status-publish","4":"has-post-thumbnail","6":"product_cat-francais","7":"product_cat-roman","8":"pa_auteurs-joseph-kessel","10":"first","11":"instock","12":"shipping-taxable","13":"purchasable","14":"product-type-simple"},"_links":{"self":[{"href":"https:\/\/baralivres.ma\/index.php?rest_route=\/wp\/v2\/product\/15930","targetHints":{"allow":["GET"]}}],"collection":[{"href":"https:\/\/baralivres.ma\/index.php?rest_route=\/wp\/v2\/product"}],"about":[{"href":"https:\/\/baralivres.ma\/index.php?rest_route=\/wp\/v2\/types\/product"}],"replies":[{"embeddable":true,"href":"https:\/\/baralivres.ma\/index.php?rest_route=%2Fwp%2Fv2%2Fcomments&post=15930"}],"version-history":[{"count":1,"href":"https:\/\/baralivres.ma\/index.php?rest_route=\/wp\/v2\/product\/15930\/revisions"}],"predecessor-version":[{"id":15934,"href":"https:\/\/baralivres.ma\/index.php?rest_route=\/wp\/v2\/product\/15930\/revisions\/15934"}],"wp:featuredmedia":[{"embeddable":true,"href":"https:\/\/baralivres.ma\/index.php?rest_route=\/wp\/v2\/media\/15933"}],"wp:attachment":[{"href":"https:\/\/baralivres.ma\/index.php?rest_route=%2Fwp%2Fv2%2Fmedia&parent=15930"}],"wp:term":[{"taxonomy":"product_cat","embeddable":true,"href":"https:\/\/baralivres.ma\/index.php?rest_route=%2Fwp%2Fv2%2Fproduct_cat&post=15930"},{"taxonomy":"product_tag","embeddable":true,"href":"https:\/\/baralivres.ma\/index.php?rest_route=%2Fwp%2Fv2%2Fproduct_tag&post=15930"}],"curies":[{"name":"wp","href":"https:\/\/api.w.org\/{rel}","templated":true}]}}