{"id":15892,"date":"2023-10-30T12:43:45","date_gmt":"2023-10-30T11:43:45","guid":{"rendered":"https:\/\/baralivres.ma\/?post_type=product&#038;p=15892"},"modified":"2023-12-12T12:31:53","modified_gmt":"2023-12-12T11:31:53","slug":"n71-ne-plus-se-laisser-manipuler","status":"publish","type":"product","link":"https:\/\/baralivres.ma\/?product=n71-ne-plus-se-laisser-manipuler","title":{"rendered":"Ne plus se laisser manipuler"},"content":{"rendered":"<p>Qu&rsquo;est-ce que la manipulation, et en quoi se distingue-t-elle de l&rsquo;influence que nous utilisons d\u00e8s notre plus jeune \u00e2ge pour satisfaire nos besoins ? La manipulation englobe diverses m\u00e9thodes, qu&rsquo;elles soient employ\u00e9es par des individus ou des groupes, telles que susciter le d\u00e9sir, instiller la peur, recourir au chantage, faire des promesses, utiliser la flatterie, ou induire la culpabilit\u00e9, parmi d&rsquo;autres. Est-ce uniquement le fait de manipulateurs professionnels, ou est-ce une pratique courante, parfois insidieuse, que nous employons tous, que ce soit en famille, au travail, ou dans nos cercles amicaux ? Comment identifier ces m\u00e9thodes et d\u00e9jouer leurs pi\u00e8ges ? Ce livre vous guidera progressivement pour vous aider \u00e0 vous affranchir des manipulateurs et des enqu\u00eateurs qui dissimulent leurs v\u00e9ritables intentions.<\/p>\n","protected":false},"excerpt":{"rendered":"<p>Diff\u00e9rence entre manipulation et influence, m\u00e9thodes utilis\u00e9es, omnipr\u00e9sence dans la vie quotidienne, d\u00e9tection et contrer.<\/p>\n","protected":false},"featured_media":15897,"comment_status":"open","ping_status":"closed","template":"","meta":{"inline_featured_image":false},"product_cat":[204,91],"product_tag":[],"class_list":{"0":"post-15892","1":"product","2":"type-product","3":"status-publish","4":"has-post-thumbnail","6":"product_cat-francais","7":"product_cat-developpement","8":"pa_auteurs-bernard-raquin","10":"first","11":"instock","12":"shipping-taxable","13":"purchasable","14":"product-type-simple"},"_links":{"self":[{"href":"https:\/\/baralivres.ma\/index.php?rest_route=\/wp\/v2\/product\/15892","targetHints":{"allow":["GET"]}}],"collection":[{"href":"https:\/\/baralivres.ma\/index.php?rest_route=\/wp\/v2\/product"}],"about":[{"href":"https:\/\/baralivres.ma\/index.php?rest_route=\/wp\/v2\/types\/product"}],"replies":[{"embeddable":true,"href":"https:\/\/baralivres.ma\/index.php?rest_route=%2Fwp%2Fv2%2Fcomments&post=15892"}],"version-history":[{"count":2,"href":"https:\/\/baralivres.ma\/index.php?rest_route=\/wp\/v2\/product\/15892\/revisions"}],"predecessor-version":[{"id":20638,"href":"https:\/\/baralivres.ma\/index.php?rest_route=\/wp\/v2\/product\/15892\/revisions\/20638"}],"wp:featuredmedia":[{"embeddable":true,"href":"https:\/\/baralivres.ma\/index.php?rest_route=\/wp\/v2\/media\/15897"}],"wp:attachment":[{"href":"https:\/\/baralivres.ma\/index.php?rest_route=%2Fwp%2Fv2%2Fmedia&parent=15892"}],"wp:term":[{"taxonomy":"product_cat","embeddable":true,"href":"https:\/\/baralivres.ma\/index.php?rest_route=%2Fwp%2Fv2%2Fproduct_cat&post=15892"},{"taxonomy":"product_tag","embeddable":true,"href":"https:\/\/baralivres.ma\/index.php?rest_route=%2Fwp%2Fv2%2Fproduct_tag&post=15892"}],"curies":[{"name":"wp","href":"https:\/\/api.w.org\/{rel}","templated":true}]}}