{"id":15863,"date":"2023-10-30T12:33:20","date_gmt":"2023-10-30T11:33:20","guid":{"rendered":"https:\/\/baralivres.ma\/?post_type=product&#038;p=15863"},"modified":"2023-10-30T12:33:20","modified_gmt":"2023-10-30T11:33:20","slug":"la-douleur","status":"publish","type":"product","link":"https:\/\/baralivres.ma\/?product=la-douleur","title":{"rendered":"La douleur"},"content":{"rendered":"<p>\u00ab\u00a0Ce journal a \u00e9t\u00e9 d\u00e9couvert dans deux cahiers dissimul\u00e9s au sein des armoires bleues de Neauphle-le-Ch\u00e2teau. Je n&rsquo;ai aucun souvenir de l&rsquo;avoir r\u00e9dig\u00e9. Pourtant, en reconnaissant mon \u00e9criture et les d\u00e9tails que j&rsquo;y relate, les lieux tels que la gare d&rsquo;Orsay, les trajets, je suis convaincu que c&rsquo;est bien moi qui en suis l&rsquo;auteur. Malgr\u00e9 cela, je suis incapable de me visualiser en train d&rsquo;\u00e9crire ce journal. Quand l&rsquo;ai-je r\u00e9dig\u00e9, en quelle ann\u00e9e, \u00e0 quels moments de la journ\u00e9e, dans quelles demeures ? Toutes ces informations me sont d\u00e9sormais \u00e9trang\u00e8res. [&#8230;] Comment ai-je pu produire ce contenu que je suis encore incapable de nommer et qui m&rsquo;\u00e9pouvante \u00e0 la relecture ? De m\u00eame, comment ai-je pu abandonner ce texte pendant des ann\u00e9es dans cette r\u00e9sidence de campagne sujette \u00e0 des inondations hivernales r\u00e9guli\u00e8res ? La douleur est l&rsquo;une des exp\u00e9riences les plus marquantes de ma vie. Le terme \u00ab\u00a0\u00e9crit\u00a0\u00bb ne suffit pas \u00e0 d\u00e9crire cette r\u00e9alit\u00e9. Je me suis retrouv\u00e9 face \u00e0 des pages uniform\u00e9ment remplies d&rsquo;une \u00e9criture incroyablement r\u00e9guli\u00e8re et paisible. En m\u00eame temps, j&rsquo;ai \u00e9t\u00e9 confront\u00e9 \u00e0 un chaos consid\u00e9rable de pens\u00e9es et de sentiments que je n&rsquo;ai os\u00e9 aborder, et vis-\u00e0-vis duquel la litt\u00e9rature m&rsquo;a inspir\u00e9 de la honte.\u00a0\u00bb &#8211; Marguerite Duras<\/p>\n","protected":false},"excerpt":{"rendered":"<p>Journal trouv\u00e9, souvenirs absents, \u00e9criture mienne, \u00e9motion, honte litt\u00e9raire, douleur cruciale, inondations.<\/p>\n","protected":false},"featured_media":15871,"comment_status":"open","ping_status":"closed","template":"","meta":{"inline_featured_image":false},"product_cat":[204,143],"product_tag":[],"class_list":{"0":"post-15863","1":"product","2":"type-product","3":"status-publish","4":"has-post-thumbnail","6":"product_cat-francais","7":"product_cat-roman","8":"pa_auteurs-marguerite-duras","10":"first","11":"instock","12":"shipping-taxable","13":"purchasable","14":"product-type-simple"},"_links":{"self":[{"href":"https:\/\/baralivres.ma\/index.php?rest_route=\/wp\/v2\/product\/15863","targetHints":{"allow":["GET"]}}],"collection":[{"href":"https:\/\/baralivres.ma\/index.php?rest_route=\/wp\/v2\/product"}],"about":[{"href":"https:\/\/baralivres.ma\/index.php?rest_route=\/wp\/v2\/types\/product"}],"replies":[{"embeddable":true,"href":"https:\/\/baralivres.ma\/index.php?rest_route=%2Fwp%2Fv2%2Fcomments&post=15863"}],"version-history":[{"count":1,"href":"https:\/\/baralivres.ma\/index.php?rest_route=\/wp\/v2\/product\/15863\/revisions"}],"predecessor-version":[{"id":15872,"href":"https:\/\/baralivres.ma\/index.php?rest_route=\/wp\/v2\/product\/15863\/revisions\/15872"}],"wp:featuredmedia":[{"embeddable":true,"href":"https:\/\/baralivres.ma\/index.php?rest_route=\/wp\/v2\/media\/15871"}],"wp:attachment":[{"href":"https:\/\/baralivres.ma\/index.php?rest_route=%2Fwp%2Fv2%2Fmedia&parent=15863"}],"wp:term":[{"taxonomy":"product_cat","embeddable":true,"href":"https:\/\/baralivres.ma\/index.php?rest_route=%2Fwp%2Fv2%2Fproduct_cat&post=15863"},{"taxonomy":"product_tag","embeddable":true,"href":"https:\/\/baralivres.ma\/index.php?rest_route=%2Fwp%2Fv2%2Fproduct_tag&post=15863"}],"curies":[{"name":"wp","href":"https:\/\/api.w.org\/{rel}","templated":true}]}}