{"id":15857,"date":"2023-10-30T12:31:36","date_gmt":"2023-10-30T11:31:36","guid":{"rendered":"https:\/\/baralivres.ma\/?post_type=product&#038;p=15857"},"modified":"2023-10-30T12:31:37","modified_gmt":"2023-10-30T11:31:37","slug":"passion-simple","status":"publish","type":"product","link":"https:\/\/baralivres.ma\/?product=passion-simple","title":{"rendered":"Passion simple"},"content":{"rendered":"<p>\u00ab\u00a0D\u00e8s le mois de septembre de l&rsquo;ann\u00e9e pr\u00e9c\u00e9dente, je me suis consacr\u00e9e exclusivement \u00e0 une seule occupation : esp\u00e9rer qu&rsquo;un homme me contacte et se rende \u00e0 mon domicile.\u00a0\u00bb &#8211; Annie Ernaux.<\/p>\n","protected":false},"excerpt":{"rendered":"<p>Depuis septembre dernier, j&rsquo;ai simplement attendu un homme qui devait me t\u00e9l\u00e9phoner et venir chez moi.<\/p>\n","protected":false},"featured_media":15862,"comment_status":"open","ping_status":"closed","template":"","meta":{"inline_featured_image":false},"product_cat":[204,143],"product_tag":[],"class_list":{"0":"post-15857","1":"product","2":"type-product","3":"status-publish","4":"has-post-thumbnail","6":"product_cat-francais","7":"product_cat-roman","8":"pa_auteurs-annie-ernaux","10":"first","11":"instock","12":"shipping-taxable","13":"purchasable","14":"product-type-simple"},"_links":{"self":[{"href":"https:\/\/baralivres.ma\/index.php?rest_route=\/wp\/v2\/product\/15857","targetHints":{"allow":["GET"]}}],"collection":[{"href":"https:\/\/baralivres.ma\/index.php?rest_route=\/wp\/v2\/product"}],"about":[{"href":"https:\/\/baralivres.ma\/index.php?rest_route=\/wp\/v2\/types\/product"}],"replies":[{"embeddable":true,"href":"https:\/\/baralivres.ma\/index.php?rest_route=%2Fwp%2Fv2%2Fcomments&post=15857"}],"version-history":[{"count":1,"href":"https:\/\/baralivres.ma\/index.php?rest_route=\/wp\/v2\/product\/15857\/revisions"}],"predecessor-version":[{"id":15869,"href":"https:\/\/baralivres.ma\/index.php?rest_route=\/wp\/v2\/product\/15857\/revisions\/15869"}],"wp:featuredmedia":[{"embeddable":true,"href":"https:\/\/baralivres.ma\/index.php?rest_route=\/wp\/v2\/media\/15862"}],"wp:attachment":[{"href":"https:\/\/baralivres.ma\/index.php?rest_route=%2Fwp%2Fv2%2Fmedia&parent=15857"}],"wp:term":[{"taxonomy":"product_cat","embeddable":true,"href":"https:\/\/baralivres.ma\/index.php?rest_route=%2Fwp%2Fv2%2Fproduct_cat&post=15857"},{"taxonomy":"product_tag","embeddable":true,"href":"https:\/\/baralivres.ma\/index.php?rest_route=%2Fwp%2Fv2%2Fproduct_tag&post=15857"}],"curies":[{"name":"wp","href":"https:\/\/api.w.org\/{rel}","templated":true}]}}