{"id":15796,"date":"2023-10-30T12:09:20","date_gmt":"2023-10-30T11:09:20","guid":{"rendered":"https:\/\/baralivres.ma\/?post_type=product&#038;p=15796"},"modified":"2023-10-30T12:09:20","modified_gmt":"2023-10-30T11:09:20","slug":"histoire-du-juif-errant","status":"publish","type":"product","link":"https:\/\/baralivres.ma\/?product=histoire-du-juif-errant","title":{"rendered":"Histoire du Juif errant"},"content":{"rendered":"<p>\u00c0 Venise, pr\u00e8s de la Douane de mer, face au majestueux palais des Doges et \u00e0 la silhouette imposante de San Giorgio Maggiore, deux amoureux se retrouvent le soir pour \u00e9couter les r\u00e9cits captivants d&rsquo;un personnage \u00e9nigmatique aux multiples identit\u00e9s. Ces r\u00e9cits transportent ces jeunes gens \u00e0 travers l&rsquo;espace et le temps, d\u00e9clenchant un tourbillon d&rsquo;aventures. Ils sont plong\u00e9s dans des histoires o\u00f9 se croisent Stendhal et Christophe Colomb, des figures telles que des Chinois, des Arabes, le procurateur de Jud\u00e9e et m\u00eame des guerriers vikings. Les r\u00e9cits d\u00e9peignent des \u00e9v\u00e9nements tels que le raid isra\u00e9lien sur Entebbe, l&rsquo;invention du z\u00e9ro, les amours de Pauline Borgh\u00e8se et Les Mille et Une Nuits. Ils explorent les passions et les mis\u00e8res du monde.<\/p>\n<p>L&rsquo;homme v\u00eatu d&rsquo;un imperm\u00e9able, conteur de ces histoires fascinantes, dispara\u00eet aussi myst\u00e9rieusement qu&rsquo;il appara\u00eet. Il se dit condamn\u00e9 \u00e0 l&rsquo;immortalit\u00e9 pour avoir refus\u00e9 \u00e0 J\u00e9sus, sur le chemin de sa crucifixion, un simple verre d&rsquo;eau. Son r\u00e9cit \u00e9voque un mythe universel : celui du Juif errant. Dans les histoires de la Douane de mer, il incarne une figure singuli\u00e8re, m\u00ealant la Bible \u00e0 l&rsquo;univers de la bande dessin\u00e9e, fusionnant Hegel avec l&rsquo;esprit d&rsquo;Ars\u00e8ne Lupin. Il devient le symbole de l&rsquo;histoire des hommes, \u00e0 la fois n\u00e9cessaire et futile, souvent maudite mais pourtant irr\u00e9sistiblement empreinte de joie et de bonheur.<\/p>\n","protected":false},"excerpt":{"rendered":"<p>Venise, amour, r\u00e9cits envo\u00fbtants, myst\u00e9rieux conteur, aventures intemporelles, Juif errant, passions humaines.<\/p>\n","protected":false},"featured_media":15802,"comment_status":"open","ping_status":"closed","template":"","meta":{"inline_featured_image":false},"product_cat":[204,143],"product_tag":[],"class_list":{"0":"post-15796","1":"product","2":"type-product","3":"status-publish","4":"has-post-thumbnail","6":"product_cat-francais","7":"product_cat-roman","8":"pa_auteurs-jean-dormesson","10":"first","11":"instock","12":"shipping-taxable","13":"purchasable","14":"product-type-simple"},"_links":{"self":[{"href":"https:\/\/baralivres.ma\/index.php?rest_route=\/wp\/v2\/product\/15796","targetHints":{"allow":["GET"]}}],"collection":[{"href":"https:\/\/baralivres.ma\/index.php?rest_route=\/wp\/v2\/product"}],"about":[{"href":"https:\/\/baralivres.ma\/index.php?rest_route=\/wp\/v2\/types\/product"}],"replies":[{"embeddable":true,"href":"https:\/\/baralivres.ma\/index.php?rest_route=%2Fwp%2Fv2%2Fcomments&post=15796"}],"version-history":[{"count":1,"href":"https:\/\/baralivres.ma\/index.php?rest_route=\/wp\/v2\/product\/15796\/revisions"}],"predecessor-version":[{"id":15803,"href":"https:\/\/baralivres.ma\/index.php?rest_route=\/wp\/v2\/product\/15796\/revisions\/15803"}],"wp:featuredmedia":[{"embeddable":true,"href":"https:\/\/baralivres.ma\/index.php?rest_route=\/wp\/v2\/media\/15802"}],"wp:attachment":[{"href":"https:\/\/baralivres.ma\/index.php?rest_route=%2Fwp%2Fv2%2Fmedia&parent=15796"}],"wp:term":[{"taxonomy":"product_cat","embeddable":true,"href":"https:\/\/baralivres.ma\/index.php?rest_route=%2Fwp%2Fv2%2Fproduct_cat&post=15796"},{"taxonomy":"product_tag","embeddable":true,"href":"https:\/\/baralivres.ma\/index.php?rest_route=%2Fwp%2Fv2%2Fproduct_tag&post=15796"}],"curies":[{"name":"wp","href":"https:\/\/api.w.org\/{rel}","templated":true}]}}