{"id":15734,"date":"2023-10-30T11:40:02","date_gmt":"2023-10-30T10:40:02","guid":{"rendered":"https:\/\/baralivres.ma\/?post_type=product&#038;p=15734"},"modified":"2023-10-30T11:40:03","modified_gmt":"2023-10-30T10:40:03","slug":"paroles","status":"publish","type":"product","link":"https:\/\/baralivres.ma\/?product=paroles","title":{"rendered":"Paroles"},"content":{"rendered":"<p>L&rsquo;\u00e9l\u00e8ve rebelle refuse de fa\u00e7on \u00e9vidente avec sa t\u00eate, mais secr\u00e8tement, il approuve avec son c\u0153ur. Il adh\u00e8re \u00e0 ce qu&rsquo;il ch\u00e9rit et s&rsquo;oppose au professeur. Malgr\u00e9 son attitude debout quand on l&rsquo;interroge, il remet en question tout ce qui est pr\u00e9sent\u00e9. Soudain, pris d&rsquo;un fou rire, il d\u00e9cide de tout effacer : les chiffres, les mots, les dates, les noms, les phrases et les pi\u00e8ges. Ignorant les avertissements du professeur et les moqueries des enfants dou\u00e9s, avec des craies aux couleurs vari\u00e9es, sur l&rsquo;ardoise de la tristesse, il esquisse le visage du bonheur.<\/p>\n","protected":false},"excerpt":{"rendered":"<p>\u00c9tudiant rebelle refuse l&rsquo;autorit\u00e9, pr\u00e9f\u00e8re bonheur : efface tout pour dessiner visage heureux<\/p>\n","protected":false},"featured_media":15736,"comment_status":"open","ping_status":"closed","template":"","meta":{"inline_featured_image":false},"product_cat":[204,143],"product_tag":[],"class_list":{"0":"post-15734","1":"product","2":"type-product","3":"status-publish","4":"has-post-thumbnail","6":"product_cat-francais","7":"product_cat-roman","8":"pa_auteurs-jacques-prevert","10":"first","11":"instock","12":"shipping-taxable","13":"purchasable","14":"product-type-simple"},"_links":{"self":[{"href":"https:\/\/baralivres.ma\/index.php?rest_route=\/wp\/v2\/product\/15734","targetHints":{"allow":["GET"]}}],"collection":[{"href":"https:\/\/baralivres.ma\/index.php?rest_route=\/wp\/v2\/product"}],"about":[{"href":"https:\/\/baralivres.ma\/index.php?rest_route=\/wp\/v2\/types\/product"}],"replies":[{"embeddable":true,"href":"https:\/\/baralivres.ma\/index.php?rest_route=%2Fwp%2Fv2%2Fcomments&post=15734"}],"version-history":[{"count":1,"href":"https:\/\/baralivres.ma\/index.php?rest_route=\/wp\/v2\/product\/15734\/revisions"}],"predecessor-version":[{"id":15739,"href":"https:\/\/baralivres.ma\/index.php?rest_route=\/wp\/v2\/product\/15734\/revisions\/15739"}],"wp:featuredmedia":[{"embeddable":true,"href":"https:\/\/baralivres.ma\/index.php?rest_route=\/wp\/v2\/media\/15736"}],"wp:attachment":[{"href":"https:\/\/baralivres.ma\/index.php?rest_route=%2Fwp%2Fv2%2Fmedia&parent=15734"}],"wp:term":[{"taxonomy":"product_cat","embeddable":true,"href":"https:\/\/baralivres.ma\/index.php?rest_route=%2Fwp%2Fv2%2Fproduct_cat&post=15734"},{"taxonomy":"product_tag","embeddable":true,"href":"https:\/\/baralivres.ma\/index.php?rest_route=%2Fwp%2Fv2%2Fproduct_tag&post=15734"}],"curies":[{"name":"wp","href":"https:\/\/api.w.org\/{rel}","templated":true}]}}