{"id":15719,"date":"2023-10-30T11:32:54","date_gmt":"2023-10-30T10:32:54","guid":{"rendered":"https:\/\/baralivres.ma\/?post_type=product&#038;p=15719"},"modified":"2023-10-30T11:32:55","modified_gmt":"2023-10-30T10:32:55","slug":"lablation","status":"publish","type":"product","link":"https:\/\/baralivres.ma\/?product=lablation","title":{"rendered":"L&rsquo;ablation"},"content":{"rendered":"<p>\u00ab\u00a0En tant que t\u00e9moins attentifs, les \u00e9crivains se voient parfois confier le r\u00e9cit de vies \u00e0 immortaliser dans leurs ouvrages, jouant ainsi le r\u00f4le d&rsquo;\u00e9crivain public. Il y a deux ans, cette opportunit\u00e9 s&rsquo;est pr\u00e9sent\u00e9e \u00e0 moi lorsque mon ami, qui avait subi une op\u00e9ration de la prostate, m&rsquo;a sollicit\u00e9 pour documenter son exp\u00e9rience. J&rsquo;ai pass\u00e9 de longues heures \u00e0 l&rsquo;\u00e9couter, l&rsquo;accompagnant dans son parcours hospitalier, et d\u00e9veloppant m\u00eame une amiti\u00e9 avec son urologue. Peu \u00e0 peu, l&rsquo;id\u00e9e de cr\u00e9er un ouvrage s&rsquo;est impos\u00e9e. Un livre d&rsquo;utilit\u00e9 destin\u00e9 \u00e0 aider les hommes confront\u00e9s \u00e0 cette op\u00e9ration, ainsi que leur entourage, leurs partenaires, leurs enfants, leurs amis, qui se trouvent souvent d\u00e9munis face \u00e0 cette situation. N\u00e9anmoins, la question \u00e9pineuse se posait : fallait-il, comme le souhaitait mon ami, d\u00e9voiler tous les d\u00e9tails, tout d\u00e9crire, tout r\u00e9v\u00e9ler ? Apr\u00e8s m\u00fbre r\u00e9flexion, j&rsquo;ai fait le choix de la transparence totale.\u00a0\u00bb &#8211; Tahar Ben Jelloun<\/p>\n","protected":false},"excerpt":{"rendered":"<p>Un ami demanda \u00e0 l&rsquo;auteur de raconter son exp\u00e9rience chirurgicale de la prostate, r\u00e9sultant en un livre authentique.<\/p>\n","protected":false},"featured_media":15720,"comment_status":"open","ping_status":"closed","template":"","meta":{"inline_featured_image":false},"product_cat":[204,143],"product_tag":[],"class_list":{"0":"post-15719","1":"product","2":"type-product","3":"status-publish","4":"has-post-thumbnail","6":"product_cat-francais","7":"product_cat-roman","8":"pa_auteurs-tahar-ben-jelloun","10":"first","11":"instock","12":"shipping-taxable","13":"purchasable","14":"product-type-simple"},"_links":{"self":[{"href":"https:\/\/baralivres.ma\/index.php?rest_route=\/wp\/v2\/product\/15719","targetHints":{"allow":["GET"]}}],"collection":[{"href":"https:\/\/baralivres.ma\/index.php?rest_route=\/wp\/v2\/product"}],"about":[{"href":"https:\/\/baralivres.ma\/index.php?rest_route=\/wp\/v2\/types\/product"}],"replies":[{"embeddable":true,"href":"https:\/\/baralivres.ma\/index.php?rest_route=%2Fwp%2Fv2%2Fcomments&post=15719"}],"version-history":[{"count":1,"href":"https:\/\/baralivres.ma\/index.php?rest_route=\/wp\/v2\/product\/15719\/revisions"}],"predecessor-version":[{"id":15724,"href":"https:\/\/baralivres.ma\/index.php?rest_route=\/wp\/v2\/product\/15719\/revisions\/15724"}],"wp:featuredmedia":[{"embeddable":true,"href":"https:\/\/baralivres.ma\/index.php?rest_route=\/wp\/v2\/media\/15720"}],"wp:attachment":[{"href":"https:\/\/baralivres.ma\/index.php?rest_route=%2Fwp%2Fv2%2Fmedia&parent=15719"}],"wp:term":[{"taxonomy":"product_cat","embeddable":true,"href":"https:\/\/baralivres.ma\/index.php?rest_route=%2Fwp%2Fv2%2Fproduct_cat&post=15719"},{"taxonomy":"product_tag","embeddable":true,"href":"https:\/\/baralivres.ma\/index.php?rest_route=%2Fwp%2Fv2%2Fproduct_tag&post=15719"}],"curies":[{"name":"wp","href":"https:\/\/api.w.org\/{rel}","templated":true}]}}